{"id":37249,"date":"2025-03-26T09:43:28","date_gmt":"2025-03-26T09:43:28","guid":{"rendered":"https:\/\/visitaltotamegaebarroso.pt\/?post_type=mec-events&#038;p=37249"},"modified":"2025-03-26T09:47:13","modified_gmt":"2025-03-26T09:47:13","slug":"chaves-freiheitslauf","status":"publish","type":"mec-events","link":"https:\/\/visitaltotamegaebarroso.pt\/de\/events\/chaves-freiheitslauf\/","title":{"rendered":"Chaves | Freiheitslauf"},"content":{"rendered":"<div>Lauf f\u00fcr die Freiheit &#8211; Anmeldungen ge\u00f6ffnet!<\/div>\n<div><\/div>\n<div>Sichern Sie sich bis zum 17. April Ihren Platz beim Freiheitslauf 2025, einer Aktivit\u00e4t im Rahmen der Gedenkfeierlichkeiten zur \u201eNelkenrevolution\u201c, die von der Gemeinde Chaves in Zusammenarbeit mit dem Leichtathletikverband Vila Real gef\u00f6rdert wird.<\/div>\n<div><\/div>\n<div>Die Anmeldung ist kostenlos und kann online unter <a href=\"https:\/\/waitastart.com\/corrida-da-liberdade-25\/?fbclid=IwY2xjawJQrDFleHRuA2FlbQIxMAABHVLdofjNpj_tqVbaZSvYHtjDW7dZuQxa3yJY0sgLZTIXiEtemUQ6bo8YFQ_aem_St-e61jppbLSe81vtrSkaA\">https:\/\/waitastart.com\/corrida-da-liberdade-25\/ vorgenommen werden<\/a>.<\/div>\n","protected":false},"excerpt":{"rendered":"<p>Lauf f\u00fcr die Freiheit &#8211; Anmeldungen ge\u00f6ffnet! Sichern Sie sich bis zum 17. April Ihren Platz beim Freiheitslauf 2025, einer Aktivit\u00e4t im Rahmen der Gedenkfeierlichkeiten zur \u201eNelkenrevolution\u201c, die von der Gemeinde Chaves in Zusammenarbeit mit dem Leichtathletikverband Vila Real gef\u00f6rdert [&hellip;]<\/p>\n","protected":false},"author":5,"featured_media":37245,"comment_status":"closed","ping_status":"closed","template":"","tags":[],"mec_category":[719],"_links":{"self":[{"href":"https:\/\/visitaltotamegaebarroso.pt\/de\/wp-json\/wp\/v2\/mec-events\/37249"}],"collection":[{"href":"https:\/\/visitaltotamegaebarroso.pt\/de\/wp-json\/wp\/v2\/mec-events"}],"about":[{"href":"https:\/\/visitaltotamegaebarroso.pt\/de\/wp-json\/wp\/v2\/types\/mec-events"}],"author":[{"embeddable":true,"href":"https:\/\/visitaltotamegaebarroso.pt\/de\/wp-json\/wp\/v2\/users\/5"}],"replies":[{"embeddable":true,"href":"https:\/\/visitaltotamegaebarroso.pt\/de\/wp-json\/wp\/v2\/comments?post=37249"}],"wp:featuredmedia":[{"embeddable":true,"href":"https:\/\/visitaltotamegaebarroso.pt\/de\/wp-json\/wp\/v2\/media\/37245"}],"wp:attachment":[{"href":"https:\/\/visitaltotamegaebarroso.pt\/de\/wp-json\/wp\/v2\/media?parent=37249"}],"wp:term":[{"taxonomy":"post_tag","embeddable":true,"href":"https:\/\/visitaltotamegaebarroso.pt\/de\/wp-json\/wp\/v2\/tags?post=37249"},{"taxonomy":"mec_category","embeddable":true,"href":"https:\/\/visitaltotamegaebarroso.pt\/de\/wp-json\/wp\/v2\/mec_category?post=37249"}],"curies":[{"name":"wp","href":"https:\/\/api.w.org\/{rel}","templated":true}]}}

<div>Lauf für die Freiheit &#8211; Anmeldungen geöffnet!</div>
<div></div>
<div>Sichern Sie sich bis zum 17. April Ihren Platz beim Freiheitslauf 2025, einer Aktivität im Rahmen der Gedenkfeierlichkeiten zur „Nelkenrevolution“, die von der Gemeinde Chaves in Zusammenarbeit mit dem Leichtathletikverband Vila Real gefördert wird.</div>
<div></div>
<div>Die Anmeldung ist kostenlos und kann online unter <a href="https://waitastart.com/corrida-da-liberdade-25/?fbclid=IwY2xjawJQrDFleHRuA2FlbQIxMAABHVLdofjNpj_tqVbaZSvYHtjDW7dZuQxa3yJY0sgLZTIXiEtemUQ6bo8YFQ_aem_St-e61jppbLSe81vtrSkaA">https://waitastart.com/corrida-da-liberdade-25/ vorgenommen werden</a>.</div>

<p>Lauf für die Freiheit &#8211; Anmeldungen geöffnet! Sichern Sie sich bis zum 17. April Ihren Platz beim Freiheitslauf 2025, einer Aktivität im Rahmen der Gedenkfeierlichkeiten zur „Nelkenrevolution“, die von der Gemeinde Chaves in Zusammenarbeit mit dem Leichtathletikverband Vila Real gefördert [&hellip;]</p>
