{"id":37219,"date":"2025-03-25T15:04:29","date_gmt":"2025-03-25T15:04:29","guid":{"rendered":"https:\/\/visitaltotamegaebarroso.pt\/events\/chaves-aquanatur-palace-eroeffnung\/"},"modified":"2025-03-25T15:04:29","modified_gmt":"2025-03-25T15:04:29","slug":"chaves-aquanatur-palace-eroeffnung","status":"publish","type":"mec-events","link":"https:\/\/visitaltotamegaebarroso.pt\/de\/events\/chaves-aquanatur-palace-eroeffnung\/","title":{"rendered":"Chaves | Aquanatur Palace Er\u00f6ffnung"},"content":{"rendered":"<p>Der \u201eAquanatur-Palast\u201c \u00f6ffnet seine T\u00fcren am 28. und 29. M\u00e4rz, Freitag und Samstag, um 21 Uhr. Diese einzigartige und innovative Einrichtung soll eine Hommage an die Bedeutung sein, die das Thermalwasser in Chaves im Laufe der Jahrhunderte, von der R\u00f6merzeit bis heute, hatte. Die Besucher k\u00f6nnen dort eine Reihe von Erlebnissen rund um das Wasser genie\u00dfen.<\/p>\n<p>Zur Er\u00f6ffnung finden am Freitag, den 28. und Samstag, den 29. zwei kulturelle Veranstaltungen statt, die vom Blasorchester der Akademie der K\u00fcnste von Chaves und dem Tanzstudio FORMA &#8211; Chaves aufgef\u00fchrt werden. Der Eintritt ist frei, aber es m\u00fcssen Eintrittskarten erworben werden, die ab morgen in der Stadtbibliothek und im Fremdenverkehrsb\u00fcro Alto T\u00e2mega e Barroso erh\u00e4ltlich sind.<\/p>\n<p>Vollst\u00e4ndiger Bericht unter <a href=\"https:\/\/www.chaves.pt\/pages\/314?news_id=2924\">https:\/\/www.chaves.pt\/pages\/314?news_id=2924<\/a><\/p>\n","protected":false},"excerpt":{"rendered":"<p>Der \u201eAquanatur-Palast\u201c \u00f6ffnet seine T\u00fcren am 28. und 29. M\u00e4rz, Freitag und Samstag, um 21 Uhr. Diese einzigartige und innovative Einrichtung soll eine Hommage an die Bedeutung sein, die das Thermalwasser in Chaves im Laufe der Jahrhunderte, von der R\u00f6merzeit [&hellip;]<\/p>\n","protected":false},"author":5,"featured_media":37215,"comment_status":"closed","ping_status":"closed","template":"","tags":[],"mec_category":[717],"_links":{"self":[{"href":"https:\/\/visitaltotamegaebarroso.pt\/de\/wp-json\/wp\/v2\/mec-events\/37219"}],"collection":[{"href":"https:\/\/visitaltotamegaebarroso.pt\/de\/wp-json\/wp\/v2\/mec-events"}],"about":[{"href":"https:\/\/visitaltotamegaebarroso.pt\/de\/wp-json\/wp\/v2\/types\/mec-events"}],"author":[{"embeddable":true,"href":"https:\/\/visitaltotamegaebarroso.pt\/de\/wp-json\/wp\/v2\/users\/5"}],"replies":[{"embeddable":true,"href":"https:\/\/visitaltotamegaebarroso.pt\/de\/wp-json\/wp\/v2\/comments?post=37219"}],"wp:featuredmedia":[{"embeddable":true,"href":"https:\/\/visitaltotamegaebarroso.pt\/de\/wp-json\/wp\/v2\/media\/37215"}],"wp:attachment":[{"href":"https:\/\/visitaltotamegaebarroso.pt\/de\/wp-json\/wp\/v2\/media?parent=37219"}],"wp:term":[{"taxonomy":"post_tag","embeddable":true,"href":"https:\/\/visitaltotamegaebarroso.pt\/de\/wp-json\/wp\/v2\/tags?post=37219"},{"taxonomy":"mec_category","embeddable":true,"href":"https:\/\/visitaltotamegaebarroso.pt\/de\/wp-json\/wp\/v2\/mec_category?post=37219"}],"curies":[{"name":"wp","href":"https:\/\/api.w.org\/{rel}","templated":true}]}}

Chaves | Aquanatur Palace Eröffnung

<p>Der „Aquanatur-Palast“ öffnet seine Türen am 28. und 29. März, Freitag und Samstag, um 21 Uhr. Diese einzigartige und innovative Einrichtung soll eine Hommage an die Bedeutung sein, die das Thermalwasser in Chaves im Laufe der Jahrhunderte, von der Römerzeit bis heute, hatte. Die Besucher können dort eine Reihe von Erlebnissen rund um das Wasser genießen.</p>
<p>Zur Eröffnung finden am Freitag, den 28. und Samstag, den 29. zwei kulturelle Veranstaltungen statt, die vom Blasorchester der Akademie der Künste von Chaves und dem Tanzstudio FORMA &#8211; Chaves aufgeführt werden. Der Eintritt ist frei, aber es müssen Eintrittskarten erworben werden, die ab morgen in der Stadtbibliothek und im Fremdenverkehrsbüro Alto Tâmega e Barroso erhältlich sind.</p>
<p>Vollständiger Bericht unter <a href="https://www.chaves.pt/pages/314?news_id=2924">https://www.chaves.pt/pages/314?news_id=2924</a></p>

<p>Der „Aquanatur-Palast“ öffnet seine Türen am 28. und 29. März, Freitag und Samstag, um 21 Uhr. Diese einzigartige und innovative Einrichtung soll eine Hommage an die Bedeutung sein, die das Thermalwasser in Chaves im Laufe der Jahrhunderte, von der Römerzeit [&hellip;]</p>
