{"id":37130,"date":"2025-03-21T09:48:04","date_gmt":"2025-03-21T09:48:04","guid":{"rendered":"https:\/\/visitaltotamegaebarroso.pt\/?post_type=mec-events&#038;p=37130"},"modified":"2025-03-21T09:52:48","modified_gmt":"2025-03-21T09:52:48","slug":"vila-pouca-de-aguiar-pedras-sounds-festival","status":"publish","type":"mec-events","link":"https:\/\/visitaltotamegaebarroso.pt\/de\/events\/vila-pouca-de-aguiar-pedras-sounds-festival\/","title":{"rendered":"Vila Pouca de Aguiar | Pedras Sounds Festival"},"content":{"rendered":"<p>ES IST AMTLICH!<br \/>\nPedras Sounds 2025 ist da!<br \/>\nMachen Sie sich bereit f\u00fcr zwei Tage voller Unterhaltung und Musik in Pedras Salgadas!<br \/>\nAm 15. und 16. August findet das gr\u00f6\u00dfte Musikfestival in Tr\u00e1s-os-Montes statt!<br \/>\nPedras Sounds 2025 verspricht episch zu werden, mit der gr\u00f6\u00dften Themenparty von den 80ern bis zu den 2000ern, zwei N\u00e4chte, die alle Generationen begeistern werden<br \/>\nSeien Sie bei diesem Fest der Musik und der Natur dabei!<\/p>\n<p>&nbsp;<\/p>\n<p>Kaufen Sie Ihr Armband jetzt unter <a href=\"https:\/\/3cket.com\/event\/pedras-sounds-festival-2025\/pedrassoundslp\">https:\/\/3cket.com\/event\/pedras-sounds-festival-2025\/pedrassoundslp<\/a><\/p>\n","protected":false},"excerpt":{"rendered":"<p>ES IST AMTLICH! Pedras Sounds 2025 ist da! Machen Sie sich bereit f\u00fcr zwei Tage voller Unterhaltung und Musik in Pedras Salgadas! Am 15. und 16. August findet das gr\u00f6\u00dfte Musikfestival in Tr\u00e1s-os-Montes statt! Pedras Sounds 2025 verspricht episch zu [&hellip;]<\/p>\n","protected":false},"author":5,"featured_media":37126,"comment_status":"closed","ping_status":"closed","template":"","tags":[],"mec_category":[1444],"_links":{"self":[{"href":"https:\/\/visitaltotamegaebarroso.pt\/de\/wp-json\/wp\/v2\/mec-events\/37130"}],"collection":[{"href":"https:\/\/visitaltotamegaebarroso.pt\/de\/wp-json\/wp\/v2\/mec-events"}],"about":[{"href":"https:\/\/visitaltotamegaebarroso.pt\/de\/wp-json\/wp\/v2\/types\/mec-events"}],"author":[{"embeddable":true,"href":"https:\/\/visitaltotamegaebarroso.pt\/de\/wp-json\/wp\/v2\/users\/5"}],"replies":[{"embeddable":true,"href":"https:\/\/visitaltotamegaebarroso.pt\/de\/wp-json\/wp\/v2\/comments?post=37130"}],"wp:featuredmedia":[{"embeddable":true,"href":"https:\/\/visitaltotamegaebarroso.pt\/de\/wp-json\/wp\/v2\/media\/37126"}],"wp:attachment":[{"href":"https:\/\/visitaltotamegaebarroso.pt\/de\/wp-json\/wp\/v2\/media?parent=37130"}],"wp:term":[{"taxonomy":"post_tag","embeddable":true,"href":"https:\/\/visitaltotamegaebarroso.pt\/de\/wp-json\/wp\/v2\/tags?post=37130"},{"taxonomy":"mec_category","embeddable":true,"href":"https:\/\/visitaltotamegaebarroso.pt\/de\/wp-json\/wp\/v2\/mec_category?post=37130"}],"curies":[{"name":"wp","href":"https:\/\/api.w.org\/{rel}","templated":true}]}}

<p>ES IST AMTLICH!<br />
Pedras Sounds 2025 ist da!<br />
Machen Sie sich bereit für zwei Tage voller Unterhaltung und Musik in Pedras Salgadas!<br />
Am 15. und 16. August findet das größte Musikfestival in Trás-os-Montes statt!<br />
Pedras Sounds 2025 verspricht episch zu werden, mit der größten Themenparty von den 80ern bis zu den 2000ern, zwei Nächte, die alle Generationen begeistern werden<br />
Seien Sie bei diesem Fest der Musik und der Natur dabei!</p>
<p>&nbsp;</p>
<p>Kaufen Sie Ihr Armband jetzt unter <a href="https://3cket.com/event/pedras-sounds-festival-2025/pedrassoundslp">https://3cket.com/event/pedras-sounds-festival-2025/pedrassoundslp</a></p>

<p>ES IST AMTLICH! Pedras Sounds 2025 ist da! Machen Sie sich bereit für zwei Tage voller Unterhaltung und Musik in Pedras Salgadas! Am 15. und 16. August findet das größte Musikfestival in Trás-os-Montes statt! Pedras Sounds 2025 verspricht episch zu [&hellip;]</p>
