{"id":36755,"date":"2025-03-02T12:15:13","date_gmt":"2025-03-02T12:15:13","guid":{"rendered":"https:\/\/visitaltotamegaebarroso.pt\/?post_type=mec-events&#038;p=36755"},"modified":"2025-03-02T12:22:15","modified_gmt":"2025-03-02T12:22:15","slug":"montalegre-wooden-masks-von-daniel-amaro","status":"publish","type":"mec-events","link":"https:\/\/visitaltotamegaebarroso.pt\/de\/events\/montalegre-wooden-masks-von-daniel-amaro\/","title":{"rendered":"Montalegre | Wooden Masks\u201c von Daniel Amaro"},"content":{"rendered":"<p>Ab dem 1. M\u00e4rz wird im Ecomuseu de Barroso &#8211; Corte do Boi in Pit\u00f5es das J\u00fanias die Ausstellung \u201eWooden Masks\u201c von Daniel Amaro gezeigt.<\/p>\n","protected":false},"excerpt":{"rendered":"<p>Ab dem 1. M\u00e4rz wird im Ecomuseu de Barroso &#8211; Corte do Boi in Pit\u00f5es das J\u00fanias die Ausstellung \u201eWooden Masks\u201c von Daniel Amaro gezeigt.<\/p>\n","protected":false},"author":5,"featured_media":36751,"comment_status":"closed","ping_status":"closed","template":"","tags":[],"mec_category":[717],"_links":{"self":[{"href":"https:\/\/visitaltotamegaebarroso.pt\/de\/wp-json\/wp\/v2\/mec-events\/36755"}],"collection":[{"href":"https:\/\/visitaltotamegaebarroso.pt\/de\/wp-json\/wp\/v2\/mec-events"}],"about":[{"href":"https:\/\/visitaltotamegaebarroso.pt\/de\/wp-json\/wp\/v2\/types\/mec-events"}],"author":[{"embeddable":true,"href":"https:\/\/visitaltotamegaebarroso.pt\/de\/wp-json\/wp\/v2\/users\/5"}],"replies":[{"embeddable":true,"href":"https:\/\/visitaltotamegaebarroso.pt\/de\/wp-json\/wp\/v2\/comments?post=36755"}],"wp:featuredmedia":[{"embeddable":true,"href":"https:\/\/visitaltotamegaebarroso.pt\/de\/wp-json\/wp\/v2\/media\/36751"}],"wp:attachment":[{"href":"https:\/\/visitaltotamegaebarroso.pt\/de\/wp-json\/wp\/v2\/media?parent=36755"}],"wp:term":[{"taxonomy":"post_tag","embeddable":true,"href":"https:\/\/visitaltotamegaebarroso.pt\/de\/wp-json\/wp\/v2\/tags?post=36755"},{"taxonomy":"mec_category","embeddable":true,"href":"https:\/\/visitaltotamegaebarroso.pt\/de\/wp-json\/wp\/v2\/mec_category?post=36755"}],"curies":[{"name":"wp","href":"https:\/\/api.w.org\/{rel}","templated":true}]}}

<p>Ab dem 1. März wird im Ecomuseu de Barroso &#8211; Corte do Boi in Pitões das Júnias die Ausstellung „Wooden Masks“ von Daniel Amaro gezeigt.</p>
