{"id":36538,"date":"2025-02-20T11:46:21","date_gmt":"2025-02-20T11:46:21","guid":{"rendered":"https:\/\/visitaltotamegaebarroso.pt\/events\/vila-pouca-de-aguiar-karnevalsfeier\/"},"modified":"2025-02-20T11:46:21","modified_gmt":"2025-02-20T11:46:21","slug":"vila-pouca-de-aguiar-karnevalsfeier","status":"publish","type":"mec-events","link":"https:\/\/visitaltotamegaebarroso.pt\/de\/events\/vila-pouca-de-aguiar-karnevalsfeier\/","title":{"rendered":"Vila Pouca de Aguiar | Karnevalsfeier"},"content":{"rendered":"<p>Die Party geht am Dienstag, den 4. M\u00e4rz, weiter, diesmal auf dem st\u00e4dtischen Markt von Vila Pouca de Aguiar, von 14.30 Uhr bis 18.30 Uhr und bei freiem Eintritt.<br \/>\nEs gibt Unterhaltung f\u00fcr alle Altersgruppen mit einem DJ, H\u00fcpfburgen, Zirkusaktivit\u00e4ten, Gesichtsbemalung, Luftballonmodellieren, einem Maskenworkshop, Spielen, einer Video- und Fotokabine, Go-Karts und, um den Mund zu vers\u00fc\u00dfen: Popcorn und Zuckerwatte.<br \/>\nDie J\u00fcngsten d\u00fcrfen auch ihre lustigste Verkleidung mitbringen, denn es wird einen Wettbewerb um die beste Verkleidung geben, die von einer Jury ausgew\u00e4hlt wird.<\/p>\n","protected":false},"excerpt":{"rendered":"<p>Die Party geht am Dienstag, den 4. M\u00e4rz, weiter, diesmal auf dem st\u00e4dtischen Markt von Vila Pouca de Aguiar, von 14.30 Uhr bis 18.30 Uhr und bei freiem Eintritt. Es gibt Unterhaltung f\u00fcr alle Altersgruppen mit einem DJ, H\u00fcpfburgen, Zirkusaktivit\u00e4ten, [&hellip;]<\/p>\n","protected":false},"author":5,"featured_media":36534,"comment_status":"closed","ping_status":"closed","template":"","tags":[],"mec_category":[717],"_links":{"self":[{"href":"https:\/\/visitaltotamegaebarroso.pt\/de\/wp-json\/wp\/v2\/mec-events\/36538"}],"collection":[{"href":"https:\/\/visitaltotamegaebarroso.pt\/de\/wp-json\/wp\/v2\/mec-events"}],"about":[{"href":"https:\/\/visitaltotamegaebarroso.pt\/de\/wp-json\/wp\/v2\/types\/mec-events"}],"author":[{"embeddable":true,"href":"https:\/\/visitaltotamegaebarroso.pt\/de\/wp-json\/wp\/v2\/users\/5"}],"replies":[{"embeddable":true,"href":"https:\/\/visitaltotamegaebarroso.pt\/de\/wp-json\/wp\/v2\/comments?post=36538"}],"wp:featuredmedia":[{"embeddable":true,"href":"https:\/\/visitaltotamegaebarroso.pt\/de\/wp-json\/wp\/v2\/media\/36534"}],"wp:attachment":[{"href":"https:\/\/visitaltotamegaebarroso.pt\/de\/wp-json\/wp\/v2\/media?parent=36538"}],"wp:term":[{"taxonomy":"post_tag","embeddable":true,"href":"https:\/\/visitaltotamegaebarroso.pt\/de\/wp-json\/wp\/v2\/tags?post=36538"},{"taxonomy":"mec_category","embeddable":true,"href":"https:\/\/visitaltotamegaebarroso.pt\/de\/wp-json\/wp\/v2\/mec_category?post=36538"}],"curies":[{"name":"wp","href":"https:\/\/api.w.org\/{rel}","templated":true}]}}

<p>Die Party geht am Dienstag, den 4. März, weiter, diesmal auf dem städtischen Markt von Vila Pouca de Aguiar, von 14.30 Uhr bis 18.30 Uhr und bei freiem Eintritt.<br />
Es gibt Unterhaltung für alle Altersgruppen mit einem DJ, Hüpfburgen, Zirkusaktivitäten, Gesichtsbemalung, Luftballonmodellieren, einem Maskenworkshop, Spielen, einer Video- und Fotokabine, Go-Karts und, um den Mund zu versüßen: Popcorn und Zuckerwatte.<br />
Die Jüngsten dürfen auch ihre lustigste Verkleidung mitbringen, denn es wird einen Wettbewerb um die beste Verkleidung geben, die von einer Jury ausgewählt wird.</p>

<p>Die Party geht am Dienstag, den 4. März, weiter, diesmal auf dem städtischen Markt von Vila Pouca de Aguiar, von 14.30 Uhr bis 18.30 Uhr und bei freiem Eintritt. Es gibt Unterhaltung für alle Altersgruppen mit einem DJ, Hüpfburgen, Zirkusaktivitäten, [&hellip;]</p>
