{"id":36508,"date":"2025-02-19T16:02:15","date_gmt":"2025-02-19T16:02:15","guid":{"rendered":"https:\/\/visitaltotamegaebarroso.pt\/events\/valpacos-mandelbluetenwanderung\/"},"modified":"2025-02-19T16:02:15","modified_gmt":"2025-02-19T16:02:15","slug":"valpacos-mandelbluetenwanderung","status":"publish","type":"mec-events","link":"https:\/\/visitaltotamegaebarroso.pt\/de\/events\/valpacos-mandelbluetenwanderung\/","title":{"rendered":"Valpa\u00e7os | Mandelbl\u00fctenwanderung"},"content":{"rendered":"<p>Der Spaziergang \u201e\ud835\udc68\ud835\udc8e\ud835\udc86\ud835\udc8f\ud835\udc85\ud835\udc90\ud835\udc86\ud835\udc8a\ud835\udc93\ud835\udc82\ud835\udc94 \ud835\udc86\ud835\udc8e \ud835\udc6d\ud835\udc8d\ud835\udc90\ud835\udc93\u201c, Teil des \ud835\udc7d\ud835\udc70\ud835\udc70 \ud835\udc6d\ud835\udc86\ud835\udc94\ud835\udc95\ud835\udc82 \ud835\udc85\ud835\udc90 \ud835\udc69\ud835\udc90\ud835\udc8d\ud835\udc90 \ud835\udc77\ud835\udc90\ud835\udc85\ud835\udc93\ud835\udc86 &#8211; \ud835\udc77\ud835\udc93\ud835\udc90\ud835\udc85\ud835\udc96\ud835\udc95\ud835\udc90\ud835\udc94 \ud835\udc86 \ud835\udc7a\ud835\udc82\ud835\udc83\ud835\udc90\ud835\udc93\ud835\udc86\ud835\udc94, von Santa Maria de \u00c9meres, findet am 9. M\u00e4rz um 9.30 Uhr statt und umfasst drei Rundwege.<\/p>\n<p>Eine Reise durch die sch\u00f6nsten Landschaften der Gemeinde, die die Ankunft des Fr\u00fchlings einl\u00e4utet&#8230;<\/p>\n<p>Anmeldung an diesem Tag und am Abfahrtsort oder per E-Mail an amendoeirasemflor2023@gmail.com<\/p>\n","protected":false},"excerpt":{"rendered":"<p>Der Spaziergang \u201e\ud835\udc68\ud835\udc8e\ud835\udc86\ud835\udc8f\ud835\udc85\ud835\udc90\ud835\udc86\ud835\udc8a\ud835\udc93\ud835\udc82\ud835\udc94 \ud835\udc86\ud835\udc8e \ud835\udc6d\ud835\udc8d\ud835\udc90\ud835\udc93\u201c, Teil des \ud835\udc7d\ud835\udc70\ud835\udc70 \ud835\udc6d\ud835\udc86\ud835\udc94\ud835\udc95\ud835\udc82 \ud835\udc85\ud835\udc90 \ud835\udc69\ud835\udc90\ud835\udc8d\ud835\udc90 \ud835\udc77\ud835\udc90\ud835\udc85\ud835\udc93\ud835\udc86 &#8211; \ud835\udc77\ud835\udc93\ud835\udc90\ud835\udc85\ud835\udc96\ud835\udc95\ud835\udc90\ud835\udc94 \ud835\udc86 \ud835\udc7a\ud835\udc82\ud835\udc83\ud835\udc90\ud835\udc93\ud835\udc86\ud835\udc94, von Santa Maria de \u00c9meres, findet am 9. M\u00e4rz um 9.30 Uhr statt und umfasst drei Rundwege. Eine Reise durch die sch\u00f6nsten Landschaften der [&hellip;]<\/p>\n","protected":false},"author":5,"featured_media":36504,"comment_status":"closed","ping_status":"closed","template":"","tags":[],"mec_category":[719],"_links":{"self":[{"href":"https:\/\/visitaltotamegaebarroso.pt\/de\/wp-json\/wp\/v2\/mec-events\/36508"}],"collection":[{"href":"https:\/\/visitaltotamegaebarroso.pt\/de\/wp-json\/wp\/v2\/mec-events"}],"about":[{"href":"https:\/\/visitaltotamegaebarroso.pt\/de\/wp-json\/wp\/v2\/types\/mec-events"}],"author":[{"embeddable":true,"href":"https:\/\/visitaltotamegaebarroso.pt\/de\/wp-json\/wp\/v2\/users\/5"}],"replies":[{"embeddable":true,"href":"https:\/\/visitaltotamegaebarroso.pt\/de\/wp-json\/wp\/v2\/comments?post=36508"}],"wp:featuredmedia":[{"embeddable":true,"href":"https:\/\/visitaltotamegaebarroso.pt\/de\/wp-json\/wp\/v2\/media\/36504"}],"wp:attachment":[{"href":"https:\/\/visitaltotamegaebarroso.pt\/de\/wp-json\/wp\/v2\/media?parent=36508"}],"wp:term":[{"taxonomy":"post_tag","embeddable":true,"href":"https:\/\/visitaltotamegaebarroso.pt\/de\/wp-json\/wp\/v2\/tags?post=36508"},{"taxonomy":"mec_category","embeddable":true,"href":"https:\/\/visitaltotamegaebarroso.pt\/de\/wp-json\/wp\/v2\/mec_category?post=36508"}],"curies":[{"name":"wp","href":"https:\/\/api.w.org\/{rel}","templated":true}]}}

Valpaços | Mandelblütenwanderung

<p>Der Spaziergang „𝑨𝒎𝒆𝒏𝒅𝒐𝒆𝒊𝒓𝒂𝒔 𝒆𝒎 𝑭𝒍𝒐𝒓“, Teil des 𝑽𝑰𝑰 𝑭𝒆𝒔𝒕𝒂 𝒅𝒐 𝑩𝒐𝒍𝒐 𝑷𝒐𝒅𝒓𝒆 &#8211; 𝑷𝒓𝒐𝒅𝒖𝒕𝒐𝒔 𝒆 𝑺𝒂𝒃𝒐𝒓𝒆𝒔, von Santa Maria de Émeres, findet am 9. März um 9.30 Uhr statt und umfasst drei Rundwege.</p>
<p>Eine Reise durch die schönsten Landschaften der Gemeinde, die die Ankunft des Frühlings einläutet&#8230;</p>
<p>Anmeldung an diesem Tag und am Abfahrtsort oder per E-Mail an amendoeirasemflor2023@gmail.com</p>

<p>Der Spaziergang „𝑨𝒎𝒆𝒏𝒅𝒐𝒆𝒊𝒓𝒂𝒔 𝒆𝒎 𝑭𝒍𝒐𝒓“, Teil des 𝑽𝑰𝑰 𝑭𝒆𝒔𝒕𝒂 𝒅𝒐 𝑩𝒐𝒍𝒐 𝑷𝒐𝒅𝒓𝒆 &#8211; 𝑷𝒓𝒐𝒅𝒖𝒕𝒐𝒔 𝒆 𝑺𝒂𝒃𝒐𝒓𝒆𝒔, von Santa Maria de Émeres, findet am 9. März um 9.30 Uhr statt und umfasst drei Rundwege. Eine Reise durch die schönsten Landschaften der [&hellip;]</p>
