{"id":36216,"date":"2025-01-30T12:23:26","date_gmt":"2025-01-30T12:23:26","guid":{"rendered":"https:\/\/visitaltotamegaebarroso.pt\/events\/valpacos-ich-bin-noch-da\/"},"modified":"2025-01-30T12:23:26","modified_gmt":"2025-01-30T12:23:26","slug":"valpacos-ich-bin-noch-da","status":"publish","type":"mec-events","link":"https:\/\/visitaltotamegaebarroso.pt\/de\/events\/valpacos-ich-bin-noch-da\/","title":{"rendered":"Valpa\u00e7os | Ich bin noch da"},"content":{"rendered":"<p>Kino (M12) | Rio de Janeiro, 70er Jahre. Brasilien ist mit der zunehmenden H\u00e4rte der Milit\u00e4rdiktatur konfrontiert. Eunice Paiva, eine Mutter von f\u00fcnf Kindern, ist gezwungen, ihr Leben neu zu erfinden, nachdem ihre Familie Opfer eines gewaltt\u00e4tigen und willk\u00fcrlichen Akts der Milit\u00e4rregierung geworden ist.<\/p>\n<p>Ein 136-min\u00fctiger Film, der am kommenden Freitag, 31. Januar, um 21 Uhr im Auditorium f\u00fcr Kunst und Kultur Lu\u00eds Teixeira gezeigt wird.<\/p>\n","protected":false},"excerpt":{"rendered":"<p>Kino (M12) | Rio de Janeiro, 70er Jahre. Brasilien ist mit der zunehmenden H\u00e4rte der Milit\u00e4rdiktatur konfrontiert. Eunice Paiva, eine Mutter von f\u00fcnf Kindern, ist gezwungen, ihr Leben neu zu erfinden, nachdem ihre Familie Opfer eines gewaltt\u00e4tigen und willk\u00fcrlichen Akts [&hellip;]<\/p>\n","protected":false},"author":5,"featured_media":36212,"comment_status":"closed","ping_status":"closed","template":"","tags":[],"mec_category":[1315],"_links":{"self":[{"href":"https:\/\/visitaltotamegaebarroso.pt\/de\/wp-json\/wp\/v2\/mec-events\/36216"}],"collection":[{"href":"https:\/\/visitaltotamegaebarroso.pt\/de\/wp-json\/wp\/v2\/mec-events"}],"about":[{"href":"https:\/\/visitaltotamegaebarroso.pt\/de\/wp-json\/wp\/v2\/types\/mec-events"}],"author":[{"embeddable":true,"href":"https:\/\/visitaltotamegaebarroso.pt\/de\/wp-json\/wp\/v2\/users\/5"}],"replies":[{"embeddable":true,"href":"https:\/\/visitaltotamegaebarroso.pt\/de\/wp-json\/wp\/v2\/comments?post=36216"}],"wp:featuredmedia":[{"embeddable":true,"href":"https:\/\/visitaltotamegaebarroso.pt\/de\/wp-json\/wp\/v2\/media\/36212"}],"wp:attachment":[{"href":"https:\/\/visitaltotamegaebarroso.pt\/de\/wp-json\/wp\/v2\/media?parent=36216"}],"wp:term":[{"taxonomy":"post_tag","embeddable":true,"href":"https:\/\/visitaltotamegaebarroso.pt\/de\/wp-json\/wp\/v2\/tags?post=36216"},{"taxonomy":"mec_category","embeddable":true,"href":"https:\/\/visitaltotamegaebarroso.pt\/de\/wp-json\/wp\/v2\/mec_category?post=36216"}],"curies":[{"name":"wp","href":"https:\/\/api.w.org\/{rel}","templated":true}]}}

Valpaços | Ich bin noch da

<p>Kino (M12) | Rio de Janeiro, 70er Jahre. Brasilien ist mit der zunehmenden Härte der Militärdiktatur konfrontiert. Eunice Paiva, eine Mutter von fünf Kindern, ist gezwungen, ihr Leben neu zu erfinden, nachdem ihre Familie Opfer eines gewalttätigen und willkürlichen Akts der Militärregierung geworden ist.</p>
<p>Ein 136-minütiger Film, der am kommenden Freitag, 31. Januar, um 21 Uhr im Auditorium für Kunst und Kultur Luís Teixeira gezeigt wird.</p>

<p>Kino (M12) | Rio de Janeiro, 70er Jahre. Brasilien ist mit der zunehmenden Härte der Militärdiktatur konfrontiert. Eunice Paiva, eine Mutter von fünf Kindern, ist gezwungen, ihr Leben neu zu erfinden, nachdem ihre Familie Opfer eines gewalttätigen und willkürlichen Akts [&hellip;]</p>
