{"id":35997,"date":"2025-01-24T14:33:46","date_gmt":"2025-01-24T14:33:46","guid":{"rendered":"https:\/\/visitaltotamegaebarroso.pt\/events\/chaves-5-treffen-der-janeiras-saenger\/"},"modified":"2025-01-24T14:33:46","modified_gmt":"2025-01-24T14:33:46","slug":"chaves-5-treffen-der-janeiras-saenger","status":"publish","type":"mec-events","link":"https:\/\/visitaltotamegaebarroso.pt\/de\/events\/chaves-5-treffen-der-janeiras-saenger\/","title":{"rendered":"Chaves | 5. Treffen der Janeiras-S\u00e4nger"},"content":{"rendered":"<p>Am 5. Treffen der Janeiras-S\u00e4nger nehmen 11 Gesangsgruppen an einer der sch\u00f6nsten Traditionen zu Beginn des Jahres teil. Ziel der Veranstaltung ist es, die Gesangsgruppen der Region bei der Bev\u00f6lkerung von Flavi und der breiten \u00d6ffentlichkeit bekannt zu machen, damit dieses reiche kulturelle Erbe nicht auf der Strecke bleibt.<\/p>\n<p>Lesen Sie die ganze Geschichte unter <a href=\"https:\/\/www.chaves.pt\/pages\/314?news_id=2862\">https:\/\/www.chaves.pt\/pages\/314?news_id=2862<\/a><\/p>\n","protected":false},"excerpt":{"rendered":"<p>Am 5. Treffen der Janeiras-S\u00e4nger nehmen 11 Gesangsgruppen an einer der sch\u00f6nsten Traditionen zu Beginn des Jahres teil. Ziel der Veranstaltung ist es, die Gesangsgruppen der Region bei der Bev\u00f6lkerung von Flavi und der breiten \u00d6ffentlichkeit bekannt zu machen, damit [&hellip;]<\/p>\n","protected":false},"author":5,"featured_media":35993,"comment_status":"closed","ping_status":"closed","template":"","tags":[],"mec_category":[1444],"_links":{"self":[{"href":"https:\/\/visitaltotamegaebarroso.pt\/de\/wp-json\/wp\/v2\/mec-events\/35997"}],"collection":[{"href":"https:\/\/visitaltotamegaebarroso.pt\/de\/wp-json\/wp\/v2\/mec-events"}],"about":[{"href":"https:\/\/visitaltotamegaebarroso.pt\/de\/wp-json\/wp\/v2\/types\/mec-events"}],"author":[{"embeddable":true,"href":"https:\/\/visitaltotamegaebarroso.pt\/de\/wp-json\/wp\/v2\/users\/5"}],"replies":[{"embeddable":true,"href":"https:\/\/visitaltotamegaebarroso.pt\/de\/wp-json\/wp\/v2\/comments?post=35997"}],"wp:featuredmedia":[{"embeddable":true,"href":"https:\/\/visitaltotamegaebarroso.pt\/de\/wp-json\/wp\/v2\/media\/35993"}],"wp:attachment":[{"href":"https:\/\/visitaltotamegaebarroso.pt\/de\/wp-json\/wp\/v2\/media?parent=35997"}],"wp:term":[{"taxonomy":"post_tag","embeddable":true,"href":"https:\/\/visitaltotamegaebarroso.pt\/de\/wp-json\/wp\/v2\/tags?post=35997"},{"taxonomy":"mec_category","embeddable":true,"href":"https:\/\/visitaltotamegaebarroso.pt\/de\/wp-json\/wp\/v2\/mec_category?post=35997"}],"curies":[{"name":"wp","href":"https:\/\/api.w.org\/{rel}","templated":true}]}}

Chaves | 5. Treffen der Janeiras-Sänger

<p>Am 5. Treffen der Janeiras-Sänger nehmen 11 Gesangsgruppen an einer der schönsten Traditionen zu Beginn des Jahres teil. Ziel der Veranstaltung ist es, die Gesangsgruppen der Region bei der Bevölkerung von Flavi und der breiten Öffentlichkeit bekannt zu machen, damit dieses reiche kulturelle Erbe nicht auf der Strecke bleibt.</p>
<p>Lesen Sie die ganze Geschichte unter <a href="https://www.chaves.pt/pages/314?news_id=2862">https://www.chaves.pt/pages/314?news_id=2862</a></p>

<p>Am 5. Treffen der Janeiras-Sänger nehmen 11 Gesangsgruppen an einer der schönsten Traditionen zu Beginn des Jahres teil. Ziel der Veranstaltung ist es, die Gesangsgruppen der Region bei der Bevölkerung von Flavi und der breiten Öffentlichkeit bekannt zu machen, damit [&hellip;]</p>
