{"id":35926,"date":"2025-01-23T11:54:42","date_gmt":"2025-01-23T11:54:42","guid":{"rendered":"https:\/\/visitaltotamegaebarroso.pt\/events\/chaves-maria\/"},"modified":"2025-01-23T11:54:42","modified_gmt":"2025-01-23T11:54:42","slug":"chaves-maria","status":"publish","type":"mec-events","link":"https:\/\/visitaltotamegaebarroso.pt\/de\/events\/chaves-maria\/","title":{"rendered":"Chaves | Maria"},"content":{"rendered":"<p>Maria Callas, die gr\u00f6\u00dfte Operns\u00e4ngerin der Welt, verbringt die letzten Tage ihres Lebens im Paris der 1970er Jahre, w\u00e4hrend sie sich mit ihrer Identit\u00e4t und ihrem Leben auseinandersetzt.<\/p>\n<p>Eintrittskarte: 5 \u20ac.<\/p>\n<p>Veranstalter: Teatro Experimental Flaviense<\/p>\n<p>Unterst\u00fctzung: Stadtverwaltung von Chaves<\/p>\n","protected":false},"excerpt":{"rendered":"<p>Maria Callas, die gr\u00f6\u00dfte Operns\u00e4ngerin der Welt, verbringt die letzten Tage ihres Lebens im Paris der 1970er Jahre, w\u00e4hrend sie sich mit ihrer Identit\u00e4t und ihrem Leben auseinandersetzt. Eintrittskarte: 5 \u20ac. Veranstalter: Teatro Experimental Flaviense Unterst\u00fctzung: Stadtverwaltung von Chaves<\/p>\n","protected":false},"author":5,"featured_media":35922,"comment_status":"closed","ping_status":"closed","template":"","tags":[],"mec_category":[1315],"_links":{"self":[{"href":"https:\/\/visitaltotamegaebarroso.pt\/de\/wp-json\/wp\/v2\/mec-events\/35926"}],"collection":[{"href":"https:\/\/visitaltotamegaebarroso.pt\/de\/wp-json\/wp\/v2\/mec-events"}],"about":[{"href":"https:\/\/visitaltotamegaebarroso.pt\/de\/wp-json\/wp\/v2\/types\/mec-events"}],"author":[{"embeddable":true,"href":"https:\/\/visitaltotamegaebarroso.pt\/de\/wp-json\/wp\/v2\/users\/5"}],"replies":[{"embeddable":true,"href":"https:\/\/visitaltotamegaebarroso.pt\/de\/wp-json\/wp\/v2\/comments?post=35926"}],"wp:featuredmedia":[{"embeddable":true,"href":"https:\/\/visitaltotamegaebarroso.pt\/de\/wp-json\/wp\/v2\/media\/35922"}],"wp:attachment":[{"href":"https:\/\/visitaltotamegaebarroso.pt\/de\/wp-json\/wp\/v2\/media?parent=35926"}],"wp:term":[{"taxonomy":"post_tag","embeddable":true,"href":"https:\/\/visitaltotamegaebarroso.pt\/de\/wp-json\/wp\/v2\/tags?post=35926"},{"taxonomy":"mec_category","embeddable":true,"href":"https:\/\/visitaltotamegaebarroso.pt\/de\/wp-json\/wp\/v2\/mec_category?post=35926"}],"curies":[{"name":"wp","href":"https:\/\/api.w.org\/{rel}","templated":true}]}}

<p>Maria Callas, die größte Opernsängerin der Welt, verbringt die letzten Tage ihres Lebens im Paris der 1970er Jahre, während sie sich mit ihrer Identität und ihrem Leben auseinandersetzt.</p>
<p>Eintrittskarte: 5 €.</p>
<p>Veranstalter: Teatro Experimental Flaviense</p>
<p>Unterstützung: Stadtverwaltung von Chaves</p>

<p>Maria Callas, die größte Opernsängerin der Welt, verbringt die letzten Tage ihres Lebens im Paris der 1970er Jahre, während sie sich mit ihrer Identität und ihrem Leben auseinandersetzt. Eintrittskarte: 5 €. Veranstalter: Teatro Experimental Flaviense Unterstützung: Stadtverwaltung von Chaves</p>
