{"id":35702,"date":"2025-01-09T10:17:00","date_gmt":"2025-01-09T10:17:00","guid":{"rendered":"https:\/\/visitaltotamegaebarroso.pt\/events\/ribeira-de-pena-fest-zu-ehren-von-sao-goncalo\/"},"modified":"2025-01-09T10:17:00","modified_gmt":"2025-01-09T10:17:00","slug":"ribeira-de-pena-fest-zu-ehren-von-sao-goncalo","status":"publish","type":"mec-events","link":"https:\/\/visitaltotamegaebarroso.pt\/de\/events\/ribeira-de-pena-fest-zu-ehren-von-sao-goncalo\/","title":{"rendered":"Ribeira de Pena | Fest zu Ehren von S\u00e3o Gon\u00e7alo"},"content":{"rendered":"<p>Am 9. und 10. Januar findet in Fri\u00fame wieder das traditionelle Fest zu Ehren von S\u00e3o Gon\u00e7alo statt, um Momente des Glaubens, der Freude und der Geselligkeit zu feiern.<\/p>\n","protected":false},"excerpt":{"rendered":"<p>Am 9. und 10. Januar findet in Fri\u00fame wieder das traditionelle Fest zu Ehren von S\u00e3o Gon\u00e7alo statt, um Momente des Glaubens, der Freude und der Geselligkeit zu feiern.<\/p>\n","protected":false},"author":5,"featured_media":35698,"comment_status":"closed","ping_status":"closed","template":"","tags":[],"mec_category":[717],"_links":{"self":[{"href":"https:\/\/visitaltotamegaebarroso.pt\/de\/wp-json\/wp\/v2\/mec-events\/35702"}],"collection":[{"href":"https:\/\/visitaltotamegaebarroso.pt\/de\/wp-json\/wp\/v2\/mec-events"}],"about":[{"href":"https:\/\/visitaltotamegaebarroso.pt\/de\/wp-json\/wp\/v2\/types\/mec-events"}],"author":[{"embeddable":true,"href":"https:\/\/visitaltotamegaebarroso.pt\/de\/wp-json\/wp\/v2\/users\/5"}],"replies":[{"embeddable":true,"href":"https:\/\/visitaltotamegaebarroso.pt\/de\/wp-json\/wp\/v2\/comments?post=35702"}],"wp:featuredmedia":[{"embeddable":true,"href":"https:\/\/visitaltotamegaebarroso.pt\/de\/wp-json\/wp\/v2\/media\/35698"}],"wp:attachment":[{"href":"https:\/\/visitaltotamegaebarroso.pt\/de\/wp-json\/wp\/v2\/media?parent=35702"}],"wp:term":[{"taxonomy":"post_tag","embeddable":true,"href":"https:\/\/visitaltotamegaebarroso.pt\/de\/wp-json\/wp\/v2\/tags?post=35702"},{"taxonomy":"mec_category","embeddable":true,"href":"https:\/\/visitaltotamegaebarroso.pt\/de\/wp-json\/wp\/v2\/mec_category?post=35702"}],"curies":[{"name":"wp","href":"https:\/\/api.w.org\/{rel}","templated":true}]}}

Ribeira de Pena | Fest zu Ehren von São Gonçalo

<p>Am 9. und 10. Januar findet in Friúme wieder das traditionelle Fest zu Ehren von São Gonçalo statt, um Momente des Glaubens, der Freude und der Geselligkeit zu feiern.</p>
