{"id":35549,"date":"2024-12-30T14:15:42","date_gmt":"2024-12-30T14:15:42","guid":{"rendered":"https:\/\/visitaltotamegaebarroso.pt\/events\/chaves-madalena-markt-6\/"},"modified":"2024-12-30T14:15:42","modified_gmt":"2024-12-30T14:15:42","slug":"chaves-madalena-markt-6","status":"publish","type":"mec-events","link":"https:\/\/visitaltotamegaebarroso.pt\/de\/events\/chaves-madalena-markt-6\/","title":{"rendered":"Chaves | Madalena Markt"},"content":{"rendered":"<p>Messe f\u00fcr regionale Produkte.<\/p>\n<p>Org.: AmoChaves &#8211; Vereinigung der Bewohner des historischen Zentrums von Chaves<br \/>\nUnterst\u00fctzung: Stadtverwaltung von Chaves und Gemeindeverband von Madalena und Samai\u00f5es<\/p>\n","protected":false},"excerpt":{"rendered":"<p>Messe f\u00fcr regionale Produkte. Org.: AmoChaves &#8211; Vereinigung der Bewohner des historischen Zentrums von Chaves Unterst\u00fctzung: Stadtverwaltung von Chaves und Gemeindeverband von Madalena und Samai\u00f5es<\/p>\n","protected":false},"author":5,"featured_media":34114,"comment_status":"closed","ping_status":"closed","template":"","tags":[],"mec_category":[726],"_links":{"self":[{"href":"https:\/\/visitaltotamegaebarroso.pt\/de\/wp-json\/wp\/v2\/mec-events\/35549"}],"collection":[{"href":"https:\/\/visitaltotamegaebarroso.pt\/de\/wp-json\/wp\/v2\/mec-events"}],"about":[{"href":"https:\/\/visitaltotamegaebarroso.pt\/de\/wp-json\/wp\/v2\/types\/mec-events"}],"author":[{"embeddable":true,"href":"https:\/\/visitaltotamegaebarroso.pt\/de\/wp-json\/wp\/v2\/users\/5"}],"replies":[{"embeddable":true,"href":"https:\/\/visitaltotamegaebarroso.pt\/de\/wp-json\/wp\/v2\/comments?post=35549"}],"wp:featuredmedia":[{"embeddable":true,"href":"https:\/\/visitaltotamegaebarroso.pt\/de\/wp-json\/wp\/v2\/media\/34114"}],"wp:attachment":[{"href":"https:\/\/visitaltotamegaebarroso.pt\/de\/wp-json\/wp\/v2\/media?parent=35549"}],"wp:term":[{"taxonomy":"post_tag","embeddable":true,"href":"https:\/\/visitaltotamegaebarroso.pt\/de\/wp-json\/wp\/v2\/tags?post=35549"},{"taxonomy":"mec_category","embeddable":true,"href":"https:\/\/visitaltotamegaebarroso.pt\/de\/wp-json\/wp\/v2\/mec_category?post=35549"}],"curies":[{"name":"wp","href":"https:\/\/api.w.org\/{rel}","templated":true}]}}

<p>Messe für regionale Produkte.</p>
<p>Org.: AmoChaves &#8211; Vereinigung der Bewohner des historischen Zentrums von Chaves<br />
Unterstützung: Stadtverwaltung von Chaves und Gemeindeverband von Madalena und Samaiões</p>

<p>Messe für regionale Produkte. Org.: AmoChaves &#8211; Vereinigung der Bewohner des historischen Zentrums von Chaves Unterstützung: Stadtverwaltung von Chaves und Gemeindeverband von Madalena und Samaiões</p>
