{"id":35325,"date":"2024-12-18T10:20:59","date_gmt":"2024-12-18T10:20:59","guid":{"rendered":"https:\/\/visitaltotamegaebarroso.pt\/events\/chaves-tannenzapfen-werkstatt\/"},"modified":"2024-12-18T10:20:59","modified_gmt":"2024-12-18T10:20:59","slug":"chaves-tannenzapfen-werkstatt","status":"publish","type":"mec-events","link":"https:\/\/visitaltotamegaebarroso.pt\/de\/events\/chaves-tannenzapfen-werkstatt\/","title":{"rendered":"Chaves | Tannenzapfen-Werkstatt"},"content":{"rendered":"<p>Weihnachten steht vor der T\u00fcr und es ist an der Zeit, die ganze Familie kreativ werden zu lassen!<\/p>\n<p>Im Rahmen des Kulturprogramms \u201eChaves Natal\u201c veranstaltet der Gelbe Saal des Vereins INDIEROR am kommenden Samstag, dem 21. Dezember, um 10 Uhr den Workshop \u201eTannenbaumfabrik\u201c.<\/p>\n<p>Bei dieser Aktivit\u00e4t werden die Teilnehmer ihre eigenen, mit viel Kreativit\u00e4t und Kunst geschm\u00fcckten Tannenb\u00e4ume bauen! Das ist die richtige Gelegenheit, um die eigenen handwerklichen F\u00e4higkeiten zu trainieren und magische Erinnerungen an diese besondere Jahreszeit zu schaffen!<\/p>\n<p>Diese Initiative, die sich an ein Publikum zwischen 6 und 10 Jahren richtet, soll die Kreativit\u00e4t der Teilnehmer f\u00f6rdern und ihre Ausdrucksm\u00f6glichkeiten anregen.<\/p>\n<p>Interessierte k\u00f6nnen sich unter https:\/\/www.indieror.pt\/pinheiro kostenlos anmelden, die Zahl der Pl\u00e4tze ist auf 10 begrenzt.<\/p>\n<p>Der Workshop wurde in Zusammenarbeit mit der Stadtverwaltung von Chaves im Rahmen des Protokolls zur Zusammenarbeit bei der kulturellen Entwicklung f\u00fcr dieses Jahr entwickelt.<\/p>\n","protected":false},"excerpt":{"rendered":"<p>Weihnachten steht vor der T\u00fcr und es ist an der Zeit, die ganze Familie kreativ werden zu lassen! Im Rahmen des Kulturprogramms \u201eChaves Natal\u201c veranstaltet der Gelbe Saal des Vereins INDIEROR am kommenden Samstag, dem 21. Dezember, um 10 Uhr [&hellip;]<\/p>\n","protected":false},"author":5,"featured_media":35321,"comment_status":"closed","ping_status":"closed","template":"","tags":[],"mec_category":[717],"_links":{"self":[{"href":"https:\/\/visitaltotamegaebarroso.pt\/de\/wp-json\/wp\/v2\/mec-events\/35325"}],"collection":[{"href":"https:\/\/visitaltotamegaebarroso.pt\/de\/wp-json\/wp\/v2\/mec-events"}],"about":[{"href":"https:\/\/visitaltotamegaebarroso.pt\/de\/wp-json\/wp\/v2\/types\/mec-events"}],"author":[{"embeddable":true,"href":"https:\/\/visitaltotamegaebarroso.pt\/de\/wp-json\/wp\/v2\/users\/5"}],"replies":[{"embeddable":true,"href":"https:\/\/visitaltotamegaebarroso.pt\/de\/wp-json\/wp\/v2\/comments?post=35325"}],"wp:featuredmedia":[{"embeddable":true,"href":"https:\/\/visitaltotamegaebarroso.pt\/de\/wp-json\/wp\/v2\/media\/35321"}],"wp:attachment":[{"href":"https:\/\/visitaltotamegaebarroso.pt\/de\/wp-json\/wp\/v2\/media?parent=35325"}],"wp:term":[{"taxonomy":"post_tag","embeddable":true,"href":"https:\/\/visitaltotamegaebarroso.pt\/de\/wp-json\/wp\/v2\/tags?post=35325"},{"taxonomy":"mec_category","embeddable":true,"href":"https:\/\/visitaltotamegaebarroso.pt\/de\/wp-json\/wp\/v2\/mec_category?post=35325"}],"curies":[{"name":"wp","href":"https:\/\/api.w.org\/{rel}","templated":true}]}}

<p>Weihnachten steht vor der Tür und es ist an der Zeit, die ganze Familie kreativ werden zu lassen!</p>
<p>Im Rahmen des Kulturprogramms „Chaves Natal“ veranstaltet der Gelbe Saal des Vereins INDIEROR am kommenden Samstag, dem 21. Dezember, um 10 Uhr den Workshop „Tannenbaumfabrik“.</p>
<p>Bei dieser Aktivität werden die Teilnehmer ihre eigenen, mit viel Kreativität und Kunst geschmückten Tannenbäume bauen! Das ist die richtige Gelegenheit, um die eigenen handwerklichen Fähigkeiten zu trainieren und magische Erinnerungen an diese besondere Jahreszeit zu schaffen!</p>
<p>Diese Initiative, die sich an ein Publikum zwischen 6 und 10 Jahren richtet, soll die Kreativität der Teilnehmer fördern und ihre Ausdrucksmöglichkeiten anregen.</p>
<p>Interessierte können sich unter https://www.indieror.pt/pinheiro kostenlos anmelden, die Zahl der Plätze ist auf 10 begrenzt.</p>
<p>Der Workshop wurde in Zusammenarbeit mit der Stadtverwaltung von Chaves im Rahmen des Protokolls zur Zusammenarbeit bei der kulturellen Entwicklung für dieses Jahr entwickelt.</p>

<p>Weihnachten steht vor der Tür und es ist an der Zeit, die ganze Familie kreativ werden zu lassen! Im Rahmen des Kulturprogramms „Chaves Natal“ veranstaltet der Gelbe Saal des Vereins INDIEROR am kommenden Samstag, dem 21. Dezember, um 10 Uhr [&hellip;]</p>
