{"id":35247,"date":"2024-12-11T10:06:31","date_gmt":"2024-12-11T10:06:31","guid":{"rendered":"https:\/\/visitaltotamegaebarroso.pt\/events\/montalegre-rallyx-euro-league\/"},"modified":"2024-12-11T10:06:31","modified_gmt":"2024-12-11T10:06:31","slug":"montalegre-rallyx-euro-league","status":"publish","type":"mec-events","link":"https:\/\/visitaltotamegaebarroso.pt\/de\/events\/montalegre-rallyx-euro-league\/","title":{"rendered":"Montalegre | RallyX Euro League"},"content":{"rendered":"<p>Auf dem Montalegre International Circuit wird die RallyX Euro League er\u00f6ffnet, eine neue internationale Rallycross-Serie, die am 29. und 30. M\u00e4rz 2025 rund 100 Autos und Kartcross auf die portugiesische Strecke bringen wird. Die neue Europameisterschaft, zu der auch die RallyX South geh\u00f6rt, ist eine Erweiterung der erfolgreichen RallyX Nordic Serie, die in RallyX North umbenannt wird. Die Wettbewerbe werden von RX Promotion organisiert, die dem ehemaligen Fahrer Andreas Eriksson geh\u00f6rt.<br \/>\nDie Strecke von Barroso wurde ausgew\u00e4hlt, um den europ\u00e4ischen Kalender zu er\u00f6ffnen, in einem Format, das Spektakel auf und neben der Strecke verspricht, unter der Organisation der Gemeinde Montalegre und des Vila Real Automobile Club.<br \/>\nEinzelheiten &#8211; \u27a1\ufe0f <a href=\"http:\/\/www.cm-montalegre.pt\/pages\/823?news_id=5961\">www.cm-montalegre.pt\/pages\/823?news_id=5961<\/a><\/p>\n","protected":false},"excerpt":{"rendered":"<p>Auf dem Montalegre International Circuit wird die RallyX Euro League er\u00f6ffnet, eine neue internationale Rallycross-Serie, die am 29. und 30. M\u00e4rz 2025 rund 100 Autos und Kartcross auf die portugiesische Strecke bringen wird. Die neue Europameisterschaft, zu der auch die [&hellip;]<\/p>\n","protected":false},"author":5,"featured_media":35238,"comment_status":"closed","ping_status":"closed","template":"","tags":[],"mec_category":[719],"_links":{"self":[{"href":"https:\/\/visitaltotamegaebarroso.pt\/de\/wp-json\/wp\/v2\/mec-events\/35247"}],"collection":[{"href":"https:\/\/visitaltotamegaebarroso.pt\/de\/wp-json\/wp\/v2\/mec-events"}],"about":[{"href":"https:\/\/visitaltotamegaebarroso.pt\/de\/wp-json\/wp\/v2\/types\/mec-events"}],"author":[{"embeddable":true,"href":"https:\/\/visitaltotamegaebarroso.pt\/de\/wp-json\/wp\/v2\/users\/5"}],"replies":[{"embeddable":true,"href":"https:\/\/visitaltotamegaebarroso.pt\/de\/wp-json\/wp\/v2\/comments?post=35247"}],"wp:featuredmedia":[{"embeddable":true,"href":"https:\/\/visitaltotamegaebarroso.pt\/de\/wp-json\/wp\/v2\/media\/35238"}],"wp:attachment":[{"href":"https:\/\/visitaltotamegaebarroso.pt\/de\/wp-json\/wp\/v2\/media?parent=35247"}],"wp:term":[{"taxonomy":"post_tag","embeddable":true,"href":"https:\/\/visitaltotamegaebarroso.pt\/de\/wp-json\/wp\/v2\/tags?post=35247"},{"taxonomy":"mec_category","embeddable":true,"href":"https:\/\/visitaltotamegaebarroso.pt\/de\/wp-json\/wp\/v2\/mec_category?post=35247"}],"curies":[{"name":"wp","href":"https:\/\/api.w.org\/{rel}","templated":true}]}}

<p>Auf dem Montalegre International Circuit wird die RallyX Euro League eröffnet, eine neue internationale Rallycross-Serie, die am 29. und 30. März 2025 rund 100 Autos und Kartcross auf die portugiesische Strecke bringen wird. Die neue Europameisterschaft, zu der auch die RallyX South gehört, ist eine Erweiterung der erfolgreichen RallyX Nordic Serie, die in RallyX North umbenannt wird. Die Wettbewerbe werden von RX Promotion organisiert, die dem ehemaligen Fahrer Andreas Eriksson gehört.<br />
Die Strecke von Barroso wurde ausgewählt, um den europäischen Kalender zu eröffnen, in einem Format, das Spektakel auf und neben der Strecke verspricht, unter der Organisation der Gemeinde Montalegre und des Vila Real Automobile Club.<br />
Einzelheiten &#8211; ➡️ <a href="http://www.cm-montalegre.pt/pages/823?news_id=5961">www.cm-montalegre.pt/pages/823?news_id=5961</a></p>

<p>Auf dem Montalegre International Circuit wird die RallyX Euro League eröffnet, eine neue internationale Rallycross-Serie, die am 29. und 30. März 2025 rund 100 Autos und Kartcross auf die portugiesische Strecke bringen wird. Die neue Europameisterschaft, zu der auch die [&hellip;]</p>
