{"id":35232,"date":"2024-12-11T09:44:32","date_gmt":"2024-12-11T09:44:32","guid":{"rendered":"https:\/\/visitaltotamegaebarroso.pt\/events\/chaves-praesentation-des-buches-chaves-und-zweitausend-jahre-spaeter\/"},"modified":"2024-12-11T09:44:32","modified_gmt":"2024-12-11T09:44:32","slug":"chaves-praesentation-des-buches-chaves-und-zweitausend-jahre-spaeter","status":"publish","type":"mec-events","link":"https:\/\/visitaltotamegaebarroso.pt\/de\/events\/chaves-praesentation-des-buches-chaves-und-zweitausend-jahre-spaeter\/","title":{"rendered":"Chaves | Pr\u00e4sentation des Buches \u201eChaves, und zweitausend Jahre sp\u00e4ter?\u201c"},"content":{"rendered":"<p>Die Gemeindeverwaltung stellt das Kinderbuch \u201eChaves, e dois mil anos depois?\u201c (Chaves, und zweitausend Jahre sp\u00e4ter?) vor, eine p\u00e4dagogische Ausgabe, die etwas \u00fcber die Vorfahren der Gemeinde vermitteln soll. Die Pr\u00e4sentation findet im Museum der R\u00f6mischen B\u00e4der von Chaves am Freitag, den 13. um 18.00 Uhr statt.<\/p>\n<p>Das von M\u00e1rcia Santos geschriebene und von T\u00f3 Ribeiro illustrierte Kinderbuch erz\u00e4hlt die Geschichte von Alice und ihrem Gro\u00dfvater, die durch arch\u00e4ologische Funde unsere Vorfahren entdecken, von denen wir die Schrift unserer Geschichte geerbt haben\u201e und die unsere kulturelle Identit\u00e4t bewahren\u201c.<\/p>\n<p>In Anlehnung an das Thema \u201eChaves &#8211; 2000 Jahre Geschichte, die es zu erz\u00e4hlen gilt\u201c soll dieses Buch das Konzept und das neue grafische Bild der Gemeinde st\u00e4rken und verbreiten und gleichzeitig die Lust am Lesen und die Kenntnis der Geschichte der Gemeinde bei Vorschul- und Grundschulkindern f\u00f6rdern.<\/p>\n<p>M\u00e1rcia Santos, die in ihrer \u201eFreizeit\u201c schreibt, nahm die Herausforderung an, diese zweite Kindergeschichte zu schreiben. In diesem Werk begibt sich die Autorin auf eine kreative Reise in die Vergangenheit, um das lokale Kulturerbe vorzustellen. \u201eDie Flavianer aller Zeiten! Sie wussten nicht und konnten nicht wissen, dass sie f\u00fcr immer als die Erbauer der Kunst, der Kultur, der Wissenschaft, der Architektur und des Ingenieurwesens der Stadt Chaves, unserer Stadt, bekannt und anerkannt sein w\u00fcrden\u201c, hei\u00dft es in der Geschichte. Sein erstes Kinderbuch wurde vor zwei Jahren unter dem Titel \u201eIch habe einen Freund unter dem Bett\u201c ver\u00f6ffentlicht.<\/p>\n<p>F\u00fcr den Illustrator T\u00f3 Ribeiro war es \u201eeine gro\u00dfe Ehre, ein Buch zu illustrieren, das unseren Kindern (und anderen!) so wichtige Teile unserer reichen Geschichte zeigt und wie sie zu dem neuen grafischen Bild von Chaves gef\u00fchrt haben. Es hat sehr viel Spa\u00df gemacht und war eine Herausforderung, die Zeichnung von Gro\u00dfvater Jo\u00e3o und Alice zu erstellen, die auf einer so reichhaltigen Erz\u00e4hlung basiert.\u201c<\/p>\n","protected":false},"excerpt":{"rendered":"<p>Die Gemeindeverwaltung stellt das Kinderbuch \u201eChaves, e dois mil anos depois?\u201c (Chaves, und zweitausend Jahre sp\u00e4ter?) vor, eine p\u00e4dagogische Ausgabe, die etwas \u00fcber die Vorfahren der Gemeinde vermitteln soll. Die Pr\u00e4sentation findet im Museum der R\u00f6mischen B\u00e4der von Chaves am [&hellip;]<\/p>\n","protected":false},"author":5,"featured_media":35228,"comment_status":"closed","ping_status":"closed","template":"","tags":[],"mec_category":[1522],"_links":{"self":[{"href":"https:\/\/visitaltotamegaebarroso.pt\/de\/wp-json\/wp\/v2\/mec-events\/35232"}],"collection":[{"href":"https:\/\/visitaltotamegaebarroso.pt\/de\/wp-json\/wp\/v2\/mec-events"}],"about":[{"href":"https:\/\/visitaltotamegaebarroso.pt\/de\/wp-json\/wp\/v2\/types\/mec-events"}],"author":[{"embeddable":true,"href":"https:\/\/visitaltotamegaebarroso.pt\/de\/wp-json\/wp\/v2\/users\/5"}],"replies":[{"embeddable":true,"href":"https:\/\/visitaltotamegaebarroso.pt\/de\/wp-json\/wp\/v2\/comments?post=35232"}],"wp:featuredmedia":[{"embeddable":true,"href":"https:\/\/visitaltotamegaebarroso.pt\/de\/wp-json\/wp\/v2\/media\/35228"}],"wp:attachment":[{"href":"https:\/\/visitaltotamegaebarroso.pt\/de\/wp-json\/wp\/v2\/media?parent=35232"}],"wp:term":[{"taxonomy":"post_tag","embeddable":true,"href":"https:\/\/visitaltotamegaebarroso.pt\/de\/wp-json\/wp\/v2\/tags?post=35232"},{"taxonomy":"mec_category","embeddable":true,"href":"https:\/\/visitaltotamegaebarroso.pt\/de\/wp-json\/wp\/v2\/mec_category?post=35232"}],"curies":[{"name":"wp","href":"https:\/\/api.w.org\/{rel}","templated":true}]}}

Chaves | Präsentation des Buches „Chaves, und zweitausend Jahre später?“

<p>Die Gemeindeverwaltung stellt das Kinderbuch „Chaves, e dois mil anos depois?“ (Chaves, und zweitausend Jahre später?) vor, eine pädagogische Ausgabe, die etwas über die Vorfahren der Gemeinde vermitteln soll. Die Präsentation findet im Museum der Römischen Bäder von Chaves am Freitag, den 13. um 18.00 Uhr statt.</p>
<p>Das von Márcia Santos geschriebene und von Tó Ribeiro illustrierte Kinderbuch erzählt die Geschichte von Alice und ihrem Großvater, die durch archäologische Funde unsere Vorfahren entdecken, von denen wir die Schrift unserer Geschichte geerbt haben„ und die unsere kulturelle Identität bewahren“.</p>
<p>In Anlehnung an das Thema „Chaves &#8211; 2000 Jahre Geschichte, die es zu erzählen gilt“ soll dieses Buch das Konzept und das neue grafische Bild der Gemeinde stärken und verbreiten und gleichzeitig die Lust am Lesen und die Kenntnis der Geschichte der Gemeinde bei Vorschul- und Grundschulkindern fördern.</p>
<p>Márcia Santos, die in ihrer „Freizeit“ schreibt, nahm die Herausforderung an, diese zweite Kindergeschichte zu schreiben. In diesem Werk begibt sich die Autorin auf eine kreative Reise in die Vergangenheit, um das lokale Kulturerbe vorzustellen. „Die Flavianer aller Zeiten! Sie wussten nicht und konnten nicht wissen, dass sie für immer als die Erbauer der Kunst, der Kultur, der Wissenschaft, der Architektur und des Ingenieurwesens der Stadt Chaves, unserer Stadt, bekannt und anerkannt sein würden“, heißt es in der Geschichte. Sein erstes Kinderbuch wurde vor zwei Jahren unter dem Titel „Ich habe einen Freund unter dem Bett“ veröffentlicht.</p>
<p>Für den Illustrator Tó Ribeiro war es „eine große Ehre, ein Buch zu illustrieren, das unseren Kindern (und anderen!) so wichtige Teile unserer reichen Geschichte zeigt und wie sie zu dem neuen grafischen Bild von Chaves geführt haben. Es hat sehr viel Spaß gemacht und war eine Herausforderung, die Zeichnung von Großvater João und Alice zu erstellen, die auf einer so reichhaltigen Erzählung basiert.“</p>

<p>Die Gemeindeverwaltung stellt das Kinderbuch „Chaves, e dois mil anos depois?“ (Chaves, und zweitausend Jahre später?) vor, eine pädagogische Ausgabe, die etwas über die Vorfahren der Gemeinde vermitteln soll. Die Präsentation findet im Museum der Römischen Bäder von Chaves am [&hellip;]</p>
