{"id":34802,"date":"2024-11-27T11:07:47","date_gmt":"2024-11-27T11:07:47","guid":{"rendered":"https:\/\/visitaltotamegaebarroso.pt\/?post_type=mec-events&#038;p=34802"},"modified":"2024-11-27T11:12:10","modified_gmt":"2024-11-27T11:12:10","slug":"chaves-sohn-einer-mutter","status":"publish","type":"mec-events","link":"https:\/\/visitaltotamegaebarroso.pt\/de\/events\/chaves-sohn-einer-mutter\/","title":{"rendered":"Chaves | Sohn einer Mutter"},"content":{"rendered":"<p>Sala Amarela begr\u00fc\u00dft Filho da M\u00e3e, den Kampfnamen des Musikers Rui Carvalho.<br \/>\nSeine Musik bringt uns sowohl Folk-Melancholie als auch Rock-Elektrizit\u00e4t, die Subtilit\u00e4t des Akustischen vor der Komplexit\u00e4t der Kompositionen, vom frenetischen Klimpern der Gitarre bis zur beispielhaften Manipulation seiner Loops. Filho da m\u00e3e gibt sein Deb\u00fct in Chaves an einem Abend, an dem die K\u00e4lte ausgelassen wird, um neuen und alten Liedern einer Karriere Platz zu machen, die sich bereits \u00fcber f\u00fcnf gro\u00dfartige Alben erstreckt. Karten und weitere Informationen unter indieror.pt. Eintrittskarte: 5\u20ac<br \/>\nDiese Aktivit\u00e4t wurde in Zusammenarbeit mit der Gemeinde Chaves im Rahmen des Protokolls zur Zusammenarbeit bei der kulturellen Entwicklung f\u00fcr dieses Jahr entwickelt.<br \/>\nOrganisiert von: INDIEROR<br \/>\nUnterst\u00fctzung: Stadtverwaltung von Chaves<\/p>\n","protected":false},"excerpt":{"rendered":"<p>Sala Amarela begr\u00fc\u00dft Filho da M\u00e3e, den Kampfnamen des Musikers Rui Carvalho. Seine Musik bringt uns sowohl Folk-Melancholie als auch Rock-Elektrizit\u00e4t, die Subtilit\u00e4t des Akustischen vor der Komplexit\u00e4t der Kompositionen, vom frenetischen Klimpern der Gitarre bis zur beispielhaften Manipulation seiner [&hellip;]<\/p>\n","protected":false},"author":5,"featured_media":31302,"comment_status":"closed","ping_status":"closed","template":"","tags":[],"mec_category":[1444],"_links":{"self":[{"href":"https:\/\/visitaltotamegaebarroso.pt\/de\/wp-json\/wp\/v2\/mec-events\/34802"}],"collection":[{"href":"https:\/\/visitaltotamegaebarroso.pt\/de\/wp-json\/wp\/v2\/mec-events"}],"about":[{"href":"https:\/\/visitaltotamegaebarroso.pt\/de\/wp-json\/wp\/v2\/types\/mec-events"}],"author":[{"embeddable":true,"href":"https:\/\/visitaltotamegaebarroso.pt\/de\/wp-json\/wp\/v2\/users\/5"}],"replies":[{"embeddable":true,"href":"https:\/\/visitaltotamegaebarroso.pt\/de\/wp-json\/wp\/v2\/comments?post=34802"}],"wp:featuredmedia":[{"embeddable":true,"href":"https:\/\/visitaltotamegaebarroso.pt\/de\/wp-json\/wp\/v2\/media\/31302"}],"wp:attachment":[{"href":"https:\/\/visitaltotamegaebarroso.pt\/de\/wp-json\/wp\/v2\/media?parent=34802"}],"wp:term":[{"taxonomy":"post_tag","embeddable":true,"href":"https:\/\/visitaltotamegaebarroso.pt\/de\/wp-json\/wp\/v2\/tags?post=34802"},{"taxonomy":"mec_category","embeddable":true,"href":"https:\/\/visitaltotamegaebarroso.pt\/de\/wp-json\/wp\/v2\/mec_category?post=34802"}],"curies":[{"name":"wp","href":"https:\/\/api.w.org\/{rel}","templated":true}]}}

<p>Sala Amarela begrüßt Filho da Mãe, den Kampfnamen des Musikers Rui Carvalho.<br />
Seine Musik bringt uns sowohl Folk-Melancholie als auch Rock-Elektrizität, die Subtilität des Akustischen vor der Komplexität der Kompositionen, vom frenetischen Klimpern der Gitarre bis zur beispielhaften Manipulation seiner Loops. Filho da mãe gibt sein Debüt in Chaves an einem Abend, an dem die Kälte ausgelassen wird, um neuen und alten Liedern einer Karriere Platz zu machen, die sich bereits über fünf großartige Alben erstreckt. Karten und weitere Informationen unter indieror.pt. Eintrittskarte: 5€<br />
Diese Aktivität wurde in Zusammenarbeit mit der Gemeinde Chaves im Rahmen des Protokolls zur Zusammenarbeit bei der kulturellen Entwicklung für dieses Jahr entwickelt.<br />
Organisiert von: INDIEROR<br />
Unterstützung: Stadtverwaltung von Chaves</p>

<p>Sala Amarela begrüßt Filho da Mãe, den Kampfnamen des Musikers Rui Carvalho. Seine Musik bringt uns sowohl Folk-Melancholie als auch Rock-Elektrizität, die Subtilität des Akustischen vor der Komplexität der Kompositionen, vom frenetischen Klimpern der Gitarre bis zur beispielhaften Manipulation seiner [&hellip;]</p>
