{"id":34787,"date":"2024-11-27T10:42:39","date_gmt":"2024-11-27T10:42:39","guid":{"rendered":"https:\/\/visitaltotamegaebarroso.pt\/?post_type=mec-events&#038;p=34787"},"modified":"2024-11-27T10:46:36","modified_gmt":"2024-11-27T10:46:36","slug":"chaves-jugendtage-und-treffen-in-chaves-grenzueberschreitende-jugendbeschaeftigungsmesse-in-der-euroregion-galicien-nordportugal","status":"publish","type":"mec-events","link":"https:\/\/visitaltotamegaebarroso.pt\/de\/events\/chaves-jugendtage-und-treffen-in-chaves-grenzueberschreitende-jugendbeschaeftigungsmesse-in-der-euroregion-galicien-nordportugal\/","title":{"rendered":"Chaves | Jugendtage und Treffen in Chaves Grenz\u00fcberschreitende Jugendbesch\u00e4ftigungsmesse in der Euroregion Galicien-Nordportugal"},"content":{"rendered":"<p>Das Hauptziel dieser Veranstaltung ist es, die wichtigsten Chancen und Herausforderungen f\u00fcr junge Menschen bekannt zu machen. Die Teilnehmer werden Zugang zu Themen wie Jugendbesch\u00e4ftigung in der Euroregion, grenz\u00fcberschreitende Zusammenarbeit und Meisterklassen zu Unternehmertum und Innovation haben.<br \/>\nOrg: Diese Aktivit\u00e4t findet im Rahmen des Projekts Eurocidade 2030 statt, das von Eurocidade Chaves-Ver\u00edn, EVTZ, koordiniert wird, in Zusammenarbeit mit den anderen Partnern: FNAJ &#8211; Nationaler Verband der Jugendverb\u00e4nde, IPDJ &#8211; Portugiesisches Institut f\u00fcr Sport und Jugend, Generaldirektion f\u00fcr Jugend der Regionalregierung von Galicien und der Stiftung Galicia Europa.<\/p>\n","protected":false},"excerpt":{"rendered":"<p>Das Hauptziel dieser Veranstaltung ist es, die wichtigsten Chancen und Herausforderungen f\u00fcr junge Menschen bekannt zu machen. Die Teilnehmer werden Zugang zu Themen wie Jugendbesch\u00e4ftigung in der Euroregion, grenz\u00fcberschreitende Zusammenarbeit und Meisterklassen zu Unternehmertum und Innovation haben. Org: Diese Aktivit\u00e4t [&hellip;]<\/p>\n","protected":false},"author":5,"featured_media":34783,"comment_status":"closed","ping_status":"closed","template":"","tags":[],"mec_category":[717],"_links":{"self":[{"href":"https:\/\/visitaltotamegaebarroso.pt\/de\/wp-json\/wp\/v2\/mec-events\/34787"}],"collection":[{"href":"https:\/\/visitaltotamegaebarroso.pt\/de\/wp-json\/wp\/v2\/mec-events"}],"about":[{"href":"https:\/\/visitaltotamegaebarroso.pt\/de\/wp-json\/wp\/v2\/types\/mec-events"}],"author":[{"embeddable":true,"href":"https:\/\/visitaltotamegaebarroso.pt\/de\/wp-json\/wp\/v2\/users\/5"}],"replies":[{"embeddable":true,"href":"https:\/\/visitaltotamegaebarroso.pt\/de\/wp-json\/wp\/v2\/comments?post=34787"}],"wp:featuredmedia":[{"embeddable":true,"href":"https:\/\/visitaltotamegaebarroso.pt\/de\/wp-json\/wp\/v2\/media\/34783"}],"wp:attachment":[{"href":"https:\/\/visitaltotamegaebarroso.pt\/de\/wp-json\/wp\/v2\/media?parent=34787"}],"wp:term":[{"taxonomy":"post_tag","embeddable":true,"href":"https:\/\/visitaltotamegaebarroso.pt\/de\/wp-json\/wp\/v2\/tags?post=34787"},{"taxonomy":"mec_category","embeddable":true,"href":"https:\/\/visitaltotamegaebarroso.pt\/de\/wp-json\/wp\/v2\/mec_category?post=34787"}],"curies":[{"name":"wp","href":"https:\/\/api.w.org\/{rel}","templated":true}]}}

Chaves | Jugendtage und Treffen in Chaves Grenzüberschreitende Jugendbeschäftigungsmesse in der Euroregion Galicien-Nordportugal

<p>Das Hauptziel dieser Veranstaltung ist es, die wichtigsten Chancen und Herausforderungen für junge Menschen bekannt zu machen. Die Teilnehmer werden Zugang zu Themen wie Jugendbeschäftigung in der Euroregion, grenzüberschreitende Zusammenarbeit und Meisterklassen zu Unternehmertum und Innovation haben.<br />
Org: Diese Aktivität findet im Rahmen des Projekts Eurocidade 2030 statt, das von Eurocidade Chaves-Verín, EVTZ, koordiniert wird, in Zusammenarbeit mit den anderen Partnern: FNAJ &#8211; Nationaler Verband der Jugendverbände, IPDJ &#8211; Portugiesisches Institut für Sport und Jugend, Generaldirektion für Jugend der Regionalregierung von Galicien und der Stiftung Galicia Europa.</p>

<p>Das Hauptziel dieser Veranstaltung ist es, die wichtigsten Chancen und Herausforderungen für junge Menschen bekannt zu machen. Die Teilnehmer werden Zugang zu Themen wie Jugendbeschäftigung in der Euroregion, grenzüberschreitende Zusammenarbeit und Meisterklassen zu Unternehmertum und Innovation haben. Org: Diese Aktivität [&hellip;]</p>
