{"id":34251,"date":"2024-11-08T11:23:23","date_gmt":"2024-11-08T11:23:23","guid":{"rendered":"https:\/\/visitaltotamegaebarroso.pt\/?post_type=mec-events&#038;p=34251"},"modified":"2024-11-08T11:29:03","modified_gmt":"2024-11-08T11:29:03","slug":"chaves-der-graf-von-monte-cristo","status":"publish","type":"mec-events","link":"https:\/\/visitaltotamegaebarroso.pt\/de\/events\/chaves-der-graf-von-monte-cristo\/","title":{"rendered":"Chaves | Der Graf von Monte-Cristo"},"content":{"rendered":"<p>Als Opfer einer Verschw\u00f6rung wird der junge Edmond Dant\u00e8s an seinem Hochzeitstag f\u00fcr ein Verbrechen verhaftet, das er nicht begangen hat. Nach vierzehn Jahren im Ch\u00e2teau d&#8217;If gelingt ihm die Flucht. Als Graf von Monte Cristo kehrt er zur\u00fcck, um sich an den drei M\u00e4nnern zu r\u00e4chen, die ihn verraten haben. Eintrittskarte: 5\u20ac<br \/>\nVeranstalter: Teatro Experimental Flaviense<br \/>\nUnterst\u00fctzung: Stadtverwaltung von Chaves<\/p>\n","protected":false},"excerpt":{"rendered":"<p>Als Opfer einer Verschw\u00f6rung wird der junge Edmond Dant\u00e8s an seinem Hochzeitstag f\u00fcr ein Verbrechen verhaftet, das er nicht begangen hat. Nach vierzehn Jahren im Ch\u00e2teau d&#8217;If gelingt ihm die Flucht. Als Graf von Monte Cristo kehrt er zur\u00fcck, um [&hellip;]<\/p>\n","protected":false},"author":5,"featured_media":34247,"comment_status":"closed","ping_status":"closed","template":"","tags":[],"mec_category":[1315],"_links":{"self":[{"href":"https:\/\/visitaltotamegaebarroso.pt\/de\/wp-json\/wp\/v2\/mec-events\/34251"}],"collection":[{"href":"https:\/\/visitaltotamegaebarroso.pt\/de\/wp-json\/wp\/v2\/mec-events"}],"about":[{"href":"https:\/\/visitaltotamegaebarroso.pt\/de\/wp-json\/wp\/v2\/types\/mec-events"}],"author":[{"embeddable":true,"href":"https:\/\/visitaltotamegaebarroso.pt\/de\/wp-json\/wp\/v2\/users\/5"}],"replies":[{"embeddable":true,"href":"https:\/\/visitaltotamegaebarroso.pt\/de\/wp-json\/wp\/v2\/comments?post=34251"}],"wp:featuredmedia":[{"embeddable":true,"href":"https:\/\/visitaltotamegaebarroso.pt\/de\/wp-json\/wp\/v2\/media\/34247"}],"wp:attachment":[{"href":"https:\/\/visitaltotamegaebarroso.pt\/de\/wp-json\/wp\/v2\/media?parent=34251"}],"wp:term":[{"taxonomy":"post_tag","embeddable":true,"href":"https:\/\/visitaltotamegaebarroso.pt\/de\/wp-json\/wp\/v2\/tags?post=34251"},{"taxonomy":"mec_category","embeddable":true,"href":"https:\/\/visitaltotamegaebarroso.pt\/de\/wp-json\/wp\/v2\/mec_category?post=34251"}],"curies":[{"name":"wp","href":"https:\/\/api.w.org\/{rel}","templated":true}]}}

<p>Als Opfer einer Verschwörung wird der junge Edmond Dantès an seinem Hochzeitstag für ein Verbrechen verhaftet, das er nicht begangen hat. Nach vierzehn Jahren im Château d&#8217;If gelingt ihm die Flucht. Als Graf von Monte Cristo kehrt er zurück, um sich an den drei Männern zu rächen, die ihn verraten haben. Eintrittskarte: 5€<br />
Veranstalter: Teatro Experimental Flaviense<br />
Unterstützung: Stadtverwaltung von Chaves</p>

<p>Als Opfer einer Verschwörung wird der junge Edmond Dantès an seinem Hochzeitstag für ein Verbrechen verhaftet, das er nicht begangen hat. Nach vierzehn Jahren im Château d&#8217;If gelingt ihm die Flucht. Als Graf von Monte Cristo kehrt er zurück, um [&hellip;]</p>
