{"id":33810,"date":"2024-10-23T15:10:24","date_gmt":"2024-10-23T14:10:24","guid":{"rendered":"https:\/\/visitaltotamegaebarroso.pt\/events\/chaves-bilho-kulturelle-produktion-im-landesinneren-2-0\/"},"modified":"2024-10-23T15:10:24","modified_gmt":"2024-10-23T14:10:24","slug":"chaves-bilho-kulturelle-produktion-im-landesinneren-2-0","status":"publish","type":"mec-events","link":"https:\/\/visitaltotamegaebarroso.pt\/de\/events\/chaves-bilho-kulturelle-produktion-im-landesinneren-2-0\/","title":{"rendered":"Chaves | BILH\u00d3 &#8211; Kulturelle Produktion im Landesinneren 2.0"},"content":{"rendered":"<p>Die Herausforderungen der kulturellen Produktion im Landesinneren Portugals sind das Thema am 25. Oktober um 21.30 Uhr im Gelben Saal im Rahmen des Bilh\u00f3-Festivals.<\/p>\n<p>Der Runde Tisch \u201eKulturelle Produktion im Landesinneren 2.0\u201c hat zum Ziel, die Schwierigkeiten und Chancen f\u00fcr Kulturschaffende zu diskutieren, wobei der Schwerpunkt auf Kontexten au\u00dferhalb der gro\u00dfen st\u00e4dtischen Zentren liegt. Die Veranstaltung ist f\u00fcr die \u00d6ffentlichkeit zug\u00e4nglich und bietet bei freiem Eintritt die M\u00f6glichkeit, den Erfahrungsaustausch zu f\u00f6rdern und verschiedene geografische Perspektiven der Kulturproduktion zu teilen.<\/p>\n<p>Weitere Informationen unter <a href=\"http:\/\/www.indieror.pt\/bilho?fbclid=IwZXh0bgNhZW0CMTAAAR2whL1p8JmUX4htmPwKygbIt5P8GreTtaCJNZCXnQngtnJ_855C9Ehpb84_aem_AA_Taz0kn_RNQ66n4wZmVA\"><b>www.indieror.pt\/bilho<\/b><\/a><\/p>\n<p>Diese Aktivit\u00e4t wird in Zusammenarbeit mit der Stadtverwaltung von Chaves im Rahmen des Protokolls zur Zusammenarbeit bei der kulturellen Entwicklung f\u00fcr dieses Jahr entwickelt.<\/p>\n","protected":false},"excerpt":{"rendered":"<p>Die Herausforderungen der kulturellen Produktion im Landesinneren Portugals sind das Thema am 25. Oktober um 21.30 Uhr im Gelben Saal im Rahmen des Bilh\u00f3-Festivals. Der Runde Tisch \u201eKulturelle Produktion im Landesinneren 2.0\u201c hat zum Ziel, die Schwierigkeiten und Chancen f\u00fcr [&hellip;]<\/p>\n","protected":false},"author":5,"featured_media":33806,"comment_status":"closed","ping_status":"closed","template":"","tags":[],"mec_category":[717],"_links":{"self":[{"href":"https:\/\/visitaltotamegaebarroso.pt\/de\/wp-json\/wp\/v2\/mec-events\/33810"}],"collection":[{"href":"https:\/\/visitaltotamegaebarroso.pt\/de\/wp-json\/wp\/v2\/mec-events"}],"about":[{"href":"https:\/\/visitaltotamegaebarroso.pt\/de\/wp-json\/wp\/v2\/types\/mec-events"}],"author":[{"embeddable":true,"href":"https:\/\/visitaltotamegaebarroso.pt\/de\/wp-json\/wp\/v2\/users\/5"}],"replies":[{"embeddable":true,"href":"https:\/\/visitaltotamegaebarroso.pt\/de\/wp-json\/wp\/v2\/comments?post=33810"}],"wp:featuredmedia":[{"embeddable":true,"href":"https:\/\/visitaltotamegaebarroso.pt\/de\/wp-json\/wp\/v2\/media\/33806"}],"wp:attachment":[{"href":"https:\/\/visitaltotamegaebarroso.pt\/de\/wp-json\/wp\/v2\/media?parent=33810"}],"wp:term":[{"taxonomy":"post_tag","embeddable":true,"href":"https:\/\/visitaltotamegaebarroso.pt\/de\/wp-json\/wp\/v2\/tags?post=33810"},{"taxonomy":"mec_category","embeddable":true,"href":"https:\/\/visitaltotamegaebarroso.pt\/de\/wp-json\/wp\/v2\/mec_category?post=33810"}],"curies":[{"name":"wp","href":"https:\/\/api.w.org\/{rel}","templated":true}]}}

Chaves | BILHÓ &#8211; Kulturelle Produktion im Landesinneren 2.0

<p>Die Herausforderungen der kulturellen Produktion im Landesinneren Portugals sind das Thema am 25. Oktober um 21.30 Uhr im Gelben Saal im Rahmen des Bilhó-Festivals.</p>
<p>Der Runde Tisch „Kulturelle Produktion im Landesinneren 2.0“ hat zum Ziel, die Schwierigkeiten und Chancen für Kulturschaffende zu diskutieren, wobei der Schwerpunkt auf Kontexten außerhalb der großen städtischen Zentren liegt. Die Veranstaltung ist für die Öffentlichkeit zugänglich und bietet bei freiem Eintritt die Möglichkeit, den Erfahrungsaustausch zu fördern und verschiedene geografische Perspektiven der Kulturproduktion zu teilen.</p>
<p>Weitere Informationen unter <a href="http://www.indieror.pt/bilho?fbclid=IwZXh0bgNhZW0CMTAAAR2whL1p8JmUX4htmPwKygbIt5P8GreTtaCJNZCXnQngtnJ_855C9Ehpb84_aem_AA_Taz0kn_RNQ66n4wZmVA"><b>www.indieror.pt/bilho</b></a></p>
<p>Diese Aktivität wird in Zusammenarbeit mit der Stadtverwaltung von Chaves im Rahmen des Protokolls zur Zusammenarbeit bei der kulturellen Entwicklung für dieses Jahr entwickelt.</p>

<p>Die Herausforderungen der kulturellen Produktion im Landesinneren Portugals sind das Thema am 25. Oktober um 21.30 Uhr im Gelben Saal im Rahmen des Bilhó-Festivals. Der Runde Tisch „Kulturelle Produktion im Landesinneren 2.0“ hat zum Ziel, die Schwierigkeiten und Chancen für [&hellip;]</p>
