{"id":33738,"date":"2024-10-19T11:51:42","date_gmt":"2024-10-19T10:51:42","guid":{"rendered":"https:\/\/visitaltotamegaebarroso.pt\/events\/chaves-feira-dos-santos-2024\/"},"modified":"2024-10-19T11:51:42","modified_gmt":"2024-10-19T10:51:42","slug":"chaves-feira-dos-santos-2024","status":"publish","type":"mec-events","link":"https:\/\/visitaltotamegaebarroso.pt\/de\/events\/chaves-feira-dos-santos-2024\/","title":{"rendered":"Chaves | Feira dos Santos 2024"},"content":{"rendered":"<p>Die \u201eHeiligen\u201c, wie sie im Volksmund genannt werden, finden jedes Jahr statt, wenn der Oktober zu Ende geht und der November beginnt. F\u00fcr einige Tage verwandelt die Feira dos Santos den \u00f6ffentlichen Raum, in dem sie stattfindet, und die Realit\u00e4t des Ortes. Was fr\u00fcher ein Durchgangsraum war, Stra\u00dfen und Pl\u00e4tze mit ihren jeweiligen Bewohnern und H\u00e4ndlern, wird zu einem Raum der Geselligkeit, voll von Ger\u00e4uschen, Ger\u00fcchen und Bewegungen. Die Stadt ver\u00e4ndert sich, sie ist voller Leben, sie kleidet sich festlich, die Stra\u00dfen f\u00fcllen sich mit Menschen, Kommerz und Spa\u00df nehmen \u00fcberhand. Jedes Jahr findet in Chaves eines der gr\u00f6\u00dften Stra\u00dfenfeste des Landes statt.<\/p>\n<p>30. Oktober &#8211; Offizielle Er\u00f6ffnung, von 17.00 bis 02.00 Uhr<\/p>\n<p>31. Oktober, 1. und 2. November, von 08.00 bis 02.00 Uhr<\/p>\n<p>3. November, von 8.00 bis 20.00 Uhr.<\/p>\n<p>Organisiert von: ACISAT und der Stadtverwaltung von Chaves<\/p>\n","protected":false},"excerpt":{"rendered":"<p>Die \u201eHeiligen\u201c, wie sie im Volksmund genannt werden, finden jedes Jahr statt, wenn der Oktober zu Ende geht und der November beginnt. F\u00fcr einige Tage verwandelt die Feira dos Santos den \u00f6ffentlichen Raum, in dem sie stattfindet, und die Realit\u00e4t [&hellip;]<\/p>\n","protected":false},"author":5,"featured_media":33734,"comment_status":"closed","ping_status":"closed","template":"","tags":[],"mec_category":[726],"_links":{"self":[{"href":"https:\/\/visitaltotamegaebarroso.pt\/de\/wp-json\/wp\/v2\/mec-events\/33738"}],"collection":[{"href":"https:\/\/visitaltotamegaebarroso.pt\/de\/wp-json\/wp\/v2\/mec-events"}],"about":[{"href":"https:\/\/visitaltotamegaebarroso.pt\/de\/wp-json\/wp\/v2\/types\/mec-events"}],"author":[{"embeddable":true,"href":"https:\/\/visitaltotamegaebarroso.pt\/de\/wp-json\/wp\/v2\/users\/5"}],"replies":[{"embeddable":true,"href":"https:\/\/visitaltotamegaebarroso.pt\/de\/wp-json\/wp\/v2\/comments?post=33738"}],"wp:featuredmedia":[{"embeddable":true,"href":"https:\/\/visitaltotamegaebarroso.pt\/de\/wp-json\/wp\/v2\/media\/33734"}],"wp:attachment":[{"href":"https:\/\/visitaltotamegaebarroso.pt\/de\/wp-json\/wp\/v2\/media?parent=33738"}],"wp:term":[{"taxonomy":"post_tag","embeddable":true,"href":"https:\/\/visitaltotamegaebarroso.pt\/de\/wp-json\/wp\/v2\/tags?post=33738"},{"taxonomy":"mec_category","embeddable":true,"href":"https:\/\/visitaltotamegaebarroso.pt\/de\/wp-json\/wp\/v2\/mec_category?post=33738"}],"curies":[{"name":"wp","href":"https:\/\/api.w.org\/{rel}","templated":true}]}}

<p>Die „Heiligen“, wie sie im Volksmund genannt werden, finden jedes Jahr statt, wenn der Oktober zu Ende geht und der November beginnt. Für einige Tage verwandelt die Feira dos Santos den öffentlichen Raum, in dem sie stattfindet, und die Realität des Ortes. Was früher ein Durchgangsraum war, Straßen und Plätze mit ihren jeweiligen Bewohnern und Händlern, wird zu einem Raum der Geselligkeit, voll von Geräuschen, Gerüchen und Bewegungen. Die Stadt verändert sich, sie ist voller Leben, sie kleidet sich festlich, die Straßen füllen sich mit Menschen, Kommerz und Spaß nehmen überhand. Jedes Jahr findet in Chaves eines der größten Straßenfeste des Landes statt.</p>
<p>30. Oktober &#8211; Offizielle Eröffnung, von 17.00 bis 02.00 Uhr</p>
<p>31. Oktober, 1. und 2. November, von 08.00 bis 02.00 Uhr</p>
<p>3. November, von 8.00 bis 20.00 Uhr.</p>
<p>Organisiert von: ACISAT und der Stadtverwaltung von Chaves</p>

<p>Die „Heiligen“, wie sie im Volksmund genannt werden, finden jedes Jahr statt, wenn der Oktober zu Ende geht und der November beginnt. Für einige Tage verwandelt die Feira dos Santos den öffentlichen Raum, in dem sie stattfindet, und die Realität [&hellip;]</p>
