{"id":33535,"date":"2024-10-11T11:41:15","date_gmt":"2024-10-11T10:41:15","guid":{"rendered":"https:\/\/visitaltotamegaebarroso.pt\/?post_type=mec-events&#038;p=33535"},"modified":"2024-10-11T11:46:37","modified_gmt":"2024-10-11T10:46:37","slug":"joshua-benoliel","status":"publish","type":"mec-events","link":"https:\/\/visitaltotamegaebarroso.pt\/de\/events\/joshua-benoliel\/","title":{"rendered":"Joshua Benoliel"},"content":{"rendered":"<p>Die Dokumentarausstellung mit Fotografien von Joshua Benoliel, einem Fotojournalisten, den viele f\u00fcr den Vater des Fotojournalismus in Portugal halten, wird am 20. Mai er\u00f6ffnet. Es handelt sich um eine Wanderausstellung, die von der Abteilung Museum und Staatsb\u00fcrgerschaft der Versammlung der Republik gef\u00f6rdert wird. Zu sehen sind die Fotografien des Autors aus den Jahren 1906 bis 1924, die eine besonders wichtige Periode des politischen Lebens in Portugal dokumentieren.<\/p>\n<p>Joshua Benoliel wurde 1873 in Lissabon als Sohn einer j\u00fcdischen Familie geboren. Er war w\u00e4hrend der Regierungszeit von K\u00f6nig Carlos und K\u00f6nig Manuel II. als Fotojournalist t\u00e4tig, verfolgte die Ereignisse, die zur Revolution von 1910 f\u00fchrten, die monarchistischen Aufst\u00e4nde in der Ersten Republik und begleitete die portugiesische Armee, die w\u00e4hrend des Ersten Weltkriegs in Flandern k\u00e4mpfte.<\/p>\n","protected":false},"excerpt":{"rendered":"<p>Die Dokumentarausstellung mit Fotografien von Joshua Benoliel, einem Fotojournalisten, den viele f\u00fcr den Vater des Fotojournalismus in Portugal halten, wird am 20. Mai er\u00f6ffnet. Es handelt sich um eine Wanderausstellung, die von der Abteilung Museum und Staatsb\u00fcrgerschaft der Versammlung der [&hellip;]<\/p>\n","protected":false},"author":5,"featured_media":33531,"comment_status":"closed","ping_status":"closed","template":"","tags":[],"mec_category":[717],"_links":{"self":[{"href":"https:\/\/visitaltotamegaebarroso.pt\/de\/wp-json\/wp\/v2\/mec-events\/33535"}],"collection":[{"href":"https:\/\/visitaltotamegaebarroso.pt\/de\/wp-json\/wp\/v2\/mec-events"}],"about":[{"href":"https:\/\/visitaltotamegaebarroso.pt\/de\/wp-json\/wp\/v2\/types\/mec-events"}],"author":[{"embeddable":true,"href":"https:\/\/visitaltotamegaebarroso.pt\/de\/wp-json\/wp\/v2\/users\/5"}],"replies":[{"embeddable":true,"href":"https:\/\/visitaltotamegaebarroso.pt\/de\/wp-json\/wp\/v2\/comments?post=33535"}],"wp:featuredmedia":[{"embeddable":true,"href":"https:\/\/visitaltotamegaebarroso.pt\/de\/wp-json\/wp\/v2\/media\/33531"}],"wp:attachment":[{"href":"https:\/\/visitaltotamegaebarroso.pt\/de\/wp-json\/wp\/v2\/media?parent=33535"}],"wp:term":[{"taxonomy":"post_tag","embeddable":true,"href":"https:\/\/visitaltotamegaebarroso.pt\/de\/wp-json\/wp\/v2\/tags?post=33535"},{"taxonomy":"mec_category","embeddable":true,"href":"https:\/\/visitaltotamegaebarroso.pt\/de\/wp-json\/wp\/v2\/mec_category?post=33535"}],"curies":[{"name":"wp","href":"https:\/\/api.w.org\/{rel}","templated":true}]}}

<p>Die Dokumentarausstellung mit Fotografien von Joshua Benoliel, einem Fotojournalisten, den viele für den Vater des Fotojournalismus in Portugal halten, wird am 20. Mai eröffnet. Es handelt sich um eine Wanderausstellung, die von der Abteilung Museum und Staatsbürgerschaft der Versammlung der Republik gefördert wird. Zu sehen sind die Fotografien des Autors aus den Jahren 1906 bis 1924, die eine besonders wichtige Periode des politischen Lebens in Portugal dokumentieren.</p>
<p>Joshua Benoliel wurde 1873 in Lissabon als Sohn einer jüdischen Familie geboren. Er war während der Regierungszeit von König Carlos und König Manuel II. als Fotojournalist tätig, verfolgte die Ereignisse, die zur Revolution von 1910 führten, die monarchistischen Aufstände in der Ersten Republik und begleitete die portugiesische Armee, die während des Ersten Weltkriegs in Flandern kämpfte.</p>

<p>Die Dokumentarausstellung mit Fotografien von Joshua Benoliel, einem Fotojournalisten, den viele für den Vater des Fotojournalismus in Portugal halten, wird am 20. Mai eröffnet. Es handelt sich um eine Wanderausstellung, die von der Abteilung Museum und Staatsbürgerschaft der Versammlung der [&hellip;]</p>
