{"id":33409,"date":"2024-10-06T12:58:32","date_gmt":"2024-10-06T11:58:32","guid":{"rendered":"https:\/\/visitaltotamegaebarroso.pt\/events\/chaves-madalena-markt-4\/"},"modified":"2024-10-06T12:58:32","modified_gmt":"2024-10-06T11:58:32","slug":"chaves-madalena-markt-4","status":"publish","type":"mec-events","link":"https:\/\/visitaltotamegaebarroso.pt\/de\/events\/chaves-madalena-markt-4\/","title":{"rendered":"Chaves | Madalena Markt"},"content":{"rendered":"<p>Messe f\u00fcr regionale Produkte.<\/p>\n<p>Org.: AmoChaves &#8211; Vereinigung der Bewohner des historischen Zentrums von Chaves<br \/>\nUnterst\u00fctzung: Stadtverwaltung von Chaves und Gemeindeverband von Madalena und Samai\u00f5es<\/p>\n","protected":false},"excerpt":{"rendered":"<p>Messe f\u00fcr regionale Produkte. Org.: AmoChaves &#8211; Vereinigung der Bewohner des historischen Zentrums von Chaves Unterst\u00fctzung: Stadtverwaltung von Chaves und Gemeindeverband von Madalena und Samai\u00f5es<\/p>\n","protected":false},"author":5,"featured_media":22685,"comment_status":"closed","ping_status":"closed","template":"","tags":[],"mec_category":[726],"_links":{"self":[{"href":"https:\/\/visitaltotamegaebarroso.pt\/de\/wp-json\/wp\/v2\/mec-events\/33409"}],"collection":[{"href":"https:\/\/visitaltotamegaebarroso.pt\/de\/wp-json\/wp\/v2\/mec-events"}],"about":[{"href":"https:\/\/visitaltotamegaebarroso.pt\/de\/wp-json\/wp\/v2\/types\/mec-events"}],"author":[{"embeddable":true,"href":"https:\/\/visitaltotamegaebarroso.pt\/de\/wp-json\/wp\/v2\/users\/5"}],"replies":[{"embeddable":true,"href":"https:\/\/visitaltotamegaebarroso.pt\/de\/wp-json\/wp\/v2\/comments?post=33409"}],"wp:featuredmedia":[{"embeddable":true,"href":"https:\/\/visitaltotamegaebarroso.pt\/de\/wp-json\/wp\/v2\/media\/22685"}],"wp:attachment":[{"href":"https:\/\/visitaltotamegaebarroso.pt\/de\/wp-json\/wp\/v2\/media?parent=33409"}],"wp:term":[{"taxonomy":"post_tag","embeddable":true,"href":"https:\/\/visitaltotamegaebarroso.pt\/de\/wp-json\/wp\/v2\/tags?post=33409"},{"taxonomy":"mec_category","embeddable":true,"href":"https:\/\/visitaltotamegaebarroso.pt\/de\/wp-json\/wp\/v2\/mec_category?post=33409"}],"curies":[{"name":"wp","href":"https:\/\/api.w.org\/{rel}","templated":true}]}}

<p>Messe für regionale Produkte.</p>
<p>Org.: AmoChaves &#8211; Vereinigung der Bewohner des historischen Zentrums von Chaves<br />
Unterstützung: Stadtverwaltung von Chaves und Gemeindeverband von Madalena und Samaiões</p>

<p>Messe für regionale Produkte. Org.: AmoChaves &#8211; Vereinigung der Bewohner des historischen Zentrums von Chaves Unterstützung: Stadtverwaltung von Chaves und Gemeindeverband von Madalena und Samaiões</p>
