{"id":33290,"date":"2024-09-30T17:27:39","date_gmt":"2024-09-30T16:27:39","guid":{"rendered":"https:\/\/visitaltotamegaebarroso.pt\/?post_type=mec-events&#038;p=33290"},"modified":"2024-09-30T17:41:55","modified_gmt":"2024-09-30T16:41:55","slug":"durch-die-ader-des-wissens","status":"publish","type":"mec-events","link":"https:\/\/visitaltotamegaebarroso.pt\/de\/events\/durch-die-ader-des-wissens\/","title":{"rendered":"Durch die Ader des Wissens"},"content":{"rendered":"<p>Die tempor\u00e4re Ausstellung \u201ePelo Fil\u00e3o do Conhecimento: Exposi\u00e7\u00e3o sobre a Escola Profissional das Minas da Borralha\u201c wird im Ecomuseu de Barroso &#8211; Centro Interpretativo das Minas da Borralha vom 6. Oktober (dem Tag der Er\u00f6ffnung der Escola Profissional das Minas da Borralha) bis zum 31. Dezember zu sehen sein.<\/p>\n<p>In dieser Ausstellung werden Gegenst\u00e4nde und Dokumente von Personen ausgestellt, die mit der Schule und dem Dorf Minas da Borralha verbunden sind und die sie dem Ecomuseu de Barroso freundlicherweise zur Verf\u00fcgung gestellt haben.<\/p>\n<p>Kommen Sie und besuchen Sie uns!<\/p>\n","protected":false},"excerpt":{"rendered":"<p>Die tempor\u00e4re Ausstellung \u201ePelo Fil\u00e3o do Conhecimento: Exposi\u00e7\u00e3o sobre a Escola Profissional das Minas da Borralha\u201c wird im Ecomuseu de Barroso &#8211; Centro Interpretativo das Minas da Borralha vom 6. Oktober (dem Tag der Er\u00f6ffnung der Escola Profissional das Minas [&hellip;]<\/p>\n","protected":false},"author":5,"featured_media":33286,"comment_status":"closed","ping_status":"closed","template":"","tags":[],"mec_category":[717],"_links":{"self":[{"href":"https:\/\/visitaltotamegaebarroso.pt\/de\/wp-json\/wp\/v2\/mec-events\/33290"}],"collection":[{"href":"https:\/\/visitaltotamegaebarroso.pt\/de\/wp-json\/wp\/v2\/mec-events"}],"about":[{"href":"https:\/\/visitaltotamegaebarroso.pt\/de\/wp-json\/wp\/v2\/types\/mec-events"}],"author":[{"embeddable":true,"href":"https:\/\/visitaltotamegaebarroso.pt\/de\/wp-json\/wp\/v2\/users\/5"}],"replies":[{"embeddable":true,"href":"https:\/\/visitaltotamegaebarroso.pt\/de\/wp-json\/wp\/v2\/comments?post=33290"}],"wp:featuredmedia":[{"embeddable":true,"href":"https:\/\/visitaltotamegaebarroso.pt\/de\/wp-json\/wp\/v2\/media\/33286"}],"wp:attachment":[{"href":"https:\/\/visitaltotamegaebarroso.pt\/de\/wp-json\/wp\/v2\/media?parent=33290"}],"wp:term":[{"taxonomy":"post_tag","embeddable":true,"href":"https:\/\/visitaltotamegaebarroso.pt\/de\/wp-json\/wp\/v2\/tags?post=33290"},{"taxonomy":"mec_category","embeddable":true,"href":"https:\/\/visitaltotamegaebarroso.pt\/de\/wp-json\/wp\/v2\/mec_category?post=33290"}],"curies":[{"name":"wp","href":"https:\/\/api.w.org\/{rel}","templated":true}]}}

<p>Die temporäre Ausstellung „Pelo Filão do Conhecimento: Exposição sobre a Escola Profissional das Minas da Borralha“ wird im Ecomuseu de Barroso &#8211; Centro Interpretativo das Minas da Borralha vom 6. Oktober (dem Tag der Eröffnung der Escola Profissional das Minas da Borralha) bis zum 31. Dezember zu sehen sein.</p>
<p>In dieser Ausstellung werden Gegenstände und Dokumente von Personen ausgestellt, die mit der Schule und dem Dorf Minas da Borralha verbunden sind und die sie dem Ecomuseu de Barroso freundlicherweise zur Verfügung gestellt haben.</p>
<p>Kommen Sie und besuchen Sie uns!</p>

<p>Die temporäre Ausstellung „Pelo Filão do Conhecimento: Exposição sobre a Escola Profissional das Minas da Borralha“ wird im Ecomuseu de Barroso &#8211; Centro Interpretativo das Minas da Borralha vom 6. Oktober (dem Tag der Eröffnung der Escola Profissional das Minas [&hellip;]</p>
