{"id":33225,"date":"2024-09-26T09:20:39","date_gmt":"2024-09-26T08:20:39","guid":{"rendered":"https:\/\/visitaltotamegaebarroso.pt\/?post_type=mec-events&#038;p=33225"},"modified":"2024-09-26T09:24:11","modified_gmt":"2024-09-26T08:24:11","slug":"beetlejuice-2","status":"publish","type":"mec-events","link":"https:\/\/visitaltotamegaebarroso.pt\/de\/events\/beetlejuice-2\/","title":{"rendered":"Beetlejuice"},"content":{"rendered":"<p><strong>Kino (M12) | Beetlejuice\u201c.<\/strong><\/p>\n<p>Nach einer unerwarteten Familientrag\u00f6die kehren drei Generationen der Familie Deetz in ihr Haus in Winter River zur\u00fcck, wo sie in der Vergangenheit von Beetlejuice gequ\u00e4lt wurden, einem Geist, dessen einziges Ziel es war, sie aus dem Haus zu vertreiben.<\/p>\n<p>Lydia Deetz, inzwischen erwachsen, ist die Mutter von Astrid, einem rebellischen Teenager, der bei der Erkundung des Dachbodens des alten Hauses das Portal zur Welt der Toten wieder \u00f6ffnet, denn es bringt Beetlejuice zur\u00fcck, der das Leben der Deetz-Familie ins Chaos st\u00fcrzen wird.<\/p>\n<p>Mit seinem schrulligen Humor und seinem einzigartigen Stil wird Beetlejuice weitere Verwirrung stiften und die Welt der Lebenden und der Toten auf eine Weise durcheinander bringen, wie nur er es kann.<\/p>\n<p>Seien Sie dabei und sehen Sie sich dieses Abenteuer voller Humor und Komik am kommenden Freitag, den 27. September, um 21.30 Uhr im Auditorium Lu\u00eds Teixeira f\u00fcr Kunst und Kultur an.<\/p>\n","protected":false},"excerpt":{"rendered":"<p>Kino (M12) | Beetlejuice\u201c. Nach einer unerwarteten Familientrag\u00f6die kehren drei Generationen der Familie Deetz in ihr Haus in Winter River zur\u00fcck, wo sie in der Vergangenheit von Beetlejuice gequ\u00e4lt wurden, einem Geist, dessen einziges Ziel es war, sie aus dem [&hellip;]<\/p>\n","protected":false},"author":5,"featured_media":33221,"comment_status":"closed","ping_status":"closed","template":"","tags":[],"mec_category":[1315],"_links":{"self":[{"href":"https:\/\/visitaltotamegaebarroso.pt\/de\/wp-json\/wp\/v2\/mec-events\/33225"}],"collection":[{"href":"https:\/\/visitaltotamegaebarroso.pt\/de\/wp-json\/wp\/v2\/mec-events"}],"about":[{"href":"https:\/\/visitaltotamegaebarroso.pt\/de\/wp-json\/wp\/v2\/types\/mec-events"}],"author":[{"embeddable":true,"href":"https:\/\/visitaltotamegaebarroso.pt\/de\/wp-json\/wp\/v2\/users\/5"}],"replies":[{"embeddable":true,"href":"https:\/\/visitaltotamegaebarroso.pt\/de\/wp-json\/wp\/v2\/comments?post=33225"}],"wp:featuredmedia":[{"embeddable":true,"href":"https:\/\/visitaltotamegaebarroso.pt\/de\/wp-json\/wp\/v2\/media\/33221"}],"wp:attachment":[{"href":"https:\/\/visitaltotamegaebarroso.pt\/de\/wp-json\/wp\/v2\/media?parent=33225"}],"wp:term":[{"taxonomy":"post_tag","embeddable":true,"href":"https:\/\/visitaltotamegaebarroso.pt\/de\/wp-json\/wp\/v2\/tags?post=33225"},{"taxonomy":"mec_category","embeddable":true,"href":"https:\/\/visitaltotamegaebarroso.pt\/de\/wp-json\/wp\/v2\/mec_category?post=33225"}],"curies":[{"name":"wp","href":"https:\/\/api.w.org\/{rel}","templated":true}]}}

<p><strong>Kino (M12) | Beetlejuice“.</strong></p>
<p>Nach einer unerwarteten Familientragödie kehren drei Generationen der Familie Deetz in ihr Haus in Winter River zurück, wo sie in der Vergangenheit von Beetlejuice gequält wurden, einem Geist, dessen einziges Ziel es war, sie aus dem Haus zu vertreiben.</p>
<p>Lydia Deetz, inzwischen erwachsen, ist die Mutter von Astrid, einem rebellischen Teenager, der bei der Erkundung des Dachbodens des alten Hauses das Portal zur Welt der Toten wieder öffnet, denn es bringt Beetlejuice zurück, der das Leben der Deetz-Familie ins Chaos stürzen wird.</p>
<p>Mit seinem schrulligen Humor und seinem einzigartigen Stil wird Beetlejuice weitere Verwirrung stiften und die Welt der Lebenden und der Toten auf eine Weise durcheinander bringen, wie nur er es kann.</p>
<p>Seien Sie dabei und sehen Sie sich dieses Abenteuer voller Humor und Komik am kommenden Freitag, den 27. September, um 21.30 Uhr im Auditorium Luís Teixeira für Kunst und Kultur an.</p>

<p>Kino (M12) | Beetlejuice“. Nach einer unerwarteten Familientragödie kehren drei Generationen der Familie Deetz in ihr Haus in Winter River zurück, wo sie in der Vergangenheit von Beetlejuice gequält wurden, einem Geist, dessen einziges Ziel es war, sie aus dem [&hellip;]</p>
