{"id":33090,"date":"2024-09-20T12:49:04","date_gmt":"2024-09-20T11:49:04","guid":{"rendered":"https:\/\/visitaltotamegaebarroso.pt\/events\/23-bis-29-september-erntedankfest-in-der-ptat-gefoerdert\/"},"modified":"2024-09-20T12:49:04","modified_gmt":"2024-09-20T11:49:04","slug":"23-bis-29-september-erntedankfest-in-der-ptat-gefoerdert","status":"publish","type":"mec-events","link":"https:\/\/visitaltotamegaebarroso.pt\/de\/events\/23-bis-29-september-erntedankfest-in-der-ptat-gefoerdert\/","title":{"rendered":"23. bis 29. September | \u201eErntedankfest\u201c in der PTAT gef\u00f6rdert"},"content":{"rendered":"<p>Vom 23. bis 29. September werden im Fremdenverkehrsb\u00fcro Alto T\u00e2mega e Barroso (PTAT) verschiedene \u201elandwirtschaftliche Artefakte\u201c ausgestellt, die auf das Erntedankfest &#8211; Covas do Barroso &#8211; hinweisen.<\/p>\n<p>Diese Initiative wird in Zusammenarbeit mit der Umwelt- und Kulturvereinigung Celtiberus und dem Park Boticas &#8211; Natur und biologische Vielfalt durchgef\u00fchrt und zielt darauf ab, einige der landwirtschaftlichen Artefakte, die zur Erntezeit verwendet werden, auszustellen und so das materielle und immaterielle Erbe von Covas do Barroso (Boticas) bekannt zu machen sowie den Spaziergang \u201eErntefest\u201c zu f\u00f6rdern, der eine breite Palette von Aktivit\u00e4ten umfasst, darunter: Entlaubung, traditionelle Spiele, ein Markt f\u00fcr lokale Produkte, traditionelle Musik, Folklore und ein Besuch des l\u00e4ndlichen Museums.<\/p>\n<p>Die PTAT kann von Montag bis Sonntag in der Alameda do Tabolado in Chaves besucht werden.<\/p>\n<p>Wir freuen uns auf Ihren Besuch.<\/p>\n","protected":false},"excerpt":{"rendered":"<p>Vom 23. bis 29. September werden im Fremdenverkehrsb\u00fcro Alto T\u00e2mega e Barroso (PTAT) verschiedene \u201elandwirtschaftliche Artefakte\u201c ausgestellt, die auf das Erntedankfest &#8211; Covas do Barroso &#8211; hinweisen.<\/p>\n","protected":false},"author":3,"featured_media":33071,"comment_status":"closed","ping_status":"closed","template":"","tags":[],"mec_category":[],"_links":{"self":[{"href":"https:\/\/visitaltotamegaebarroso.pt\/de\/wp-json\/wp\/v2\/mec-events\/33090"}],"collection":[{"href":"https:\/\/visitaltotamegaebarroso.pt\/de\/wp-json\/wp\/v2\/mec-events"}],"about":[{"href":"https:\/\/visitaltotamegaebarroso.pt\/de\/wp-json\/wp\/v2\/types\/mec-events"}],"author":[{"embeddable":true,"href":"https:\/\/visitaltotamegaebarroso.pt\/de\/wp-json\/wp\/v2\/users\/3"}],"replies":[{"embeddable":true,"href":"https:\/\/visitaltotamegaebarroso.pt\/de\/wp-json\/wp\/v2\/comments?post=33090"}],"wp:featuredmedia":[{"embeddable":true,"href":"https:\/\/visitaltotamegaebarroso.pt\/de\/wp-json\/wp\/v2\/media\/33071"}],"wp:attachment":[{"href":"https:\/\/visitaltotamegaebarroso.pt\/de\/wp-json\/wp\/v2\/media?parent=33090"}],"wp:term":[{"taxonomy":"post_tag","embeddable":true,"href":"https:\/\/visitaltotamegaebarroso.pt\/de\/wp-json\/wp\/v2\/tags?post=33090"},{"taxonomy":"mec_category","embeddable":true,"href":"https:\/\/visitaltotamegaebarroso.pt\/de\/wp-json\/wp\/v2\/mec_category?post=33090"}],"curies":[{"name":"wp","href":"https:\/\/api.w.org\/{rel}","templated":true}]}}

23. bis 29. September | „Erntedankfest“ in der PTAT gefördert

<p>Vom 23. bis 29. September werden im Fremdenverkehrsbüro Alto Tâmega e Barroso (PTAT) verschiedene „landwirtschaftliche Artefakte“ ausgestellt, die auf das Erntedankfest &#8211; Covas do Barroso &#8211; hinweisen.</p>
<p>Diese Initiative wird in Zusammenarbeit mit der Umwelt- und Kulturvereinigung Celtiberus und dem Park Boticas &#8211; Natur und biologische Vielfalt durchgeführt und zielt darauf ab, einige der landwirtschaftlichen Artefakte, die zur Erntezeit verwendet werden, auszustellen und so das materielle und immaterielle Erbe von Covas do Barroso (Boticas) bekannt zu machen sowie den Spaziergang „Erntefest“ zu fördern, der eine breite Palette von Aktivitäten umfasst, darunter: Entlaubung, traditionelle Spiele, ein Markt für lokale Produkte, traditionelle Musik, Folklore und ein Besuch des ländlichen Museums.</p>
<p>Die PTAT kann von Montag bis Sonntag in der Alameda do Tabolado in Chaves besucht werden.</p>
<p>Wir freuen uns auf Ihren Besuch.</p>

<p>Vom 23. bis 29. September werden im Fremdenverkehrsbüro Alto Tâmega e Barroso (PTAT) verschiedene „landwirtschaftliche Artefakte“ ausgestellt, die auf das Erntedankfest &#8211; Covas do Barroso &#8211; hinweisen.</p>
