{"id":32494,"date":"2024-09-12T19:16:10","date_gmt":"2024-09-12T18:16:10","guid":{"rendered":"https:\/\/visitaltotamegaebarroso.pt\/events\/chaves-festlichkeiten-zu-ehren-unserer-lieben-frau-von-der-gnade\/"},"modified":"2024-09-12T19:16:10","modified_gmt":"2024-09-12T18:16:10","slug":"chaves-festlichkeiten-zu-ehren-unserer-lieben-frau-von-der-gnade","status":"publish","type":"mec-events","link":"https:\/\/visitaltotamegaebarroso.pt\/de\/events\/chaves-festlichkeiten-zu-ehren-unserer-lieben-frau-von-der-gnade\/","title":{"rendered":"Chaves | Festlichkeiten zu Ehren Unserer Lieben Frau von der Gnade"},"content":{"rendered":"<p>Am Sonntag, den 15. September um 16 Uhr finden im \u00f6ffentlichen Garten von Chaves die Feierlichkeiten zu Ehren Unserer Lieben Frau von der Gnade statt, die traditionell am dritten Sonntag im September mit einer Eucharistie unter freiem Himmel gefeiert wird, der Seine Exzellenz Ant\u00f3nio Augusto de Azevedo, Bischof der Di\u00f6zese Vila Real, vorsteht.<br \/>\nDiese Feier, die jedes Jahr Tausende von Gl\u00e4ubigen aus Verehrung f\u00fcr den Schutzpatron der Stadt anzieht, f\u00fcllt die Stra\u00dfen von Flavi mit Gl\u00e4ubigen und schlie\u00dft auch die \u00fcbliche Prozession um 17:00 Uhr ein. An der religi\u00f6sen Prozession, die zur Kirche Santa Maria Maior an der Pra\u00e7a de Cam\u00f5es zur\u00fcckkehrt, nehmen die Schutzheiligen der \u00f6rtlichen Pfarreien teil, begleitet von der Stadtkapelle \u201eOs Pardais\u201c und der Musikkapelle Vila Verde da Raia.<br \/>\nDie Feierlichkeiten zu Ehren der Muttergottes der Gnade und die traditionelle Prozession durch das historische Zentrum von Chaves ziehen jedes Jahr Tausende von Gl\u00e4ubigen aus verschiedenen Teilen der Region und des Landes an, was sie zur gr\u00f6\u00dften Prozession der Gemeinde macht.<br \/>\nDie Veranstaltung, an der rund ein halbes Hundert Festwagen aus den verschiedenen Gemeinden der Gemeinde teilnehmen, wird in Partnerschaft zwischen dem Rathaus, der Pfarrei Santa Maria Maior und der Pfarrei Madalena organisiert, mit der wichtigen Unterst\u00fctzung der Pfarrgemeinder\u00e4te und Pfarreien der Gemeinde.<\/p>\n","protected":false},"excerpt":{"rendered":"<p>Am Sonntag, den 15. September um 16 Uhr finden im \u00f6ffentlichen Garten von Chaves die Feierlichkeiten zu Ehren Unserer Lieben Frau von der Gnade statt, die traditionell am dritten Sonntag im September mit einer Eucharistie unter freiem Himmel gefeiert wird, [&hellip;]<\/p>\n","protected":false},"author":5,"featured_media":32490,"comment_status":"closed","ping_status":"closed","template":"","tags":[],"mec_category":[717],"_links":{"self":[{"href":"https:\/\/visitaltotamegaebarroso.pt\/de\/wp-json\/wp\/v2\/mec-events\/32494"}],"collection":[{"href":"https:\/\/visitaltotamegaebarroso.pt\/de\/wp-json\/wp\/v2\/mec-events"}],"about":[{"href":"https:\/\/visitaltotamegaebarroso.pt\/de\/wp-json\/wp\/v2\/types\/mec-events"}],"author":[{"embeddable":true,"href":"https:\/\/visitaltotamegaebarroso.pt\/de\/wp-json\/wp\/v2\/users\/5"}],"replies":[{"embeddable":true,"href":"https:\/\/visitaltotamegaebarroso.pt\/de\/wp-json\/wp\/v2\/comments?post=32494"}],"wp:featuredmedia":[{"embeddable":true,"href":"https:\/\/visitaltotamegaebarroso.pt\/de\/wp-json\/wp\/v2\/media\/32490"}],"wp:attachment":[{"href":"https:\/\/visitaltotamegaebarroso.pt\/de\/wp-json\/wp\/v2\/media?parent=32494"}],"wp:term":[{"taxonomy":"post_tag","embeddable":true,"href":"https:\/\/visitaltotamegaebarroso.pt\/de\/wp-json\/wp\/v2\/tags?post=32494"},{"taxonomy":"mec_category","embeddable":true,"href":"https:\/\/visitaltotamegaebarroso.pt\/de\/wp-json\/wp\/v2\/mec_category?post=32494"}],"curies":[{"name":"wp","href":"https:\/\/api.w.org\/{rel}","templated":true}]}}

<p>Am Sonntag, den 15. September um 16 Uhr finden im öffentlichen Garten von Chaves die Feierlichkeiten zu Ehren Unserer Lieben Frau von der Gnade statt, die traditionell am dritten Sonntag im September mit einer Eucharistie unter freiem Himmel gefeiert wird, der Seine Exzellenz António Augusto de Azevedo, Bischof der Diözese Vila Real, vorsteht.<br />
Diese Feier, die jedes Jahr Tausende von Gläubigen aus Verehrung für den Schutzpatron der Stadt anzieht, füllt die Straßen von Flavi mit Gläubigen und schließt auch die übliche Prozession um 17:00 Uhr ein. An der religiösen Prozession, die zur Kirche Santa Maria Maior an der Praça de Camões zurückkehrt, nehmen die Schutzheiligen der örtlichen Pfarreien teil, begleitet von der Stadtkapelle „Os Pardais“ und der Musikkapelle Vila Verde da Raia.<br />
Die Feierlichkeiten zu Ehren der Muttergottes der Gnade und die traditionelle Prozession durch das historische Zentrum von Chaves ziehen jedes Jahr Tausende von Gläubigen aus verschiedenen Teilen der Region und des Landes an, was sie zur größten Prozession der Gemeinde macht.<br />
Die Veranstaltung, an der rund ein halbes Hundert Festwagen aus den verschiedenen Gemeinden der Gemeinde teilnehmen, wird in Partnerschaft zwischen dem Rathaus, der Pfarrei Santa Maria Maior und der Pfarrei Madalena organisiert, mit der wichtigen Unterstützung der Pfarrgemeinderäte und Pfarreien der Gemeinde.</p>

<p>Am Sonntag, den 15. September um 16 Uhr finden im öffentlichen Garten von Chaves die Feierlichkeiten zu Ehren Unserer Lieben Frau von der Gnade statt, die traditionell am dritten Sonntag im September mit einer Eucharistie unter freiem Himmel gefeiert wird, [&hellip;]</p>
