{"id":32238,"date":"2024-09-07T14:18:40","date_gmt":"2024-09-07T13:18:40","guid":{"rendered":"https:\/\/visitaltotamegaebarroso.pt\/events\/chaves-trans-iberische-wasserrallye\/"},"modified":"2024-09-09T12:43:10","modified_gmt":"2024-09-09T11:43:10","slug":"chaves-trans-iberische-wasserrallye","status":"publish","type":"mec-events","link":"https:\/\/visitaltotamegaebarroso.pt\/de\/events\/chaves-trans-iberische-wasserrallye\/","title":{"rendered":"Chaves | Trans-Iberische Wasserrallye &#8211; Autogrammstunde"},"content":{"rendered":"<p>Die Ausgabe 2024 der Wasserrallye Eurocidade Chaves-Ver\u00edn Transib\u00e9rico wartet mit mehreren Neuerungen auf. Sie beginnt am Vorabend, dem 12. (Donnerstag), mit einer Autogrammstunde und einer Fahrzeugausstellung neben dem Fremdenverkehrsb\u00fcro Alto T\u00e2mega in Chaves. Eine Gelegenheit, mit den Fahrern des Rennens auf Tuchf\u00fchlung zu gehen.<\/p>\n<p><a href=\"https:\/\/rali-da-agua.cami.pt\/\">https:\/\/rali-da-agua.cami.pt\/<\/a><\/p>\n","protected":false},"excerpt":{"rendered":"<p>Die Ausgabe 2024 der Wasserrallye Eurocidade Chaves-Ver\u00edn Transib\u00e9rico wartet mit mehreren Neuerungen auf. Sie beginnt am Vorabend, dem 12. (Donnerstag), mit einer Autogrammstunde und einer Fahrzeugausstellung neben dem Fremdenverkehrsb\u00fcro Alto T\u00e2mega in Chaves. Eine Gelegenheit, mit den Fahrern des Rennens [&hellip;]<\/p>\n","protected":false},"author":5,"featured_media":32234,"comment_status":"closed","ping_status":"closed","template":"","tags":[],"mec_category":[719],"_links":{"self":[{"href":"https:\/\/visitaltotamegaebarroso.pt\/de\/wp-json\/wp\/v2\/mec-events\/32238"}],"collection":[{"href":"https:\/\/visitaltotamegaebarroso.pt\/de\/wp-json\/wp\/v2\/mec-events"}],"about":[{"href":"https:\/\/visitaltotamegaebarroso.pt\/de\/wp-json\/wp\/v2\/types\/mec-events"}],"author":[{"embeddable":true,"href":"https:\/\/visitaltotamegaebarroso.pt\/de\/wp-json\/wp\/v2\/users\/5"}],"replies":[{"embeddable":true,"href":"https:\/\/visitaltotamegaebarroso.pt\/de\/wp-json\/wp\/v2\/comments?post=32238"}],"wp:featuredmedia":[{"embeddable":true,"href":"https:\/\/visitaltotamegaebarroso.pt\/de\/wp-json\/wp\/v2\/media\/32234"}],"wp:attachment":[{"href":"https:\/\/visitaltotamegaebarroso.pt\/de\/wp-json\/wp\/v2\/media?parent=32238"}],"wp:term":[{"taxonomy":"post_tag","embeddable":true,"href":"https:\/\/visitaltotamegaebarroso.pt\/de\/wp-json\/wp\/v2\/tags?post=32238"},{"taxonomy":"mec_category","embeddable":true,"href":"https:\/\/visitaltotamegaebarroso.pt\/de\/wp-json\/wp\/v2\/mec_category?post=32238"}],"curies":[{"name":"wp","href":"https:\/\/api.w.org\/{rel}","templated":true}]}}

<p>Die Ausgabe 2024 der Wasserrallye Eurocidade Chaves-Verín Transibérico wartet mit mehreren Neuerungen auf. Sie beginnt am Vorabend, dem 12. (Donnerstag), mit einer Autogrammstunde und einer Fahrzeugausstellung neben dem Fremdenverkehrsbüro Alto Tâmega in Chaves. Eine Gelegenheit, mit den Fahrern des Rennens auf Tuchfühlung zu gehen.</p>
<p><a href="https://rali-da-agua.cami.pt/">https://rali-da-agua.cami.pt/</a></p>

<p>Die Ausgabe 2024 der Wasserrallye Eurocidade Chaves-Verín Transibérico wartet mit mehreren Neuerungen auf. Sie beginnt am Vorabend, dem 12. (Donnerstag), mit einer Autogrammstunde und einer Fahrzeugausstellung neben dem Fremdenverkehrsbüro Alto Tâmega in Chaves. Eine Gelegenheit, mit den Fahrern des Rennens [&hellip;]</p>
