{"id":32088,"date":"2024-09-04T13:59:32","date_gmt":"2024-09-04T12:59:32","guid":{"rendered":"https:\/\/visitaltotamegaebarroso.pt\/events\/chaves-nove-aldeias-um-povo\/"},"modified":"2024-09-04T13:59:32","modified_gmt":"2024-09-04T12:59:32","slug":"chaves-nove-aldeias-um-povo","status":"publish","type":"mec-events","link":"https:\/\/visitaltotamegaebarroso.pt\/de\/events\/chaves-nove-aldeias-um-povo\/","title":{"rendered":"Chaves | \u201cNove Aldeias, Um Povo\u201d"},"content":{"rendered":"<p>Die zweite Phase von \u201eNeun D\u00f6rfer, ein Volk\u201c beginnt am kommenden Freitag, 6. September, um 21.30 Uhr im Auditorium des Kulturzentrums von Chaves. Bei diesem ersten Konzert werden die Philharmonische Band und der Gemeinschaftschor Originalkompositionen auff\u00fchren.<\/p>\n<p>Das Projekt ist das Ergebnis der Zusammenarbeit zwischen der Banda Musical de Loivos, dem Gemeinschaftschor \u201e9A1P\u201c und Gastkomponisten. In sechs Konzerten, die bereits geplant sind, wird das seit 2023 entstandene Werk pr\u00e4sentiert.<\/p>\n<p>Das Projekt zielt darauf ab, die Einheit zwischen neun D\u00f6rfern in der Region Alto T\u00e2mega durch Musik, Kultur und gemeinschaftlichen Zusammenhalt zu f\u00f6rdern, indem lokalen Musiktalenten die M\u00f6glichkeit gegeben wird, sich zu profilieren und gleichzeitig die Identit\u00e4t und die Traditionen der Menschen durch die Pr\u00e4sentation von sechs Originalwerken, die von jeder der teilnehmenden Gemeinden inspiriert sind, zu f\u00f6rdern.<\/p>\n<p>Das Projekt umfasst auch \u00f6ffentliche Proben, die in den n\u00e4chsten zwei Wochen in Bornes de Aguiar, Vilar de Nantes, Oura, Sabroso und Loivos stattfinden werden; eine offene Probe hat bereits in Vidago stattgefunden.<\/p>\n","protected":false},"excerpt":{"rendered":"<p>Die zweite Phase von \u201eNeun D\u00f6rfer, ein Volk\u201c beginnt am kommenden Freitag, 6. September, um 21.30 Uhr im Auditorium des Kulturzentrums von Chaves. Bei diesem ersten Konzert werden die Philharmonische Band und der Gemeinschaftschor Originalkompositionen auff\u00fchren. Das Projekt ist das [&hellip;]<\/p>\n","protected":false},"author":5,"featured_media":32084,"comment_status":"closed","ping_status":"closed","template":"","tags":[],"mec_category":[717],"_links":{"self":[{"href":"https:\/\/visitaltotamegaebarroso.pt\/de\/wp-json\/wp\/v2\/mec-events\/32088"}],"collection":[{"href":"https:\/\/visitaltotamegaebarroso.pt\/de\/wp-json\/wp\/v2\/mec-events"}],"about":[{"href":"https:\/\/visitaltotamegaebarroso.pt\/de\/wp-json\/wp\/v2\/types\/mec-events"}],"author":[{"embeddable":true,"href":"https:\/\/visitaltotamegaebarroso.pt\/de\/wp-json\/wp\/v2\/users\/5"}],"replies":[{"embeddable":true,"href":"https:\/\/visitaltotamegaebarroso.pt\/de\/wp-json\/wp\/v2\/comments?post=32088"}],"wp:featuredmedia":[{"embeddable":true,"href":"https:\/\/visitaltotamegaebarroso.pt\/de\/wp-json\/wp\/v2\/media\/32084"}],"wp:attachment":[{"href":"https:\/\/visitaltotamegaebarroso.pt\/de\/wp-json\/wp\/v2\/media?parent=32088"}],"wp:term":[{"taxonomy":"post_tag","embeddable":true,"href":"https:\/\/visitaltotamegaebarroso.pt\/de\/wp-json\/wp\/v2\/tags?post=32088"},{"taxonomy":"mec_category","embeddable":true,"href":"https:\/\/visitaltotamegaebarroso.pt\/de\/wp-json\/wp\/v2\/mec_category?post=32088"}],"curies":[{"name":"wp","href":"https:\/\/api.w.org\/{rel}","templated":true}]}}

<p>Die zweite Phase von „Neun Dörfer, ein Volk“ beginnt am kommenden Freitag, 6. September, um 21.30 Uhr im Auditorium des Kulturzentrums von Chaves. Bei diesem ersten Konzert werden die Philharmonische Band und der Gemeinschaftschor Originalkompositionen aufführen.</p>
<p>Das Projekt ist das Ergebnis der Zusammenarbeit zwischen der Banda Musical de Loivos, dem Gemeinschaftschor „9A1P“ und Gastkomponisten. In sechs Konzerten, die bereits geplant sind, wird das seit 2023 entstandene Werk präsentiert.</p>
<p>Das Projekt zielt darauf ab, die Einheit zwischen neun Dörfern in der Region Alto Tâmega durch Musik, Kultur und gemeinschaftlichen Zusammenhalt zu fördern, indem lokalen Musiktalenten die Möglichkeit gegeben wird, sich zu profilieren und gleichzeitig die Identität und die Traditionen der Menschen durch die Präsentation von sechs Originalwerken, die von jeder der teilnehmenden Gemeinden inspiriert sind, zu fördern.</p>
<p>Das Projekt umfasst auch öffentliche Proben, die in den nächsten zwei Wochen in Bornes de Aguiar, Vilar de Nantes, Oura, Sabroso und Loivos stattfinden werden; eine offene Probe hat bereits in Vidago stattgefunden.</p>

<p>Die zweite Phase von „Neun Dörfer, ein Volk“ beginnt am kommenden Freitag, 6. September, um 21.30 Uhr im Auditorium des Kulturzentrums von Chaves. Bei diesem ersten Konzert werden die Philharmonische Band und der Gemeinschaftschor Originalkompositionen aufführen. Das Projekt ist das [&hellip;]</p>
