{"id":32048,"date":"2024-09-03T12:33:09","date_gmt":"2024-09-03T11:33:09","guid":{"rendered":"https:\/\/visitaltotamegaebarroso.pt\/events\/montalegre-freitag-der-13\/"},"modified":"2024-09-03T12:33:09","modified_gmt":"2024-09-03T11:33:09","slug":"montalegre-freitag-der-13","status":"publish","type":"mec-events","link":"https:\/\/visitaltotamegaebarroso.pt\/de\/events\/montalegre-freitag-der-13\/","title":{"rendered":"Montalegre | Freitag der 13."},"content":{"rendered":"<p><img decoding=\"async\" loading=\"lazy\" class=\"alignnone size-medium wp-image-32041\" src=\"https:\/\/visitaltotamegaebarroso.pt\/wp-content\/uploads\/2024\/09\/s13b-300x300.jpg\" alt=\"\" width=\"300\" height=\"300\" srcset=\"https:\/\/visitaltotamegaebarroso.pt\/wp-content\/uploads\/2024\/09\/s13b-300x300.jpg 300w, https:\/\/visitaltotamegaebarroso.pt\/wp-content\/uploads\/2024\/09\/s13b-150x150.jpg 150w, https:\/\/visitaltotamegaebarroso.pt\/wp-content\/uploads\/2024\/09\/s13b-500x500.jpg 500w, https:\/\/visitaltotamegaebarroso.pt\/wp-content\/uploads\/2024\/09\/s13b-550x550.jpg 550w, https:\/\/visitaltotamegaebarroso.pt\/wp-content\/uploads\/2024\/09\/s13b.jpg 700w\" sizes=\"(max-width: 300px) 100vw, 300px\" \/> <img decoding=\"async\" loading=\"lazy\" class=\"alignnone size-medium wp-image-32031\" src=\"https:\/\/visitaltotamegaebarroso.pt\/wp-content\/uploads\/2024\/09\/s13-300x300.jpg\" alt=\"\" width=\"300\" height=\"300\" srcset=\"https:\/\/visitaltotamegaebarroso.pt\/wp-content\/uploads\/2024\/09\/s13-300x300.jpg 300w, https:\/\/visitaltotamegaebarroso.pt\/wp-content\/uploads\/2024\/09\/s13-150x150.jpg 150w, https:\/\/visitaltotamegaebarroso.pt\/wp-content\/uploads\/2024\/09\/s13-500x500.jpg 500w, https:\/\/visitaltotamegaebarroso.pt\/wp-content\/uploads\/2024\/09\/s13-550x550.jpg 550w, https:\/\/visitaltotamegaebarroso.pt\/wp-content\/uploads\/2024\/09\/s13.jpg 700w\" sizes=\"(max-width: 300px) 100vw, 300px\" \/> <img decoding=\"async\" loading=\"lazy\" class=\"alignnone size-medium wp-image-32026\" src=\"https:\/\/visitaltotamegaebarroso.pt\/wp-content\/uploads\/2024\/09\/a13c-300x300.jpg\" alt=\"\" width=\"300\" height=\"300\" srcset=\"https:\/\/visitaltotamegaebarroso.pt\/wp-content\/uploads\/2024\/09\/a13c-300x300.jpg 300w, https:\/\/visitaltotamegaebarroso.pt\/wp-content\/uploads\/2024\/09\/a13c-150x150.jpg 150w, https:\/\/visitaltotamegaebarroso.pt\/wp-content\/uploads\/2024\/09\/a13c-500x500.jpg 500w, https:\/\/visitaltotamegaebarroso.pt\/wp-content\/uploads\/2024\/09\/a13c-550x550.jpg 550w, https:\/\/visitaltotamegaebarroso.pt\/wp-content\/uploads\/2024\/09\/a13c.jpg 700w\" sizes=\"(max-width: 300px) 100vw, 300px\" \/><\/p>\n<p>Wir stellen Ihnen das Programm f\u00fcr den ersten Freitag, den 13. in diesem Jahr vor &#8211; Montalegre. Ein attraktives Programm &#8211; gef\u00f6rdert von der Gemeinde Montalegre &#8211; das verspricht, Tausende von Menschen rund um das Mystische zu verf\u00fchren.<\/p>\n<p>Wir freuen uns auf Ihren Besuch.<\/p>\n","protected":false},"excerpt":{"rendered":"<p>Wir stellen Ihnen das Programm f\u00fcr den ersten Freitag, den 13. in diesem Jahr vor &#8211; Montalegre. Ein attraktives Programm &#8211; gef\u00f6rdert von der Gemeinde Montalegre &#8211; das verspricht, Tausende von Menschen rund um das Mystische zu verf\u00fchren. Wir freuen [&hellip;]<\/p>\n","protected":false},"author":5,"featured_media":32039,"comment_status":"closed","ping_status":"closed","template":"","tags":[],"mec_category":[717],"_links":{"self":[{"href":"https:\/\/visitaltotamegaebarroso.pt\/de\/wp-json\/wp\/v2\/mec-events\/32048"}],"collection":[{"href":"https:\/\/visitaltotamegaebarroso.pt\/de\/wp-json\/wp\/v2\/mec-events"}],"about":[{"href":"https:\/\/visitaltotamegaebarroso.pt\/de\/wp-json\/wp\/v2\/types\/mec-events"}],"author":[{"embeddable":true,"href":"https:\/\/visitaltotamegaebarroso.pt\/de\/wp-json\/wp\/v2\/users\/5"}],"replies":[{"embeddable":true,"href":"https:\/\/visitaltotamegaebarroso.pt\/de\/wp-json\/wp\/v2\/comments?post=32048"}],"wp:featuredmedia":[{"embeddable":true,"href":"https:\/\/visitaltotamegaebarroso.pt\/de\/wp-json\/wp\/v2\/media\/32039"}],"wp:attachment":[{"href":"https:\/\/visitaltotamegaebarroso.pt\/de\/wp-json\/wp\/v2\/media?parent=32048"}],"wp:term":[{"taxonomy":"post_tag","embeddable":true,"href":"https:\/\/visitaltotamegaebarroso.pt\/de\/wp-json\/wp\/v2\/tags?post=32048"},{"taxonomy":"mec_category","embeddable":true,"href":"https:\/\/visitaltotamegaebarroso.pt\/de\/wp-json\/wp\/v2\/mec_category?post=32048"}],"curies":[{"name":"wp","href":"https:\/\/api.w.org\/{rel}","templated":true}]}}

<p><img decoding="async" loading="lazy" class="alignnone size-medium wp-image-32041" src="https://visitaltotamegaebarroso.pt/wp-content/uploads/2024/09/s13b-300x300.jpg" alt="" width="300" height="300" srcset="https://visitaltotamegaebarroso.pt/wp-content/uploads/2024/09/s13b-300x300.jpg 300w, https://visitaltotamegaebarroso.pt/wp-content/uploads/2024/09/s13b-150x150.jpg 150w, https://visitaltotamegaebarroso.pt/wp-content/uploads/2024/09/s13b-500x500.jpg 500w, https://visitaltotamegaebarroso.pt/wp-content/uploads/2024/09/s13b-550x550.jpg 550w, https://visitaltotamegaebarroso.pt/wp-content/uploads/2024/09/s13b.jpg 700w" sizes="(max-width: 300px) 100vw, 300px" /> <img decoding="async" loading="lazy" class="alignnone size-medium wp-image-32031" src="https://visitaltotamegaebarroso.pt/wp-content/uploads/2024/09/s13-300x300.jpg" alt="" width="300" height="300" srcset="https://visitaltotamegaebarroso.pt/wp-content/uploads/2024/09/s13-300x300.jpg 300w, https://visitaltotamegaebarroso.pt/wp-content/uploads/2024/09/s13-150x150.jpg 150w, https://visitaltotamegaebarroso.pt/wp-content/uploads/2024/09/s13-500x500.jpg 500w, https://visitaltotamegaebarroso.pt/wp-content/uploads/2024/09/s13-550x550.jpg 550w, https://visitaltotamegaebarroso.pt/wp-content/uploads/2024/09/s13.jpg 700w" sizes="(max-width: 300px) 100vw, 300px" /> <img decoding="async" loading="lazy" class="alignnone size-medium wp-image-32026" src="https://visitaltotamegaebarroso.pt/wp-content/uploads/2024/09/a13c-300x300.jpg" alt="" width="300" height="300" srcset="https://visitaltotamegaebarroso.pt/wp-content/uploads/2024/09/a13c-300x300.jpg 300w, https://visitaltotamegaebarroso.pt/wp-content/uploads/2024/09/a13c-150x150.jpg 150w, https://visitaltotamegaebarroso.pt/wp-content/uploads/2024/09/a13c-500x500.jpg 500w, https://visitaltotamegaebarroso.pt/wp-content/uploads/2024/09/a13c-550x550.jpg 550w, https://visitaltotamegaebarroso.pt/wp-content/uploads/2024/09/a13c.jpg 700w" sizes="(max-width: 300px) 100vw, 300px" /></p>
<p>Wir stellen Ihnen das Programm für den ersten Freitag, den 13. in diesem Jahr vor &#8211; Montalegre. Ein attraktives Programm &#8211; gefördert von der Gemeinde Montalegre &#8211; das verspricht, Tausende von Menschen rund um das Mystische zu verführen.</p>
<p>Wir freuen uns auf Ihren Besuch.</p>

<p>Wir stellen Ihnen das Programm für den ersten Freitag, den 13. in diesem Jahr vor &#8211; Montalegre. Ein attraktives Programm &#8211; gefördert von der Gemeinde Montalegre &#8211; das verspricht, Tausende von Menschen rund um das Mystische zu verführen. Wir freuen [&hellip;]</p>
