{"id":31850,"date":"2024-08-30T11:44:48","date_gmt":"2024-08-30T10:44:48","guid":{"rendered":"https:\/\/visitaltotamegaebarroso.pt\/events\/chaves-unsere-kuenstler-buntstifte\/"},"modified":"2024-08-30T11:44:48","modified_gmt":"2024-08-30T10:44:48","slug":"chaves-unsere-kuenstler-buntstifte","status":"publish","type":"mec-events","link":"https:\/\/visitaltotamegaebarroso.pt\/de\/events\/chaves-unsere-kuenstler-buntstifte\/","title":{"rendered":"Chaves | Unsere K\u00fcnstler &#8211; Buntstifte"},"content":{"rendered":"<p>Auf einer Reise durch die kreative und k\u00fcnstlerische Gef\u00fchlswelt zeigt der Mehrzwecksaal der Stadtbibliothek im September die Ausstellung \u201eBuntstifte\u201c, eine Reihe von illustrativen Werken, die sich durch Formen, Farben und Texturen auszeichnen, die mit Bleistiften von der flavischen K\u00fcnstlerin Maria Jos\u00e9 Neves geschaffen wurden.<\/p>\n<p>Die Ausstellung ist Teil des Zyklus \u201eUnsere K\u00fcnstler\u201c und wird bis zum 28. September zu sehen sein, die Er\u00f6ffnung ist f\u00fcr den 3. September um 17.30 Uhr geplant.<\/p>\n<p>Schon in jungen Jahren zeigte Maria Jos\u00e9 da Gra\u00e7a Neves eine bemerkenswerte Begabung f\u00fcr die bildenden K\u00fcnste und gewann bereits in der Sekundarstufe der Nadir Afonso-Schule ihren ersten Malereipreis. Anschlie\u00dfend studierte sie Kunst und Design an der Sekundarschule Dr. Ant\u00f3nio Granjo, nahm an mehreren Gruppenausstellungen teil und erlangte durch die verschiedenen Projekte und Aktivit\u00e4ten, an denen sie teilnahm, k\u00fcnstlerische Anerkennung f\u00fcr ihre Leidenschaft f\u00fcr Kunst.<\/p>\n<p>Sie studierte visuelle und technologische Erziehung am Polytechnischen Institut von Bragan\u00e7a und unterrichtet dieses Fach seit 2003. Im Laufe der Jahre hat ihr kreativer und innovativer p\u00e4dagogischer Ansatz alle ihre Sch\u00fcler angesteckt und unausl\u00f6schliche Spuren hinterlassen, indem sie Kunst und Bildung zum Aufbau einer reicheren Gesellschaft f\u00f6rderte.<\/p>\n<p>Die Ausstellung ist kostenlos und kann montags bis freitags von 09.30 bis 13.00 und 14.00 bis 18.00 Uhr sowie samstags von 09.30 bis 13.00 Uhr besucht werden.<\/p>\n","protected":false},"excerpt":{"rendered":"<p>Auf einer Reise durch die kreative und k\u00fcnstlerische Gef\u00fchlswelt zeigt der Mehrzwecksaal der Stadtbibliothek im September die Ausstellung \u201eBuntstifte\u201c, eine Reihe von illustrativen Werken, die sich durch Formen, Farben und Texturen auszeichnen, die mit Bleistiften von der flavischen K\u00fcnstlerin Maria [&hellip;]<\/p>\n","protected":false},"author":5,"featured_media":31846,"comment_status":"closed","ping_status":"closed","template":"","tags":[],"mec_category":[717],"_links":{"self":[{"href":"https:\/\/visitaltotamegaebarroso.pt\/de\/wp-json\/wp\/v2\/mec-events\/31850"}],"collection":[{"href":"https:\/\/visitaltotamegaebarroso.pt\/de\/wp-json\/wp\/v2\/mec-events"}],"about":[{"href":"https:\/\/visitaltotamegaebarroso.pt\/de\/wp-json\/wp\/v2\/types\/mec-events"}],"author":[{"embeddable":true,"href":"https:\/\/visitaltotamegaebarroso.pt\/de\/wp-json\/wp\/v2\/users\/5"}],"replies":[{"embeddable":true,"href":"https:\/\/visitaltotamegaebarroso.pt\/de\/wp-json\/wp\/v2\/comments?post=31850"}],"wp:featuredmedia":[{"embeddable":true,"href":"https:\/\/visitaltotamegaebarroso.pt\/de\/wp-json\/wp\/v2\/media\/31846"}],"wp:attachment":[{"href":"https:\/\/visitaltotamegaebarroso.pt\/de\/wp-json\/wp\/v2\/media?parent=31850"}],"wp:term":[{"taxonomy":"post_tag","embeddable":true,"href":"https:\/\/visitaltotamegaebarroso.pt\/de\/wp-json\/wp\/v2\/tags?post=31850"},{"taxonomy":"mec_category","embeddable":true,"href":"https:\/\/visitaltotamegaebarroso.pt\/de\/wp-json\/wp\/v2\/mec_category?post=31850"}],"curies":[{"name":"wp","href":"https:\/\/api.w.org\/{rel}","templated":true}]}}

Chaves | Unsere Künstler &#8211; Buntstifte

<p>Auf einer Reise durch die kreative und künstlerische Gefühlswelt zeigt der Mehrzwecksaal der Stadtbibliothek im September die Ausstellung „Buntstifte“, eine Reihe von illustrativen Werken, die sich durch Formen, Farben und Texturen auszeichnen, die mit Bleistiften von der flavischen Künstlerin Maria José Neves geschaffen wurden.</p>
<p>Die Ausstellung ist Teil des Zyklus „Unsere Künstler“ und wird bis zum 28. September zu sehen sein, die Eröffnung ist für den 3. September um 17.30 Uhr geplant.</p>
<p>Schon in jungen Jahren zeigte Maria José da Graça Neves eine bemerkenswerte Begabung für die bildenden Künste und gewann bereits in der Sekundarstufe der Nadir Afonso-Schule ihren ersten Malereipreis. Anschließend studierte sie Kunst und Design an der Sekundarschule Dr. António Granjo, nahm an mehreren Gruppenausstellungen teil und erlangte durch die verschiedenen Projekte und Aktivitäten, an denen sie teilnahm, künstlerische Anerkennung für ihre Leidenschaft für Kunst.</p>
<p>Sie studierte visuelle und technologische Erziehung am Polytechnischen Institut von Bragança und unterrichtet dieses Fach seit 2003. Im Laufe der Jahre hat ihr kreativer und innovativer pädagogischer Ansatz alle ihre Schüler angesteckt und unauslöschliche Spuren hinterlassen, indem sie Kunst und Bildung zum Aufbau einer reicheren Gesellschaft förderte.</p>
<p>Die Ausstellung ist kostenlos und kann montags bis freitags von 09.30 bis 13.00 und 14.00 bis 18.00 Uhr sowie samstags von 09.30 bis 13.00 Uhr besucht werden.</p>

<p>Auf einer Reise durch die kreative und künstlerische Gefühlswelt zeigt der Mehrzwecksaal der Stadtbibliothek im September die Ausstellung „Buntstifte“, eine Reihe von illustrativen Werken, die sich durch Formen, Farben und Texturen auszeichnen, die mit Bleistiften von der flavischen Künstlerin Maria [&hellip;]</p>
