{"id":31678,"date":"2024-08-27T19:06:59","date_gmt":"2024-08-27T18:06:59","guid":{"rendered":"https:\/\/visitaltotamegaebarroso.pt\/events\/vila-pouca-de-aguiar-zwiebelmesse\/"},"modified":"2024-08-27T19:06:59","modified_gmt":"2024-08-27T18:06:59","slug":"vila-pouca-de-aguiar-zwiebelmesse","status":"publish","type":"mec-events","link":"https:\/\/visitaltotamegaebarroso.pt\/de\/events\/vila-pouca-de-aguiar-zwiebelmesse\/","title":{"rendered":"Vila Pouca de Aguiar | Zwiebelmesse"},"content":{"rendered":"<p>Auf der jahrhundertealten Zwiebelmesse, die am 25. September stattfindet, werden etwa ein halbes Hundert Zwiebelproduzenten anwesend sein, aber die meisten beginnen bereits am Nachmittag des 24. Septembers mit dem Verkauf ihrer Produkte.<\/p>\n<p>Auf dem Messegel\u00e4nde gibt es Aussteller mit lokalen Produkten und Tavernen mit Zwiebelsuppe, Zwiebelsnacks, Pataniscas, Feijoada, eingelegtem Fisch und anderen gastronomischen K\u00f6stlichkeiten. Lokale Restaurants nehmen an der regionalen Veranstaltung teil.<\/p>\n<p>Die sozio\u00f6konomischen, kulturellen und sportlichen Aktivit\u00e4ten finden fast alle am 24. und 25. September auf der Pra\u00e7a Luis de Cam\u00f5es, der Pra\u00e7a de Camilo Castelo Branco, der Pra\u00e7a Jo\u00e3o Paulo II, dem Stadtmarkt und dem Sportkomplex statt. Die Feierlichkeiten beginnen jedoch bereits am Wochenende vor der Messe mit dem traditionellen Pferderennen auf der Rennbahn des Sportkomplexes und weiteren Aktivit\u00e4ten im Zusammenhang mit der l\u00e4ndlichen Welt.<\/p>\n<p>Am 24. und 25. September sind die Herstellung von Zwiebelsuppe nach alter Art und das traditionelle Entbl\u00e4ttern, der Wettbewerb um die gr\u00f6\u00dfte Zwiebel, der Viehwettbewerb und die Chegas, das Stra\u00dfentheater und der Zwiebeltanz beliebte Initiativen.<\/p>\n","protected":false},"excerpt":{"rendered":"<p>Auf der jahrhundertealten Zwiebelmesse, die am 25. September stattfindet, werden etwa ein halbes Hundert Zwiebelproduzenten anwesend sein, aber die meisten beginnen bereits am Nachmittag des 24. Septembers mit dem Verkauf ihrer Produkte. Auf dem Messegel\u00e4nde gibt es Aussteller mit lokalen [&hellip;]<\/p>\n","protected":false},"author":5,"featured_media":31674,"comment_status":"closed","ping_status":"closed","template":"","tags":[],"mec_category":[726],"_links":{"self":[{"href":"https:\/\/visitaltotamegaebarroso.pt\/de\/wp-json\/wp\/v2\/mec-events\/31678"}],"collection":[{"href":"https:\/\/visitaltotamegaebarroso.pt\/de\/wp-json\/wp\/v2\/mec-events"}],"about":[{"href":"https:\/\/visitaltotamegaebarroso.pt\/de\/wp-json\/wp\/v2\/types\/mec-events"}],"author":[{"embeddable":true,"href":"https:\/\/visitaltotamegaebarroso.pt\/de\/wp-json\/wp\/v2\/users\/5"}],"replies":[{"embeddable":true,"href":"https:\/\/visitaltotamegaebarroso.pt\/de\/wp-json\/wp\/v2\/comments?post=31678"}],"wp:featuredmedia":[{"embeddable":true,"href":"https:\/\/visitaltotamegaebarroso.pt\/de\/wp-json\/wp\/v2\/media\/31674"}],"wp:attachment":[{"href":"https:\/\/visitaltotamegaebarroso.pt\/de\/wp-json\/wp\/v2\/media?parent=31678"}],"wp:term":[{"taxonomy":"post_tag","embeddable":true,"href":"https:\/\/visitaltotamegaebarroso.pt\/de\/wp-json\/wp\/v2\/tags?post=31678"},{"taxonomy":"mec_category","embeddable":true,"href":"https:\/\/visitaltotamegaebarroso.pt\/de\/wp-json\/wp\/v2\/mec_category?post=31678"}],"curies":[{"name":"wp","href":"https:\/\/api.w.org\/{rel}","templated":true}]}}

<p>Auf der jahrhundertealten Zwiebelmesse, die am 25. September stattfindet, werden etwa ein halbes Hundert Zwiebelproduzenten anwesend sein, aber die meisten beginnen bereits am Nachmittag des 24. Septembers mit dem Verkauf ihrer Produkte.</p>
<p>Auf dem Messegelände gibt es Aussteller mit lokalen Produkten und Tavernen mit Zwiebelsuppe, Zwiebelsnacks, Pataniscas, Feijoada, eingelegtem Fisch und anderen gastronomischen Köstlichkeiten. Lokale Restaurants nehmen an der regionalen Veranstaltung teil.</p>
<p>Die sozioökonomischen, kulturellen und sportlichen Aktivitäten finden fast alle am 24. und 25. September auf der Praça Luis de Camões, der Praça de Camilo Castelo Branco, der Praça João Paulo II, dem Stadtmarkt und dem Sportkomplex statt. Die Feierlichkeiten beginnen jedoch bereits am Wochenende vor der Messe mit dem traditionellen Pferderennen auf der Rennbahn des Sportkomplexes und weiteren Aktivitäten im Zusammenhang mit der ländlichen Welt.</p>
<p>Am 24. und 25. September sind die Herstellung von Zwiebelsuppe nach alter Art und das traditionelle Entblättern, der Wettbewerb um die größte Zwiebel, der Viehwettbewerb und die Chegas, das Straßentheater und der Zwiebeltanz beliebte Initiativen.</p>

<p>Auf der jahrhundertealten Zwiebelmesse, die am 25. September stattfindet, werden etwa ein halbes Hundert Zwiebelproduzenten anwesend sein, aber die meisten beginnen bereits am Nachmittag des 24. Septembers mit dem Verkauf ihrer Produkte. Auf dem Messegelände gibt es Aussteller mit lokalen [&hellip;]</p>
