{"id":30608,"date":"2024-07-21T17:09:04","date_gmt":"2024-07-21T16:09:04","guid":{"rendered":"https:\/\/visitaltotamegaebarroso.pt\/events\/chaves-nossa-senhora-da-saude-2024\/"},"modified":"2024-07-21T17:09:04","modified_gmt":"2024-07-21T16:09:04","slug":"chaves-nossa-senhora-da-saude-2024","status":"publish","type":"mec-events","link":"https:\/\/visitaltotamegaebarroso.pt\/de\/events\/chaves-nossa-senhora-da-saude-2024\/","title":{"rendered":"CHAVES | Nossa Senhora da Sa\u00fade 2024"},"content":{"rendered":"<p>TAG 1 &#8211; Donnerstag<br \/>\n08h00: Beginn der Feierlichkeiten &#8211; Traditioneller Jahrmarkt<br \/>\n19.00 Uhr: Volksessen (Largo da Pra\u00e7a)<br \/>\n22.00 Uhr: Arraial mit der Musikgruppe CHAMA DO NORTE (Largo da Pra\u00e7a)<\/p>\n<p>TAG 2 &#8211; Freitag<br \/>\n21h00: Prozession bei Kerzenschein<br \/>\n23.00 Uhr: Z\u00c9 DAS CONCERTINAS (Largo Miguel de Carvalho)<\/p>\n<p>TAG 3 &#8211; Samstag<br \/>\n18.00 Uhr: ACREPES-Gesangsgruppe (Largo do Turismo)<br \/>\n22.30 Uhr: Unterhaltung durch die Musikgruppe CORDOSOM (Largo da Feira)<\/p>\n<p>TAG 4 &#8211; Sonntag<br \/>\n09.30 Uhr: Parade der Musikkapellen<br \/>\n15.00 Uhr: Einzug des Fanfarenzugs Pa\u00e7os de Ferreira (Parade entlang der Nationalstra\u00dfe 2)<br \/>\n17.00 Uhr: Feierliche Messe (Largo da Santa)<br \/>\n17.45 Uhr: Prozession<br \/>\n22.00 Uhr: Volksfest im Largo da Santa &#8211; Banda de Vilarandelo und Banda da Torre de Ervededo<br \/>\n22.30 Uhr: Musikgruppe BANDA EUROPA (Largo da Feira)<br \/>\n00.45 Uhr: Feuerwerk (Largo da Santa)<\/p>\n<p>TAG 5 &#8211; Montag<br \/>\n22.30 Uhr: Gruppe COSTA VERDE (Largo da Feira)<\/p>\n<p>Organisiert von: Vidago Festival Komitee<br \/>\nUnterst\u00fctzung: Stadtverwaltung von Chaves, Vereinigung der Gemeinden Vidago, Arcoss\u00f3, Selhariz und Vilarinho das Paranheiras<\/p>\n","protected":false},"excerpt":{"rendered":"<p>TAG 1 &#8211; Donnerstag 08h00: Beginn der Feierlichkeiten &#8211; Traditioneller Jahrmarkt 19.00 Uhr: Volksessen (Largo da Pra\u00e7a) 22.00 Uhr: Arraial mit der Musikgruppe CHAMA DO NORTE (Largo da Pra\u00e7a) TAG 2 &#8211; Freitag 21h00: Prozession bei Kerzenschein 23.00 Uhr: Z\u00c9 [&hellip;]<\/p>\n","protected":false},"author":5,"featured_media":30604,"comment_status":"closed","ping_status":"closed","template":"","tags":[],"mec_category":[717],"_links":{"self":[{"href":"https:\/\/visitaltotamegaebarroso.pt\/de\/wp-json\/wp\/v2\/mec-events\/30608"}],"collection":[{"href":"https:\/\/visitaltotamegaebarroso.pt\/de\/wp-json\/wp\/v2\/mec-events"}],"about":[{"href":"https:\/\/visitaltotamegaebarroso.pt\/de\/wp-json\/wp\/v2\/types\/mec-events"}],"author":[{"embeddable":true,"href":"https:\/\/visitaltotamegaebarroso.pt\/de\/wp-json\/wp\/v2\/users\/5"}],"replies":[{"embeddable":true,"href":"https:\/\/visitaltotamegaebarroso.pt\/de\/wp-json\/wp\/v2\/comments?post=30608"}],"wp:featuredmedia":[{"embeddable":true,"href":"https:\/\/visitaltotamegaebarroso.pt\/de\/wp-json\/wp\/v2\/media\/30604"}],"wp:attachment":[{"href":"https:\/\/visitaltotamegaebarroso.pt\/de\/wp-json\/wp\/v2\/media?parent=30608"}],"wp:term":[{"taxonomy":"post_tag","embeddable":true,"href":"https:\/\/visitaltotamegaebarroso.pt\/de\/wp-json\/wp\/v2\/tags?post=30608"},{"taxonomy":"mec_category","embeddable":true,"href":"https:\/\/visitaltotamegaebarroso.pt\/de\/wp-json\/wp\/v2\/mec_category?post=30608"}],"curies":[{"name":"wp","href":"https:\/\/api.w.org\/{rel}","templated":true}]}}

CHAVES | Nossa Senhora da Saúde 2024

<p>TAG 1 &#8211; Donnerstag<br />
08h00: Beginn der Feierlichkeiten &#8211; Traditioneller Jahrmarkt<br />
19.00 Uhr: Volksessen (Largo da Praça)<br />
22.00 Uhr: Arraial mit der Musikgruppe CHAMA DO NORTE (Largo da Praça)</p>
<p>TAG 2 &#8211; Freitag<br />
21h00: Prozession bei Kerzenschein<br />
23.00 Uhr: ZÉ DAS CONCERTINAS (Largo Miguel de Carvalho)</p>
<p>TAG 3 &#8211; Samstag<br />
18.00 Uhr: ACREPES-Gesangsgruppe (Largo do Turismo)<br />
22.30 Uhr: Unterhaltung durch die Musikgruppe CORDOSOM (Largo da Feira)</p>
<p>TAG 4 &#8211; Sonntag<br />
09.30 Uhr: Parade der Musikkapellen<br />
15.00 Uhr: Einzug des Fanfarenzugs Paços de Ferreira (Parade entlang der Nationalstraße 2)<br />
17.00 Uhr: Feierliche Messe (Largo da Santa)<br />
17.45 Uhr: Prozession<br />
22.00 Uhr: Volksfest im Largo da Santa &#8211; Banda de Vilarandelo und Banda da Torre de Ervededo<br />
22.30 Uhr: Musikgruppe BANDA EUROPA (Largo da Feira)<br />
00.45 Uhr: Feuerwerk (Largo da Santa)</p>
<p>TAG 5 &#8211; Montag<br />
22.30 Uhr: Gruppe COSTA VERDE (Largo da Feira)</p>
<p>Organisiert von: Vidago Festival Komitee<br />
Unterstützung: Stadtverwaltung von Chaves, Vereinigung der Gemeinden Vidago, Arcossó, Selhariz und Vilarinho das Paranheiras</p>

<p>TAG 1 &#8211; Donnerstag 08h00: Beginn der Feierlichkeiten &#8211; Traditioneller Jahrmarkt 19.00 Uhr: Volksessen (Largo da Praça) 22.00 Uhr: Arraial mit der Musikgruppe CHAMA DO NORTE (Largo da Praça) TAG 2 &#8211; Freitag 21h00: Prozession bei Kerzenschein 23.00 Uhr: ZÉ [&hellip;]</p>
