{"id":29559,"date":"2024-07-06T11:56:44","date_gmt":"2024-07-06T10:56:44","guid":{"rendered":"https:\/\/visitaltotamegaebarroso.pt\/events\/chaves-xiii-vidago-folklore-festival\/"},"modified":"2024-07-06T11:56:44","modified_gmt":"2024-07-06T10:56:44","slug":"chaves-xiii-vidago-folklore-festival","status":"publish","type":"mec-events","link":"https:\/\/visitaltotamegaebarroso.pt\/de\/events\/chaves-xiii-vidago-folklore-festival\/","title":{"rendered":"Chaves | XIII. Vidago Folklore-Festival"},"content":{"rendered":"<p>Im Rahmen der Jubil\u00e4umsfeierlichkeiten unserer Stadt organisiert die Casa de Cultura de Vidago, die seit 2007 f\u00fcr die Organisation zust\u00e4ndig ist, zum 13. Mal ein Folklorefestival f\u00fcr die Gemeinde, auf das wir alle stolz sein k\u00f6nnen. Die teilnehmenden Gruppen haben die M\u00f6glichkeit, ihre T\u00e4nze, Lieder, Kost\u00fcme und Requisiten sowie ihre Br\u00e4uche und Traditionen vorzustellen.<\/p>\n<p>Organisiert von: Casa de Cultura de Vidago<br \/>\nUnterst\u00fctzung: Stadtverwaltung von Chaves, Gemeindeverband von Vidago, Arcoss\u00f3, Selhariz und Vilarinho das Paranheiras, Freiwillige Feuerwehr von Vidago, GNR und Super Bock Group<\/p>\n","protected":false},"excerpt":{"rendered":"<p>Im Rahmen der Jubil\u00e4umsfeierlichkeiten unserer Stadt organisiert die Casa de Cultura de Vidago, die seit 2007 f\u00fcr die Organisation zust\u00e4ndig ist, zum 13. Mal ein Folklorefestival f\u00fcr die Gemeinde, auf das wir alle stolz sein k\u00f6nnen. Die teilnehmenden Gruppen haben [&hellip;]<\/p>\n","protected":false},"author":5,"featured_media":29555,"comment_status":"closed","ping_status":"closed","template":"","tags":[],"mec_category":[717],"_links":{"self":[{"href":"https:\/\/visitaltotamegaebarroso.pt\/de\/wp-json\/wp\/v2\/mec-events\/29559"}],"collection":[{"href":"https:\/\/visitaltotamegaebarroso.pt\/de\/wp-json\/wp\/v2\/mec-events"}],"about":[{"href":"https:\/\/visitaltotamegaebarroso.pt\/de\/wp-json\/wp\/v2\/types\/mec-events"}],"author":[{"embeddable":true,"href":"https:\/\/visitaltotamegaebarroso.pt\/de\/wp-json\/wp\/v2\/users\/5"}],"replies":[{"embeddable":true,"href":"https:\/\/visitaltotamegaebarroso.pt\/de\/wp-json\/wp\/v2\/comments?post=29559"}],"wp:featuredmedia":[{"embeddable":true,"href":"https:\/\/visitaltotamegaebarroso.pt\/de\/wp-json\/wp\/v2\/media\/29555"}],"wp:attachment":[{"href":"https:\/\/visitaltotamegaebarroso.pt\/de\/wp-json\/wp\/v2\/media?parent=29559"}],"wp:term":[{"taxonomy":"post_tag","embeddable":true,"href":"https:\/\/visitaltotamegaebarroso.pt\/de\/wp-json\/wp\/v2\/tags?post=29559"},{"taxonomy":"mec_category","embeddable":true,"href":"https:\/\/visitaltotamegaebarroso.pt\/de\/wp-json\/wp\/v2\/mec_category?post=29559"}],"curies":[{"name":"wp","href":"https:\/\/api.w.org\/{rel}","templated":true}]}}

<p>Im Rahmen der Jubiläumsfeierlichkeiten unserer Stadt organisiert die Casa de Cultura de Vidago, die seit 2007 für die Organisation zuständig ist, zum 13. Mal ein Folklorefestival für die Gemeinde, auf das wir alle stolz sein können. Die teilnehmenden Gruppen haben die Möglichkeit, ihre Tänze, Lieder, Kostüme und Requisiten sowie ihre Bräuche und Traditionen vorzustellen.</p>
<p>Organisiert von: Casa de Cultura de Vidago<br />
Unterstützung: Stadtverwaltung von Chaves, Gemeindeverband von Vidago, Arcossó, Selhariz und Vilarinho das Paranheiras, Freiwillige Feuerwehr von Vidago, GNR und Super Bock Group</p>

<p>Im Rahmen der Jubiläumsfeierlichkeiten unserer Stadt organisiert die Casa de Cultura de Vidago, die seit 2007 für die Organisation zuständig ist, zum 13. Mal ein Folklorefestival für die Gemeinde, auf das wir alle stolz sein können. Die teilnehmenden Gruppen haben [&hellip;]</p>
