{"id":29519,"date":"2024-07-06T11:20:15","date_gmt":"2024-07-06T10:20:15","guid":{"rendered":"https:\/\/visitaltotamegaebarroso.pt\/events\/chaves-chaves-academy-of-arts-konzert-des-blasorchesters-ignis\/"},"modified":"2024-07-06T11:20:15","modified_gmt":"2024-07-06T10:20:15","slug":"chaves-chaves-academy-of-arts-konzert-des-blasorchesters-ignis","status":"publish","type":"mec-events","link":"https:\/\/visitaltotamegaebarroso.pt\/de\/events\/chaves-chaves-academy-of-arts-konzert-des-blasorchesters-ignis\/","title":{"rendered":"Chaves | Chaves Academy of Arts Konzert des Blasorchesters &#8211; Ignis"},"content":{"rendered":"<p>Tauchen Sie in einem fesselnden Konzert in das faszinierende Reich der menschlichen Dualit\u00e4t und in die Weite der Seele ein. Erforschen Sie die Tiefen der gegens\u00e4tzlichen Gef\u00fchle, die in uns wohnen, w\u00e4hrend die Musik diese emotionale Komplexit\u00e4t zum Leben erweckt. Jede Note spiegelt unsere F\u00e4higkeit wider, Freude und Traurigkeit, Hoffnung und Melancholie zu empfinden, die alle in einer einzigartigen Harmonie miteinander verwoben sind. Lassen Sie sich von der Unermesslichkeit unserer Gedanken und Emotionen einh\u00fcllen und werden Sie Zeuge des musikalischen Ausdrucks des reichen Wandteppichs, den die menschliche Seele darstellt. Begleiten Sie uns auf dieser klanglichen Reise der inneren Entdeckung und feiern Sie die Dualit\u00e4t, die uns zu wahren Menschen macht. Programm: Moth &#8211; Viet Cuong Stones and Sea- Saul Gomez SolerDuende &#8211; Lu\u00eds Serrano Alarcon<\/p>\n<p>Organisation: Alma.Alta und FAI<br \/>\nUnterst\u00fctzung: Stadtverwaltung von Chaves<\/p>\n","protected":false},"excerpt":{"rendered":"<p>Tauchen Sie in einem fesselnden Konzert in das faszinierende Reich der menschlichen Dualit\u00e4t und in die Weite der Seele ein. Erforschen Sie die Tiefen der gegens\u00e4tzlichen Gef\u00fchle, die in uns wohnen, w\u00e4hrend die Musik diese emotionale Komplexit\u00e4t zum Leben erweckt. [&hellip;]<\/p>\n","protected":false},"author":5,"featured_media":29515,"comment_status":"closed","ping_status":"closed","template":"","tags":[],"mec_category":[717],"_links":{"self":[{"href":"https:\/\/visitaltotamegaebarroso.pt\/de\/wp-json\/wp\/v2\/mec-events\/29519"}],"collection":[{"href":"https:\/\/visitaltotamegaebarroso.pt\/de\/wp-json\/wp\/v2\/mec-events"}],"about":[{"href":"https:\/\/visitaltotamegaebarroso.pt\/de\/wp-json\/wp\/v2\/types\/mec-events"}],"author":[{"embeddable":true,"href":"https:\/\/visitaltotamegaebarroso.pt\/de\/wp-json\/wp\/v2\/users\/5"}],"replies":[{"embeddable":true,"href":"https:\/\/visitaltotamegaebarroso.pt\/de\/wp-json\/wp\/v2\/comments?post=29519"}],"wp:featuredmedia":[{"embeddable":true,"href":"https:\/\/visitaltotamegaebarroso.pt\/de\/wp-json\/wp\/v2\/media\/29515"}],"wp:attachment":[{"href":"https:\/\/visitaltotamegaebarroso.pt\/de\/wp-json\/wp\/v2\/media?parent=29519"}],"wp:term":[{"taxonomy":"post_tag","embeddable":true,"href":"https:\/\/visitaltotamegaebarroso.pt\/de\/wp-json\/wp\/v2\/tags?post=29519"},{"taxonomy":"mec_category","embeddable":true,"href":"https:\/\/visitaltotamegaebarroso.pt\/de\/wp-json\/wp\/v2\/mec_category?post=29519"}],"curies":[{"name":"wp","href":"https:\/\/api.w.org\/{rel}","templated":true}]}}

<p>Tauchen Sie in einem fesselnden Konzert in das faszinierende Reich der menschlichen Dualität und in die Weite der Seele ein. Erforschen Sie die Tiefen der gegensätzlichen Gefühle, die in uns wohnen, während die Musik diese emotionale Komplexität zum Leben erweckt. Jede Note spiegelt unsere Fähigkeit wider, Freude und Traurigkeit, Hoffnung und Melancholie zu empfinden, die alle in einer einzigartigen Harmonie miteinander verwoben sind. Lassen Sie sich von der Unermesslichkeit unserer Gedanken und Emotionen einhüllen und werden Sie Zeuge des musikalischen Ausdrucks des reichen Wandteppichs, den die menschliche Seele darstellt. Begleiten Sie uns auf dieser klanglichen Reise der inneren Entdeckung und feiern Sie die Dualität, die uns zu wahren Menschen macht. Programm: Moth &#8211; Viet Cuong Stones and Sea- Saul Gomez SolerDuende &#8211; Luís Serrano Alarcon</p>
<p>Organisation: Alma.Alta und FAI<br />
Unterstützung: Stadtverwaltung von Chaves</p>

<p>Tauchen Sie in einem fesselnden Konzert in das faszinierende Reich der menschlichen Dualität und in die Weite der Seele ein. Erforschen Sie die Tiefen der gegensätzlichen Gefühle, die in uns wohnen, während die Musik diese emotionale Komplexität zum Leben erweckt. [&hellip;]</p>
