{"id":29509,"date":"2024-07-05T16:36:53","date_gmt":"2024-07-05T15:36:53","guid":{"rendered":"https:\/\/visitaltotamegaebarroso.pt\/events\/chaves-xxiv-folklorefestival-des-kulturkreises-serra-do-brunheiro\/"},"modified":"2024-07-05T16:36:53","modified_gmt":"2024-07-05T15:36:53","slug":"chaves-xxiv-folklorefestival-des-kulturkreises-serra-do-brunheiro","status":"publish","type":"mec-events","link":"https:\/\/visitaltotamegaebarroso.pt\/de\/events\/chaves-xxiv-folklorefestival-des-kulturkreises-serra-do-brunheiro\/","title":{"rendered":"Chaves | XXIV. Folklorefestival des Kulturkreises Serra do Brunheiro"},"content":{"rendered":"<p>Am Folklorefestival der Kulturgruppe Serra do Brunheiro nehmen die folgenden Ranches teil:<br \/>\n&#8211; Kulturverein Serra do Brunheiro &#8211; Chaves<br \/>\n&#8211; Associa\u00e7\u00e3o S\u00f3cio Cultural do Rancho Folcl\u00f3rico da Borralheira &#8211; Covilh\u00e3<br \/>\n&#8211; Folkloristische Gruppe der Amizade de Tel\u00f5es &#8211; Amarante<\/p>\n<p>Organisiert von: Kulturgruppe Serra do Brunheiro<br \/>\nUnterst\u00fctzung: Stadtverwaltung von Chaves<\/p>\n","protected":false},"excerpt":{"rendered":"<p>Am Folklorefestival der Kulturgruppe Serra do Brunheiro nehmen die folgenden Ranches teil: &#8211; Kulturverein Serra do Brunheiro &#8211; Chaves &#8211; Associa\u00e7\u00e3o S\u00f3cio Cultural do Rancho Folcl\u00f3rico da Borralheira &#8211; Covilh\u00e3 &#8211; Folkloristische Gruppe der Amizade de Tel\u00f5es &#8211; Amarante Organisiert [&hellip;]<\/p>\n","protected":false},"author":5,"featured_media":29505,"comment_status":"closed","ping_status":"closed","template":"","tags":[],"mec_category":[717],"_links":{"self":[{"href":"https:\/\/visitaltotamegaebarroso.pt\/de\/wp-json\/wp\/v2\/mec-events\/29509"}],"collection":[{"href":"https:\/\/visitaltotamegaebarroso.pt\/de\/wp-json\/wp\/v2\/mec-events"}],"about":[{"href":"https:\/\/visitaltotamegaebarroso.pt\/de\/wp-json\/wp\/v2\/types\/mec-events"}],"author":[{"embeddable":true,"href":"https:\/\/visitaltotamegaebarroso.pt\/de\/wp-json\/wp\/v2\/users\/5"}],"replies":[{"embeddable":true,"href":"https:\/\/visitaltotamegaebarroso.pt\/de\/wp-json\/wp\/v2\/comments?post=29509"}],"wp:featuredmedia":[{"embeddable":true,"href":"https:\/\/visitaltotamegaebarroso.pt\/de\/wp-json\/wp\/v2\/media\/29505"}],"wp:attachment":[{"href":"https:\/\/visitaltotamegaebarroso.pt\/de\/wp-json\/wp\/v2\/media?parent=29509"}],"wp:term":[{"taxonomy":"post_tag","embeddable":true,"href":"https:\/\/visitaltotamegaebarroso.pt\/de\/wp-json\/wp\/v2\/tags?post=29509"},{"taxonomy":"mec_category","embeddable":true,"href":"https:\/\/visitaltotamegaebarroso.pt\/de\/wp-json\/wp\/v2\/mec_category?post=29509"}],"curies":[{"name":"wp","href":"https:\/\/api.w.org\/{rel}","templated":true}]}}

<p>Am Folklorefestival der Kulturgruppe Serra do Brunheiro nehmen die folgenden Ranches teil:<br />
&#8211; Kulturverein Serra do Brunheiro &#8211; Chaves<br />
&#8211; Associação Sócio Cultural do Rancho Folclórico da Borralheira &#8211; Covilhã<br />
&#8211; Folkloristische Gruppe der Amizade de Telões &#8211; Amarante</p>
<p>Organisiert von: Kulturgruppe Serra do Brunheiro<br />
Unterstützung: Stadtverwaltung von Chaves</p>

<p>Am Folklorefestival der Kulturgruppe Serra do Brunheiro nehmen die folgenden Ranches teil: &#8211; Kulturverein Serra do Brunheiro &#8211; Chaves &#8211; Associação Sócio Cultural do Rancho Folclórico da Borralheira &#8211; Covilhã &#8211; Folkloristische Gruppe der Amizade de Telões &#8211; Amarante Organisiert [&hellip;]</p>
