{"id":29422,"date":"2024-07-02T15:24:01","date_gmt":"2024-07-02T14:24:01","guid":{"rendered":"https:\/\/visitaltotamegaebarroso.pt\/events\/valpacos-professioneller-auftragskiller\/"},"modified":"2024-07-02T15:24:01","modified_gmt":"2024-07-02T14:24:01","slug":"valpacos-professioneller-auftragskiller","status":"publish","type":"mec-events","link":"https:\/\/visitaltotamegaebarroso.pt\/de\/events\/valpacos-professioneller-auftragskiller\/","title":{"rendered":"Valpa\u00e7os | Professioneller Auftragskiller"},"content":{"rendered":"<p>Der Film &#8222;Professional Assassin&#8220; basiert auf einer wahren Begebenheit und zeigt das Leben eines Philosophieprofessors, der gleichzeitig ein mysteri\u00f6ser Auftragskiller ist und verdeckt f\u00fcr die Polizei arbeitet.<br \/>\nNicht verpassen: Donnerstag, 4. Juli, 21.30 Uhr im Auditorium f\u00fcr Kunst und Kultur Lu\u00eds Teixeira.<\/p>\n","protected":false},"excerpt":{"rendered":"<p>Der Film &#8222;Professional Assassin&#8220; basiert auf einer wahren Begebenheit und zeigt das Leben eines Philosophieprofessors, der gleichzeitig ein mysteri\u00f6ser Auftragskiller ist und verdeckt f\u00fcr die Polizei arbeitet. Nicht verpassen: Donnerstag, 4. Juli, 21.30 Uhr im Auditorium f\u00fcr Kunst und Kultur [&hellip;]<\/p>\n","protected":false},"author":5,"featured_media":29418,"comment_status":"closed","ping_status":"closed","template":"","tags":[],"mec_category":[717],"_links":{"self":[{"href":"https:\/\/visitaltotamegaebarroso.pt\/de\/wp-json\/wp\/v2\/mec-events\/29422"}],"collection":[{"href":"https:\/\/visitaltotamegaebarroso.pt\/de\/wp-json\/wp\/v2\/mec-events"}],"about":[{"href":"https:\/\/visitaltotamegaebarroso.pt\/de\/wp-json\/wp\/v2\/types\/mec-events"}],"author":[{"embeddable":true,"href":"https:\/\/visitaltotamegaebarroso.pt\/de\/wp-json\/wp\/v2\/users\/5"}],"replies":[{"embeddable":true,"href":"https:\/\/visitaltotamegaebarroso.pt\/de\/wp-json\/wp\/v2\/comments?post=29422"}],"wp:featuredmedia":[{"embeddable":true,"href":"https:\/\/visitaltotamegaebarroso.pt\/de\/wp-json\/wp\/v2\/media\/29418"}],"wp:attachment":[{"href":"https:\/\/visitaltotamegaebarroso.pt\/de\/wp-json\/wp\/v2\/media?parent=29422"}],"wp:term":[{"taxonomy":"post_tag","embeddable":true,"href":"https:\/\/visitaltotamegaebarroso.pt\/de\/wp-json\/wp\/v2\/tags?post=29422"},{"taxonomy":"mec_category","embeddable":true,"href":"https:\/\/visitaltotamegaebarroso.pt\/de\/wp-json\/wp\/v2\/mec_category?post=29422"}],"curies":[{"name":"wp","href":"https:\/\/api.w.org\/{rel}","templated":true}]}}

Valpaços | Professioneller Auftragskiller

<p>Der Film &#8222;Professional Assassin&#8220; basiert auf einer wahren Begebenheit und zeigt das Leben eines Philosophieprofessors, der gleichzeitig ein mysteriöser Auftragskiller ist und verdeckt für die Polizei arbeitet.<br />
Nicht verpassen: Donnerstag, 4. Juli, 21.30 Uhr im Auditorium für Kunst und Kultur Luís Teixeira.</p>

<p>Der Film &#8222;Professional Assassin&#8220; basiert auf einer wahren Begebenheit und zeigt das Leben eines Philosophieprofessors, der gleichzeitig ein mysteriöser Auftragskiller ist und verdeckt für die Polizei arbeitet. Nicht verpassen: Donnerstag, 4. Juli, 21.30 Uhr im Auditorium für Kunst und Kultur [&hellip;]</p>
