{"id":29391,"date":"2024-07-02T13:14:15","date_gmt":"2024-07-02T12:14:15","guid":{"rendered":"https:\/\/visitaltotamegaebarroso.pt\/events\/montalegre-ze-amaro-konzert\/"},"modified":"2024-07-02T13:14:15","modified_gmt":"2024-07-02T12:14:15","slug":"montalegre-ze-amaro-konzert","status":"publish","type":"mec-events","link":"https:\/\/visitaltotamegaebarroso.pt\/de\/events\/montalegre-ze-amaro-konzert\/","title":{"rendered":"Montalegre | Z\u00e9 Amaro Konzert"},"content":{"rendered":"<p>Der K\u00fcnstler Z\u00e9 Amaro kehrt f\u00fcr ein weiteres Konzert nach Montalegre zur\u00fcck. Es findet am Abend des 6. August ab 22 Uhr auf dem Pra\u00e7a do Munic\u00edpio in Montalegre statt.<\/p>\n","protected":false},"excerpt":{"rendered":"<p>Der K\u00fcnstler Z\u00e9 Amaro kehrt f\u00fcr ein weiteres Konzert nach Montalegre zur\u00fcck. Es findet am Abend des 6. August ab 22 Uhr auf dem Pra\u00e7a do Munic\u00edpio in Montalegre statt.<\/p>\n","protected":false},"author":5,"featured_media":29387,"comment_status":"closed","ping_status":"closed","template":"","tags":[],"mec_category":[717],"_links":{"self":[{"href":"https:\/\/visitaltotamegaebarroso.pt\/de\/wp-json\/wp\/v2\/mec-events\/29391"}],"collection":[{"href":"https:\/\/visitaltotamegaebarroso.pt\/de\/wp-json\/wp\/v2\/mec-events"}],"about":[{"href":"https:\/\/visitaltotamegaebarroso.pt\/de\/wp-json\/wp\/v2\/types\/mec-events"}],"author":[{"embeddable":true,"href":"https:\/\/visitaltotamegaebarroso.pt\/de\/wp-json\/wp\/v2\/users\/5"}],"replies":[{"embeddable":true,"href":"https:\/\/visitaltotamegaebarroso.pt\/de\/wp-json\/wp\/v2\/comments?post=29391"}],"wp:featuredmedia":[{"embeddable":true,"href":"https:\/\/visitaltotamegaebarroso.pt\/de\/wp-json\/wp\/v2\/media\/29387"}],"wp:attachment":[{"href":"https:\/\/visitaltotamegaebarroso.pt\/de\/wp-json\/wp\/v2\/media?parent=29391"}],"wp:term":[{"taxonomy":"post_tag","embeddable":true,"href":"https:\/\/visitaltotamegaebarroso.pt\/de\/wp-json\/wp\/v2\/tags?post=29391"},{"taxonomy":"mec_category","embeddable":true,"href":"https:\/\/visitaltotamegaebarroso.pt\/de\/wp-json\/wp\/v2\/mec_category?post=29391"}],"curies":[{"name":"wp","href":"https:\/\/api.w.org\/{rel}","templated":true}]}}

Montalegre | Zé Amaro Konzert

<p>Der Künstler Zé Amaro kehrt für ein weiteres Konzert nach Montalegre zurück. Es findet am Abend des 6. August ab 22 Uhr auf dem Praça do Município in Montalegre statt.</p>
