{"id":29221,"date":"2024-07-01T16:10:15","date_gmt":"2024-07-01T15:10:15","guid":{"rendered":"https:\/\/visitaltotamegaebarroso.pt\/events\/montalegre-calema-konzert\/"},"modified":"2024-07-01T16:10:15","modified_gmt":"2024-07-01T15:10:15","slug":"montalegre-calema-konzert","status":"publish","type":"mec-events","link":"https:\/\/visitaltotamegaebarroso.pt\/de\/events\/montalegre-calema-konzert\/","title":{"rendered":"Montalegre | Calema Konzert"},"content":{"rendered":"<p>Das verspricht, eines der Konzerte des Jahres in Montalegre zu werden. Die Band Calema ist zum ersten Mal hier. Eine Show, die man am 2. August ab 22 Uhr auf dem Pra\u00e7a do Munic\u00edpio in Montalegre sehen und genie\u00dfen kann. Nicht zu verpassen!<\/p>\n","protected":false},"excerpt":{"rendered":"<p>Das verspricht, eines der Konzerte des Jahres in Montalegre zu werden. Die Band Calema ist zum ersten Mal hier. Eine Show, die man am 2. August ab 22 Uhr auf dem Pra\u00e7a do Munic\u00edpio in Montalegre sehen und genie\u00dfen kann. [&hellip;]<\/p>\n","protected":false},"author":5,"featured_media":29217,"comment_status":"closed","ping_status":"closed","template":"","tags":[],"mec_category":[717],"_links":{"self":[{"href":"https:\/\/visitaltotamegaebarroso.pt\/de\/wp-json\/wp\/v2\/mec-events\/29221"}],"collection":[{"href":"https:\/\/visitaltotamegaebarroso.pt\/de\/wp-json\/wp\/v2\/mec-events"}],"about":[{"href":"https:\/\/visitaltotamegaebarroso.pt\/de\/wp-json\/wp\/v2\/types\/mec-events"}],"author":[{"embeddable":true,"href":"https:\/\/visitaltotamegaebarroso.pt\/de\/wp-json\/wp\/v2\/users\/5"}],"replies":[{"embeddable":true,"href":"https:\/\/visitaltotamegaebarroso.pt\/de\/wp-json\/wp\/v2\/comments?post=29221"}],"wp:featuredmedia":[{"embeddable":true,"href":"https:\/\/visitaltotamegaebarroso.pt\/de\/wp-json\/wp\/v2\/media\/29217"}],"wp:attachment":[{"href":"https:\/\/visitaltotamegaebarroso.pt\/de\/wp-json\/wp\/v2\/media?parent=29221"}],"wp:term":[{"taxonomy":"post_tag","embeddable":true,"href":"https:\/\/visitaltotamegaebarroso.pt\/de\/wp-json\/wp\/v2\/tags?post=29221"},{"taxonomy":"mec_category","embeddable":true,"href":"https:\/\/visitaltotamegaebarroso.pt\/de\/wp-json\/wp\/v2\/mec_category?post=29221"}],"curies":[{"name":"wp","href":"https:\/\/api.w.org\/{rel}","templated":true}]}}

<p>Das verspricht, eines der Konzerte des Jahres in Montalegre zu werden. Die Band Calema ist zum ersten Mal hier. Eine Show, die man am 2. August ab 22 Uhr auf dem Praça do Município in Montalegre sehen und genießen kann. Nicht zu verpassen!</p>

<p>Das verspricht, eines der Konzerte des Jahres in Montalegre zu werden. Die Band Calema ist zum ersten Mal hier. Eine Show, die man am 2. August ab 22 Uhr auf dem Praça do Município in Montalegre sehen und genießen kann. [&hellip;]</p>
