{"id":29210,"date":"2024-07-01T15:44:58","date_gmt":"2024-07-01T14:44:58","guid":{"rendered":"https:\/\/visitaltotamegaebarroso.pt\/events\/montalegre-sol-nascente-konzert\/"},"modified":"2024-07-01T15:44:58","modified_gmt":"2024-07-01T14:44:58","slug":"montalegre-sol-nascente-konzert","status":"publish","type":"mec-events","link":"https:\/\/visitaltotamegaebarroso.pt\/de\/events\/montalegre-sol-nascente-konzert\/","title":{"rendered":"Montalegre | Sol Nascente Konzert"},"content":{"rendered":"<p>Mit dem &#8222;Silber des Hauses&#8220; er\u00f6ffnen wir den diesj\u00e4hrigen Festas do Concelho-Kalender. Am 1. August um 22 Uhr wird die Musikgruppe Sol Nascente auf der Pra\u00e7a do Munic\u00edpio de Montalegre auftreten.<\/p>\n","protected":false},"excerpt":{"rendered":"<p>Mit dem &#8222;Silber des Hauses&#8220; er\u00f6ffnen wir den diesj\u00e4hrigen Festas do Concelho-Kalender. Am 1. August um 22 Uhr wird die Musikgruppe Sol Nascente auf der Pra\u00e7a do Munic\u00edpio de Montalegre auftreten.<\/p>\n","protected":false},"author":5,"featured_media":29206,"comment_status":"closed","ping_status":"closed","template":"","tags":[],"mec_category":[717],"_links":{"self":[{"href":"https:\/\/visitaltotamegaebarroso.pt\/de\/wp-json\/wp\/v2\/mec-events\/29210"}],"collection":[{"href":"https:\/\/visitaltotamegaebarroso.pt\/de\/wp-json\/wp\/v2\/mec-events"}],"about":[{"href":"https:\/\/visitaltotamegaebarroso.pt\/de\/wp-json\/wp\/v2\/types\/mec-events"}],"author":[{"embeddable":true,"href":"https:\/\/visitaltotamegaebarroso.pt\/de\/wp-json\/wp\/v2\/users\/5"}],"replies":[{"embeddable":true,"href":"https:\/\/visitaltotamegaebarroso.pt\/de\/wp-json\/wp\/v2\/comments?post=29210"}],"wp:featuredmedia":[{"embeddable":true,"href":"https:\/\/visitaltotamegaebarroso.pt\/de\/wp-json\/wp\/v2\/media\/29206"}],"wp:attachment":[{"href":"https:\/\/visitaltotamegaebarroso.pt\/de\/wp-json\/wp\/v2\/media?parent=29210"}],"wp:term":[{"taxonomy":"post_tag","embeddable":true,"href":"https:\/\/visitaltotamegaebarroso.pt\/de\/wp-json\/wp\/v2\/tags?post=29210"},{"taxonomy":"mec_category","embeddable":true,"href":"https:\/\/visitaltotamegaebarroso.pt\/de\/wp-json\/wp\/v2\/mec_category?post=29210"}],"curies":[{"name":"wp","href":"https:\/\/api.w.org\/{rel}","templated":true}]}}

<p>Mit dem &#8222;Silber des Hauses&#8220; eröffnen wir den diesjährigen Festas do Concelho-Kalender. Am 1. August um 22 Uhr wird die Musikgruppe Sol Nascente auf der Praça do Município de Montalegre auftreten.</p>
