{"id":28938,"date":"2024-06-22T10:35:06","date_gmt":"2024-06-22T09:35:06","guid":{"rendered":"https:\/\/visitaltotamegaebarroso.pt\/events\/valpacos-grosse-fado-solidaritaetsgala\/"},"modified":"2024-06-22T10:35:06","modified_gmt":"2024-06-22T09:35:06","slug":"valpacos-grosse-fado-solidaritaetsgala","status":"publish","type":"mec-events","link":"https:\/\/visitaltotamegaebarroso.pt\/de\/events\/valpacos-grosse-fado-solidaritaetsgala\/","title":{"rendered":"Valpa\u00e7os | Gro\u00dfe Fado-Solidarit\u00e4tsgala"},"content":{"rendered":"<p>Am 28. Juni um 21 Uhr findet im Auditorium f\u00fcr Kunst und Kultur Lu\u00eds Teixeira die gro\u00dfe Fado-Solidarit\u00e4tsgala statt, an der verschiedene K\u00fcnstler teilnehmen.<\/p>\n<p>Verpassen Sie es nicht&#8230;<\/p>\n","protected":false},"excerpt":{"rendered":"<p>Am 28. Juni um 21 Uhr findet im Auditorium f\u00fcr Kunst und Kultur Lu\u00eds Teixeira die gro\u00dfe Fado-Solidarit\u00e4tsgala statt, an der verschiedene K\u00fcnstler teilnehmen. Verpassen Sie es nicht&#8230;<\/p>\n","protected":false},"author":5,"featured_media":28934,"comment_status":"closed","ping_status":"closed","template":"","tags":[],"mec_category":[717],"_links":{"self":[{"href":"https:\/\/visitaltotamegaebarroso.pt\/de\/wp-json\/wp\/v2\/mec-events\/28938"}],"collection":[{"href":"https:\/\/visitaltotamegaebarroso.pt\/de\/wp-json\/wp\/v2\/mec-events"}],"about":[{"href":"https:\/\/visitaltotamegaebarroso.pt\/de\/wp-json\/wp\/v2\/types\/mec-events"}],"author":[{"embeddable":true,"href":"https:\/\/visitaltotamegaebarroso.pt\/de\/wp-json\/wp\/v2\/users\/5"}],"replies":[{"embeddable":true,"href":"https:\/\/visitaltotamegaebarroso.pt\/de\/wp-json\/wp\/v2\/comments?post=28938"}],"wp:featuredmedia":[{"embeddable":true,"href":"https:\/\/visitaltotamegaebarroso.pt\/de\/wp-json\/wp\/v2\/media\/28934"}],"wp:attachment":[{"href":"https:\/\/visitaltotamegaebarroso.pt\/de\/wp-json\/wp\/v2\/media?parent=28938"}],"wp:term":[{"taxonomy":"post_tag","embeddable":true,"href":"https:\/\/visitaltotamegaebarroso.pt\/de\/wp-json\/wp\/v2\/tags?post=28938"},{"taxonomy":"mec_category","embeddable":true,"href":"https:\/\/visitaltotamegaebarroso.pt\/de\/wp-json\/wp\/v2\/mec_category?post=28938"}],"curies":[{"name":"wp","href":"https:\/\/api.w.org\/{rel}","templated":true}]}}

Valpaços | Große Fado-Solidaritätsgala

<p>Am 28. Juni um 21 Uhr findet im Auditorium für Kunst und Kultur Luís Teixeira die große Fado-Solidaritätsgala statt, an der verschiedene Künstler teilnehmen.</p>
<p>Verpassen Sie es nicht&#8230;</p>

<p>Am 28. Juni um 21 Uhr findet im Auditorium für Kunst und Kultur Luís Teixeira die große Fado-Solidaritätsgala statt, an der verschiedene Künstler teilnehmen. Verpassen Sie es nicht&#8230;</p>
