{"id":28539,"date":"2024-05-26T12:44:13","date_gmt":"2024-05-26T11:44:13","guid":{"rendered":"https:\/\/visitaltotamegaebarroso.pt\/events\/montalegre-nationale-meisterschaft-im-gleitschirmfliegen\/"},"modified":"2024-05-26T12:44:13","modified_gmt":"2024-05-26T11:44:13","slug":"montalegre-nationale-meisterschaft-im-gleitschirmfliegen","status":"publish","type":"mec-events","link":"https:\/\/visitaltotamegaebarroso.pt\/de\/events\/montalegre-nationale-meisterschaft-im-gleitschirmfliegen\/","title":{"rendered":"Montalegre | Nationale Meisterschaft im Gleitschirmfliegen"},"content":{"rendered":"<p>In der Serra do Larouco, in der Gemeinde Montalegre, findet ein weiterer Wettbewerb der Nationalen Meisterschaft im Gleitschirmfliegen statt. Sie findet vom 21. bis 27. Juli statt. Es handelt sich um eine Veranstaltung der FAI (International Aeronautical Federation) CAT2 (Kategorie 2), bei der der nationale Meister ermittelt wird. Die Veranstaltung, die von Land For und unter anderem mit Unterst\u00fctzung der Gemeinde Montalegre organisiert wird, hat auch eine OPEN-Klassifizierung (International). Es haben sich 170 Reiter aus 28 L\u00e4ndern f\u00fcr ein Limit von 150 Reitern angemeldet. Bisher wurden 42 Fahrer aus 8 L\u00e4ndern best\u00e4tigt. Die Organisation rechnet mit 80 bis 90 Fahrern, die teilnehmen werden.<\/p>\n","protected":false},"excerpt":{"rendered":"<p>In der Serra do Larouco, in der Gemeinde Montalegre, findet ein weiterer Wettbewerb der Nationalen Meisterschaft im Gleitschirmfliegen statt. Sie findet vom 21. bis 27. Juli statt. Es handelt sich um eine Veranstaltung der FAI (International Aeronautical Federation) CAT2 (Kategorie [&hellip;]<\/p>\n","protected":false},"author":5,"featured_media":27428,"comment_status":"closed","ping_status":"closed","template":"","tags":[],"mec_category":[719],"_links":{"self":[{"href":"https:\/\/visitaltotamegaebarroso.pt\/de\/wp-json\/wp\/v2\/mec-events\/28539"}],"collection":[{"href":"https:\/\/visitaltotamegaebarroso.pt\/de\/wp-json\/wp\/v2\/mec-events"}],"about":[{"href":"https:\/\/visitaltotamegaebarroso.pt\/de\/wp-json\/wp\/v2\/types\/mec-events"}],"author":[{"embeddable":true,"href":"https:\/\/visitaltotamegaebarroso.pt\/de\/wp-json\/wp\/v2\/users\/5"}],"replies":[{"embeddable":true,"href":"https:\/\/visitaltotamegaebarroso.pt\/de\/wp-json\/wp\/v2\/comments?post=28539"}],"wp:featuredmedia":[{"embeddable":true,"href":"https:\/\/visitaltotamegaebarroso.pt\/de\/wp-json\/wp\/v2\/media\/27428"}],"wp:attachment":[{"href":"https:\/\/visitaltotamegaebarroso.pt\/de\/wp-json\/wp\/v2\/media?parent=28539"}],"wp:term":[{"taxonomy":"post_tag","embeddable":true,"href":"https:\/\/visitaltotamegaebarroso.pt\/de\/wp-json\/wp\/v2\/tags?post=28539"},{"taxonomy":"mec_category","embeddable":true,"href":"https:\/\/visitaltotamegaebarroso.pt\/de\/wp-json\/wp\/v2\/mec_category?post=28539"}],"curies":[{"name":"wp","href":"https:\/\/api.w.org\/{rel}","templated":true}]}}

<p>In der Serra do Larouco, in der Gemeinde Montalegre, findet ein weiterer Wettbewerb der Nationalen Meisterschaft im Gleitschirmfliegen statt. Sie findet vom 21. bis 27. Juli statt. Es handelt sich um eine Veranstaltung der FAI (International Aeronautical Federation) CAT2 (Kategorie 2), bei der der nationale Meister ermittelt wird. Die Veranstaltung, die von Land For und unter anderem mit Unterstützung der Gemeinde Montalegre organisiert wird, hat auch eine OPEN-Klassifizierung (International). Es haben sich 170 Reiter aus 28 Ländern für ein Limit von 150 Reitern angemeldet. Bisher wurden 42 Fahrer aus 8 Ländern bestätigt. Die Organisation rechnet mit 80 bis 90 Fahrern, die teilnehmen werden.</p>
