{"id":27359,"date":"2024-05-07T11:50:54","date_gmt":"2024-05-07T10:50:54","guid":{"rendered":"https:\/\/visitaltotamegaebarroso.pt\/events\/chaves-solidaritaetsmarsch\/"},"modified":"2024-05-07T11:50:54","modified_gmt":"2024-05-07T10:50:54","slug":"chaves-solidaritaetsmarsch","status":"publish","type":"mec-events","link":"https:\/\/visitaltotamegaebarroso.pt\/de\/events\/chaves-solidaritaetsmarsch\/","title":{"rendered":"Chaves | Solidarit\u00e4tsmarsch"},"content":{"rendered":"<p>Solidarit\u00e4tsspaziergang f\u00fcr die Portugiesische Liga gegen Krebs &#8211; Delegation Vila Real. Der Solidarit\u00e4tsmarsch zum Frauentag verspricht, die Gemeinschaft in einer Geste der Solidarit\u00e4t und Gesundheit zu vereinen. K\u00f6rperliche Bet\u00e4tigung ist ein anerkannter Schutzfaktor gegen die Entstehung von Krebs und f\u00f6rdert das Wohlbefinden.<\/p>\n<p>Deshalb laden wir alle ein, an diesem besonderen Ereignis teilzunehmen. 6-stufige Anmeldung (der gesamte Erl\u00f6s geht an die Portugiesische Liga gegen Krebs): 910 084 573 oder \u00fcber den folgenden Link<\/p>\n<p>(Anmeldungen m\u00fcssen bis zum 28. Mai erfolgen).<\/p>\n<p>Organisiert von: Portugiesische Liga gegen Krebs &#8211; Delegation Vila Real<\/p>\n<p>Unterst\u00fctzung: Stadtverwaltung von Chaves<\/p>\n","protected":false},"excerpt":{"rendered":"<p>Solidarit\u00e4tsspaziergang f\u00fcr die Portugiesische Liga gegen Krebs &#8211; Delegation Vila Real. Der Solidarit\u00e4tsmarsch zum Frauentag verspricht, die Gemeinschaft in einer Geste der Solidarit\u00e4t und Gesundheit zu vereinen. K\u00f6rperliche Bet\u00e4tigung ist ein anerkannter Schutzfaktor gegen die Entstehung von Krebs und f\u00f6rdert [&hellip;]<\/p>\n","protected":false},"author":5,"featured_media":26939,"comment_status":"closed","ping_status":"closed","template":"","tags":[],"mec_category":[719],"_links":{"self":[{"href":"https:\/\/visitaltotamegaebarroso.pt\/de\/wp-json\/wp\/v2\/mec-events\/27359"}],"collection":[{"href":"https:\/\/visitaltotamegaebarroso.pt\/de\/wp-json\/wp\/v2\/mec-events"}],"about":[{"href":"https:\/\/visitaltotamegaebarroso.pt\/de\/wp-json\/wp\/v2\/types\/mec-events"}],"author":[{"embeddable":true,"href":"https:\/\/visitaltotamegaebarroso.pt\/de\/wp-json\/wp\/v2\/users\/5"}],"replies":[{"embeddable":true,"href":"https:\/\/visitaltotamegaebarroso.pt\/de\/wp-json\/wp\/v2\/comments?post=27359"}],"wp:featuredmedia":[{"embeddable":true,"href":"https:\/\/visitaltotamegaebarroso.pt\/de\/wp-json\/wp\/v2\/media\/26939"}],"wp:attachment":[{"href":"https:\/\/visitaltotamegaebarroso.pt\/de\/wp-json\/wp\/v2\/media?parent=27359"}],"wp:term":[{"taxonomy":"post_tag","embeddable":true,"href":"https:\/\/visitaltotamegaebarroso.pt\/de\/wp-json\/wp\/v2\/tags?post=27359"},{"taxonomy":"mec_category","embeddable":true,"href":"https:\/\/visitaltotamegaebarroso.pt\/de\/wp-json\/wp\/v2\/mec_category?post=27359"}],"curies":[{"name":"wp","href":"https:\/\/api.w.org\/{rel}","templated":true}]}}

Chaves | Solidaritätsmarsch

<p>Solidaritätsspaziergang für die Portugiesische Liga gegen Krebs &#8211; Delegation Vila Real. Der Solidaritätsmarsch zum Frauentag verspricht, die Gemeinschaft in einer Geste der Solidarität und Gesundheit zu vereinen. Körperliche Betätigung ist ein anerkannter Schutzfaktor gegen die Entstehung von Krebs und fördert das Wohlbefinden.</p>
<p>Deshalb laden wir alle ein, an diesem besonderen Ereignis teilzunehmen. 6-stufige Anmeldung (der gesamte Erlös geht an die Portugiesische Liga gegen Krebs): 910 084 573 oder über den folgenden Link</p>
<p>(Anmeldungen müssen bis zum 28. Mai erfolgen).</p>
<p>Organisiert von: Portugiesische Liga gegen Krebs &#8211; Delegation Vila Real</p>
<p>Unterstützung: Stadtverwaltung von Chaves</p>

<p>Solidaritätsspaziergang für die Portugiesische Liga gegen Krebs &#8211; Delegation Vila Real. Der Solidaritätsmarsch zum Frauentag verspricht, die Gemeinschaft in einer Geste der Solidarität und Gesundheit zu vereinen. Körperliche Betätigung ist ein anerkannter Schutzfaktor gegen die Entstehung von Krebs und fördert [&hellip;]</p>
