{"id":27231,"date":"2024-05-07T15:55:27","date_gmt":"2024-05-07T14:55:27","guid":{"rendered":"https:\/\/visitaltotamegaebarroso.pt\/events\/chaves-der-herr-des-hafens-entre-curtas-festival\/"},"modified":"2024-05-07T15:55:27","modified_gmt":"2024-05-07T14:55:27","slug":"chaves-der-herr-des-hafens-entre-curtas-festival","status":"publish","type":"mec-events","link":"https:\/\/visitaltotamegaebarroso.pt\/de\/events\/chaves-der-herr-des-hafens-entre-curtas-festival\/","title":{"rendered":"Chaves | Der Herr des Hafens &#8211; Entre Curtas Festival"},"content":{"rendered":"<p>Animation<\/p>\n<p>O Senhor do Porto Er ist 1937 in Porto geboren und aufgewachsen, mitten im Zentrum, an den Resten der Fernandina-Mauer.<br \/>\nEr h\u00f6rte vom Ersten Weltkrieg und hat kurze Erinnerungen an den Zweiten Weltkrieg. Er erlebte, wie sich Porto f\u00fcr die Demokratie vereinigte. Sie haben den Bau der letzten vier Br\u00fccken miterlebt (die f\u00fcnfte werden Sie nicht mehr sehen). Sie haben erlebt, wie Porto als Weltkulturerbe und Kulturhauptstadt Europas anerkannt wurde. Sie haben gesehen, wie die vielgepriesenen Touristen kamen. Sie haben sich selbst allein gesehen. Er hat verlassene H\u00e4user gesehen. Sie haben H\u00e4user gesehen, die in Hotels umgewandelt wurden. Sie sahen ein anderes Viertel. Er sah ein Porto, das er nie zuvor gesehen hatte. Heute will er das Porto, das er gesehen hat, leben und das Porto, das er sieht, in sein Ged\u00e4chtnis aufnehmen.<\/p>\n<p>Organisation:<br \/>\nExperimentelles Theater Flaviense<\/p>\n","protected":false},"excerpt":{"rendered":"<p>Animation O Senhor do Porto Er ist 1937 in Porto geboren und aufgewachsen, mitten im Zentrum, an den Resten der Fernandina-Mauer. Er h\u00f6rte vom Ersten Weltkrieg und hat kurze Erinnerungen an den Zweiten Weltkrieg. Er erlebte, wie sich Porto f\u00fcr [&hellip;]<\/p>\n","protected":false},"author":5,"featured_media":27114,"comment_status":"closed","ping_status":"closed","template":"","tags":[],"mec_category":[717],"_links":{"self":[{"href":"https:\/\/visitaltotamegaebarroso.pt\/de\/wp-json\/wp\/v2\/mec-events\/27231"}],"collection":[{"href":"https:\/\/visitaltotamegaebarroso.pt\/de\/wp-json\/wp\/v2\/mec-events"}],"about":[{"href":"https:\/\/visitaltotamegaebarroso.pt\/de\/wp-json\/wp\/v2\/types\/mec-events"}],"author":[{"embeddable":true,"href":"https:\/\/visitaltotamegaebarroso.pt\/de\/wp-json\/wp\/v2\/users\/5"}],"replies":[{"embeddable":true,"href":"https:\/\/visitaltotamegaebarroso.pt\/de\/wp-json\/wp\/v2\/comments?post=27231"}],"wp:featuredmedia":[{"embeddable":true,"href":"https:\/\/visitaltotamegaebarroso.pt\/de\/wp-json\/wp\/v2\/media\/27114"}],"wp:attachment":[{"href":"https:\/\/visitaltotamegaebarroso.pt\/de\/wp-json\/wp\/v2\/media?parent=27231"}],"wp:term":[{"taxonomy":"post_tag","embeddable":true,"href":"https:\/\/visitaltotamegaebarroso.pt\/de\/wp-json\/wp\/v2\/tags?post=27231"},{"taxonomy":"mec_category","embeddable":true,"href":"https:\/\/visitaltotamegaebarroso.pt\/de\/wp-json\/wp\/v2\/mec_category?post=27231"}],"curies":[{"name":"wp","href":"https:\/\/api.w.org\/{rel}","templated":true}]}}

<p>Animation</p>
<p>O Senhor do Porto Er ist 1937 in Porto geboren und aufgewachsen, mitten im Zentrum, an den Resten der Fernandina-Mauer.<br />
Er hörte vom Ersten Weltkrieg und hat kurze Erinnerungen an den Zweiten Weltkrieg. Er erlebte, wie sich Porto für die Demokratie vereinigte. Sie haben den Bau der letzten vier Brücken miterlebt (die fünfte werden Sie nicht mehr sehen). Sie haben erlebt, wie Porto als Weltkulturerbe und Kulturhauptstadt Europas anerkannt wurde. Sie haben gesehen, wie die vielgepriesenen Touristen kamen. Sie haben sich selbst allein gesehen. Er hat verlassene Häuser gesehen. Sie haben Häuser gesehen, die in Hotels umgewandelt wurden. Sie sahen ein anderes Viertel. Er sah ein Porto, das er nie zuvor gesehen hatte. Heute will er das Porto, das er gesehen hat, leben und das Porto, das er sieht, in sein Gedächtnis aufnehmen.</p>
<p>Organisation:<br />
Experimentelles Theater Flaviense</p>

<p>Animation O Senhor do Porto Er ist 1937 in Porto geboren und aufgewachsen, mitten im Zentrum, an den Resten der Fernandina-Mauer. Er hörte vom Ersten Weltkrieg und hat kurze Erinnerungen an den Zweiten Weltkrieg. Er erlebte, wie sich Porto für [&hellip;]</p>
