{"id":26519,"date":"2024-04-07T16:00:38","date_gmt":"2024-04-07T15:00:38","guid":{"rendered":"https:\/\/visitaltotamegaebarroso.pt\/events\/montalegre-neues-fest-aldeia-de-lobos-fafiao\/"},"modified":"2024-07-09T14:04:59","modified_gmt":"2024-07-09T13:04:59","slug":"montalegre-neues-fest-aldeia-de-lobos-fafiao","status":"publish","type":"mec-events","link":"https:\/\/visitaltotamegaebarroso.pt\/de\/events\/montalegre-neues-fest-aldeia-de-lobos-fafiao\/","title":{"rendered":"Montalegre | Neues Fest Aldeia de Lobos &#8211; Fafi\u00e3o"},"content":{"rendered":"<p>Wir d\u00fcrfen nicht vergessen, dass es sich um eine einzigartige Veranstaltung handelt, die aus verschiedenen Aktivit\u00e4ten besteht, die Bereiche wie Natur, Theater, Musik, Bildhauerei, Malerei und Fotografie miteinander verbinden.<\/p>\n","protected":false},"excerpt":{"rendered":"<p>Wir d\u00fcrfen nicht vergessen, dass es sich um eine einzigartige Veranstaltung handelt, die aus verschiedenen Aktivit\u00e4ten besteht, die Bereiche wie Natur, Theater, Musik, Bildhauerei, Malerei und Fotografie miteinander verbinden.<\/p>\n","protected":false},"author":5,"featured_media":29677,"comment_status":"closed","ping_status":"closed","template":"","tags":[],"mec_category":[717],"_links":{"self":[{"href":"https:\/\/visitaltotamegaebarroso.pt\/de\/wp-json\/wp\/v2\/mec-events\/26519"}],"collection":[{"href":"https:\/\/visitaltotamegaebarroso.pt\/de\/wp-json\/wp\/v2\/mec-events"}],"about":[{"href":"https:\/\/visitaltotamegaebarroso.pt\/de\/wp-json\/wp\/v2\/types\/mec-events"}],"author":[{"embeddable":true,"href":"https:\/\/visitaltotamegaebarroso.pt\/de\/wp-json\/wp\/v2\/users\/5"}],"replies":[{"embeddable":true,"href":"https:\/\/visitaltotamegaebarroso.pt\/de\/wp-json\/wp\/v2\/comments?post=26519"}],"wp:featuredmedia":[{"embeddable":true,"href":"https:\/\/visitaltotamegaebarroso.pt\/de\/wp-json\/wp\/v2\/media\/29677"}],"wp:attachment":[{"href":"https:\/\/visitaltotamegaebarroso.pt\/de\/wp-json\/wp\/v2\/media?parent=26519"}],"wp:term":[{"taxonomy":"post_tag","embeddable":true,"href":"https:\/\/visitaltotamegaebarroso.pt\/de\/wp-json\/wp\/v2\/tags?post=26519"},{"taxonomy":"mec_category","embeddable":true,"href":"https:\/\/visitaltotamegaebarroso.pt\/de\/wp-json\/wp\/v2\/mec_category?post=26519"}],"curies":[{"name":"wp","href":"https:\/\/api.w.org\/{rel}","templated":true}]}}

Montalegre | Neues Fest Aldeia de Lobos &#8211; Fafião

<p>Wir dürfen nicht vergessen, dass es sich um eine einzigartige Veranstaltung handelt, die aus verschiedenen Aktivitäten besteht, die Bereiche wie Natur, Theater, Musik, Bildhauerei, Malerei und Fotografie miteinander verbinden.</p>
