{"id":26404,"date":"2024-04-07T12:59:58","date_gmt":"2024-04-07T11:59:58","guid":{"rendered":"https:\/\/visitaltotamegaebarroso.pt\/events\/chaves-unsere-kuenstler-2024\/"},"modified":"2024-04-07T12:59:58","modified_gmt":"2024-04-07T11:59:58","slug":"chaves-unsere-kuenstler-2024","status":"publish","type":"mec-events","link":"https:\/\/visitaltotamegaebarroso.pt\/de\/events\/chaves-unsere-kuenstler-2024\/","title":{"rendered":"Chaves | &#8222;Unsere K\u00fcnstler&#8220; 2024"},"content":{"rendered":"<p>Ant\u00f3nio Jos\u00e9 Montenegro de Ara\u00fajo Coelho Pizarro wurde am 9. Februar 1960 in Coimbra geboren und lebt in Chaves, Portugal. Abschluss in Bildende Kunst &#8211; Malerei (E.S.A.P.) Porto. Sch\u00fcler von Nadir Afonso. Seit 1979 hat er an rund 70 Einzel- und Gruppenausstellungen in portugiesischen und ausl\u00e4ndischen Kunstgalerien, Kunstmessen und Biennalen in Portugal, Belgien, Italien, Deutschland und Spanien teilgenommen, darunter die Cerveira-Biennale, Europ\u00e1lia in Belgien, die Gaia International Biennial of Contemporary Art und die Tr\u00e1s-os-Montes International Biennial.<\/p>\n<p>Veranstalter: Stadtverwaltung von Chaves<\/p>\n","protected":false},"excerpt":{"rendered":"<p>Ant\u00f3nio Jos\u00e9 Montenegro de Ara\u00fajo Coelho Pizarro wurde am 9. Februar 1960 in Coimbra geboren und lebt in Chaves, Portugal. Abschluss in Bildende Kunst &#8211; Malerei (E.S.A.P.) Porto. Sch\u00fcler von Nadir Afonso. Seit 1979 hat er an rund 70 Einzel- [&hellip;]<\/p>\n","protected":false},"author":5,"featured_media":26400,"comment_status":"closed","ping_status":"closed","template":"","tags":[],"mec_category":[717],"_links":{"self":[{"href":"https:\/\/visitaltotamegaebarroso.pt\/de\/wp-json\/wp\/v2\/mec-events\/26404"}],"collection":[{"href":"https:\/\/visitaltotamegaebarroso.pt\/de\/wp-json\/wp\/v2\/mec-events"}],"about":[{"href":"https:\/\/visitaltotamegaebarroso.pt\/de\/wp-json\/wp\/v2\/types\/mec-events"}],"author":[{"embeddable":true,"href":"https:\/\/visitaltotamegaebarroso.pt\/de\/wp-json\/wp\/v2\/users\/5"}],"replies":[{"embeddable":true,"href":"https:\/\/visitaltotamegaebarroso.pt\/de\/wp-json\/wp\/v2\/comments?post=26404"}],"wp:featuredmedia":[{"embeddable":true,"href":"https:\/\/visitaltotamegaebarroso.pt\/de\/wp-json\/wp\/v2\/media\/26400"}],"wp:attachment":[{"href":"https:\/\/visitaltotamegaebarroso.pt\/de\/wp-json\/wp\/v2\/media?parent=26404"}],"wp:term":[{"taxonomy":"post_tag","embeddable":true,"href":"https:\/\/visitaltotamegaebarroso.pt\/de\/wp-json\/wp\/v2\/tags?post=26404"},{"taxonomy":"mec_category","embeddable":true,"href":"https:\/\/visitaltotamegaebarroso.pt\/de\/wp-json\/wp\/v2\/mec_category?post=26404"}],"curies":[{"name":"wp","href":"https:\/\/api.w.org\/{rel}","templated":true}]}}

Chaves | &#8222;Unsere Künstler&#8220; 2024

<p>António José Montenegro de Araújo Coelho Pizarro wurde am 9. Februar 1960 in Coimbra geboren und lebt in Chaves, Portugal. Abschluss in Bildende Kunst &#8211; Malerei (E.S.A.P.) Porto. Schüler von Nadir Afonso. Seit 1979 hat er an rund 70 Einzel- und Gruppenausstellungen in portugiesischen und ausländischen Kunstgalerien, Kunstmessen und Biennalen in Portugal, Belgien, Italien, Deutschland und Spanien teilgenommen, darunter die Cerveira-Biennale, Europália in Belgien, die Gaia International Biennial of Contemporary Art und die Trás-os-Montes International Biennial.</p>
<p>Veranstalter: Stadtverwaltung von Chaves</p>

<p>António José Montenegro de Araújo Coelho Pizarro wurde am 9. Februar 1960 in Coimbra geboren und lebt in Chaves, Portugal. Abschluss in Bildende Kunst &#8211; Malerei (E.S.A.P.) Porto. Schüler von Nadir Afonso. Seit 1979 hat er an rund 70 Einzel- [&hellip;]</p>
