{"id":26232,"date":"2024-03-23T14:51:23","date_gmt":"2024-03-23T14:51:23","guid":{"rendered":"https:\/\/visitaltotamegaebarroso.pt\/events\/chaves-25-april-freiheitslauf\/"},"modified":"2024-03-23T14:51:23","modified_gmt":"2024-03-23T14:51:23","slug":"chaves-25-april-freiheitslauf","status":"publish","type":"mec-events","link":"https:\/\/visitaltotamegaebarroso.pt\/de\/events\/chaves-25-april-freiheitslauf\/","title":{"rendered":"Chaves | 25. April Freiheitslauf"},"content":{"rendered":"<p>Im Rahmen der Feierlichkeiten zum 50. Jahrestag des 25. Aprils veranstaltet die Gemeinde den traditionellen Freiheitslauf, f\u00fcr den man sich bis zum 19. April anmelden muss.<\/p>\n<p>Die Initiative wird vom Leichtathletikverband von Vila Real unterst\u00fctzt und umfasst einen 10-km-Lauf f\u00fcr verbandliche und nicht verbandliche Athleten, die 2006 und fr\u00fcher geboren wurden, einen 1-km-Lauf f\u00fcr j\u00fcngere Athleten, f\u00fcr verbandliche und nicht verbandliche Athleten, die 2012 und fr\u00fcher geboren wurden, sowie einen 7-km-Walk f\u00fcr alle Altersgruppen und f\u00fcr nicht wettkampfm\u00e4\u00dfige Zwecke.<\/p>\n<p>Diese Veranstaltung, die am 25. April 2024 stattfindet, beginnt um 10 Uhr mit Start und Ziel in der Alameda do Trajano &#8211; hinter dem st\u00e4dtischen Schwimmbad. Zu gewinnen gibt es Geldpreise f\u00fcr die Gesamtsieger und die Gewinner der verschiedenen Klassen, einen Preis f\u00fcr das gr\u00f6\u00dfte Team im Wert von 150 Euro und einen Teilnahmepreis im Wert von ebenfalls 150 Euro, der unter allen Teilnehmern, die das Rennen beenden, verlost wird.<\/p>\n<p>Die Anmeldung ist kostenlos und kann online vorgenommen werden: <span style=\"color: #00ccff;\"><strong><a style=\"color: #00ccff;\" href=\"ttps:\/\/waitastart.com\/corrida-da-liberdade-24\/\">hier<\/a><\/strong><\/span><\/p>\n","protected":false},"excerpt":{"rendered":"<p>Im Rahmen der Feierlichkeiten zum 50. Jahrestag des 25. Aprils veranstaltet die Gemeinde den traditionellen Freiheitslauf, f\u00fcr den man sich bis zum 19. April anmelden muss. Die Initiative wird vom Leichtathletikverband von Vila Real unterst\u00fctzt und umfasst einen 10-km-Lauf f\u00fcr [&hellip;]<\/p>\n","protected":false},"author":5,"featured_media":26228,"comment_status":"closed","ping_status":"closed","template":"","tags":[],"mec_category":[719],"_links":{"self":[{"href":"https:\/\/visitaltotamegaebarroso.pt\/de\/wp-json\/wp\/v2\/mec-events\/26232"}],"collection":[{"href":"https:\/\/visitaltotamegaebarroso.pt\/de\/wp-json\/wp\/v2\/mec-events"}],"about":[{"href":"https:\/\/visitaltotamegaebarroso.pt\/de\/wp-json\/wp\/v2\/types\/mec-events"}],"author":[{"embeddable":true,"href":"https:\/\/visitaltotamegaebarroso.pt\/de\/wp-json\/wp\/v2\/users\/5"}],"replies":[{"embeddable":true,"href":"https:\/\/visitaltotamegaebarroso.pt\/de\/wp-json\/wp\/v2\/comments?post=26232"}],"wp:featuredmedia":[{"embeddable":true,"href":"https:\/\/visitaltotamegaebarroso.pt\/de\/wp-json\/wp\/v2\/media\/26228"}],"wp:attachment":[{"href":"https:\/\/visitaltotamegaebarroso.pt\/de\/wp-json\/wp\/v2\/media?parent=26232"}],"wp:term":[{"taxonomy":"post_tag","embeddable":true,"href":"https:\/\/visitaltotamegaebarroso.pt\/de\/wp-json\/wp\/v2\/tags?post=26232"},{"taxonomy":"mec_category","embeddable":true,"href":"https:\/\/visitaltotamegaebarroso.pt\/de\/wp-json\/wp\/v2\/mec_category?post=26232"}],"curies":[{"name":"wp","href":"https:\/\/api.w.org\/{rel}","templated":true}]}}

<p>Im Rahmen der Feierlichkeiten zum 50. Jahrestag des 25. Aprils veranstaltet die Gemeinde den traditionellen Freiheitslauf, für den man sich bis zum 19. April anmelden muss.</p>
<p>Die Initiative wird vom Leichtathletikverband von Vila Real unterstützt und umfasst einen 10-km-Lauf für verbandliche und nicht verbandliche Athleten, die 2006 und früher geboren wurden, einen 1-km-Lauf für jüngere Athleten, für verbandliche und nicht verbandliche Athleten, die 2012 und früher geboren wurden, sowie einen 7-km-Walk für alle Altersgruppen und für nicht wettkampfmäßige Zwecke.</p>
<p>Diese Veranstaltung, die am 25. April 2024 stattfindet, beginnt um 10 Uhr mit Start und Ziel in der Alameda do Trajano &#8211; hinter dem städtischen Schwimmbad. Zu gewinnen gibt es Geldpreise für die Gesamtsieger und die Gewinner der verschiedenen Klassen, einen Preis für das größte Team im Wert von 150 Euro und einen Teilnahmepreis im Wert von ebenfalls 150 Euro, der unter allen Teilnehmern, die das Rennen beenden, verlost wird.</p>
<p>Die Anmeldung ist kostenlos und kann online vorgenommen werden: <span style="color: #00ccff;"><strong><a style="color: #00ccff;" href="ttps://waitastart.com/corrida-da-liberdade-24/">hier</a></strong></span></p>

<p>Im Rahmen der Feierlichkeiten zum 50. Jahrestag des 25. Aprils veranstaltet die Gemeinde den traditionellen Freiheitslauf, für den man sich bis zum 19. April anmelden muss. Die Initiative wird vom Leichtathletikverband von Vila Real unterstützt und umfasst einen 10-km-Lauf für [&hellip;]</p>
