{"id":26206,"date":"2024-03-22T12:48:30","date_gmt":"2024-03-22T12:48:30","guid":{"rendered":"https:\/\/visitaltotamegaebarroso.pt\/events\/23-bis-31-maerz-das-fremdenverkehrsbuero-alto-tamega-e-barroso-zeigt-die-ausstellung-wasser-ostern\/"},"modified":"2024-03-22T12:48:30","modified_gmt":"2024-03-22T12:48:30","slug":"23-bis-31-maerz-das-fremdenverkehrsbuero-alto-tamega-e-barroso-zeigt-die-ausstellung-wasser-ostern","status":"publish","type":"mec-events","link":"https:\/\/visitaltotamegaebarroso.pt\/de\/events\/23-bis-31-maerz-das-fremdenverkehrsbuero-alto-tamega-e-barroso-zeigt-die-ausstellung-wasser-ostern\/","title":{"rendered":"23. bis 31. M\u00e4rz | Das Fremdenverkehrsb\u00fcro Alto T\u00e2mega e Barroso zeigt die Ausstellung &#8222;Wasser &#038; Ostern"},"content":{"rendered":"<p><strong>Morgen, am 23. M\u00e4rz, er\u00f6ffnet das Fremdenverkehrsb\u00fcro Alto T\u00e2mega e Barroso die tempor\u00e4re Ausstellung &#8222;Wasser &amp; Ostern&#8220;, die bis zum 31. M\u00e4rz zu sehen sein wird.<\/strong><\/p>\n<p>Die St\u00fccke (Pias de Cabeceira) wurden vom Casa Museu dos Candeias gestiftet und sollen die religi\u00f6se Tradition in den H\u00e4usern von Alto T\u00e2mega e Barroso verdeutlichen und die heilige Bedeutung aufzeigen, die das WASSER f\u00fcr die Familien der Region hatte und immer noch hat.<\/p>\n<p>Kommen Sie und besuchen Sie uns!<\/p>\n","protected":false},"excerpt":{"rendered":"<p>Morgen, am 23. M\u00e4rz, er\u00f6ffnet das Fremdenverkehrsb\u00fcro Alto T\u00e2mega e Barroso die tempor\u00e4re Ausstellung &#8222;Wasser &amp; Ostern&#8220;, die bis zum 31. M\u00e4rz zu sehen sein wird. Die St\u00fccke (Pias de Cabeceira) wurden vom Casa Museu dos Candeias gestiftet und sollen [&hellip;]<\/p>\n","protected":false},"author":3,"featured_media":26202,"comment_status":"closed","ping_status":"closed","template":"","tags":[],"mec_category":[717],"_links":{"self":[{"href":"https:\/\/visitaltotamegaebarroso.pt\/de\/wp-json\/wp\/v2\/mec-events\/26206"}],"collection":[{"href":"https:\/\/visitaltotamegaebarroso.pt\/de\/wp-json\/wp\/v2\/mec-events"}],"about":[{"href":"https:\/\/visitaltotamegaebarroso.pt\/de\/wp-json\/wp\/v2\/types\/mec-events"}],"author":[{"embeddable":true,"href":"https:\/\/visitaltotamegaebarroso.pt\/de\/wp-json\/wp\/v2\/users\/3"}],"replies":[{"embeddable":true,"href":"https:\/\/visitaltotamegaebarroso.pt\/de\/wp-json\/wp\/v2\/comments?post=26206"}],"wp:featuredmedia":[{"embeddable":true,"href":"https:\/\/visitaltotamegaebarroso.pt\/de\/wp-json\/wp\/v2\/media\/26202"}],"wp:attachment":[{"href":"https:\/\/visitaltotamegaebarroso.pt\/de\/wp-json\/wp\/v2\/media?parent=26206"}],"wp:term":[{"taxonomy":"post_tag","embeddable":true,"href":"https:\/\/visitaltotamegaebarroso.pt\/de\/wp-json\/wp\/v2\/tags?post=26206"},{"taxonomy":"mec_category","embeddable":true,"href":"https:\/\/visitaltotamegaebarroso.pt\/de\/wp-json\/wp\/v2\/mec_category?post=26206"}],"curies":[{"name":"wp","href":"https:\/\/api.w.org\/{rel}","templated":true}]}}

23. bis 31. März | Das Fremdenverkehrsbüro Alto Tâmega e Barroso zeigt die Ausstellung &#8222;Wasser &#038; Ostern

<p><strong>Morgen, am 23. März, eröffnet das Fremdenverkehrsbüro Alto Tâmega e Barroso die temporäre Ausstellung &#8222;Wasser &amp; Ostern&#8220;, die bis zum 31. März zu sehen sein wird.</strong></p>
<p>Die Stücke (Pias de Cabeceira) wurden vom Casa Museu dos Candeias gestiftet und sollen die religiöse Tradition in den Häusern von Alto Tâmega e Barroso verdeutlichen und die heilige Bedeutung aufzeigen, die das WASSER für die Familien der Region hatte und immer noch hat.</p>
<p>Kommen Sie und besuchen Sie uns!</p>

<p>Morgen, am 23. März, eröffnet das Fremdenverkehrsbüro Alto Tâmega e Barroso die temporäre Ausstellung &#8222;Wasser &amp; Ostern&#8220;, die bis zum 31. März zu sehen sein wird. Die Stücke (Pias de Cabeceira) wurden vom Casa Museu dos Candeias gestiftet und sollen [&hellip;]</p>
