{"id":26156,"date":"2024-03-19T09:42:09","date_gmt":"2024-03-19T09:42:09","guid":{"rendered":"https:\/\/visitaltotamegaebarroso.pt\/events\/chaves-l-parade-zum-weltwassertag\/"},"modified":"2024-03-19T09:42:09","modified_gmt":"2024-03-19T09:42:09","slug":"chaves-l-parade-zum-weltwassertag","status":"publish","type":"mec-events","link":"https:\/\/visitaltotamegaebarroso.pt\/de\/events\/chaves-l-parade-zum-weltwassertag\/","title":{"rendered":"Chaves l Parade zum Weltwassertag"},"content":{"rendered":"<p>Chaves begeht den Weltwassertag am 22. M\u00e4rz mit einer Parade der Schulkinder der Stadt durch die Hauptstra\u00dfen der Stadt. Die Parade soll auf die Bedeutung dieser kostbaren Fl\u00fcssigkeit aufmerksam machen und zu ihrer nachhaltigen Nutzung aufrufen, denn Wasser ist die Quelle des Lebens.<\/p>\n<p>Neunzehnhundert Vorschul- und Grundschulkinder aus den \u00f6ffentlichen und privaten Schulen der Stadt, begleitet von ihren Lehrern und den privaten Einrichtungen f\u00fcr soziale Solidarit\u00e4t (IPSS), werden an der Initiative teilnehmen.<\/p>\n<p>Die Prozession beginnt um 14.30 Uhr am Kulturzentrum von Chaves (dem alten Bahnhof) und wird durch die Stra\u00dfen des historischen Zentrums der Stadt ziehen, um am Volksbrunnen in den Termas de Chaves am Fluss T\u00e2mega zu enden.<\/p>\n<p>Dies ist eine weitere wichtige Initiative der Stadtverwaltung, um die Bev\u00f6lkerung von Flavi in einen bewussteren und verantwortungsvolleren Umgang mit Wasser einzubeziehen.<\/p>\n<p>Die Jugendlichen dazu zu bringen, diese Botschaft an die Erwachsenen weiterzugeben und sie zu einem noch verantwortungsvolleren Umgang mit dem Wasser anzuhalten, ist eine der besten M\u00f6glichkeiten, dieses gemeinsame Gut f\u00fcr die Zukunft aller zu sch\u00fctzen.<\/p>\n","protected":false},"excerpt":{"rendered":"<p>Chaves begeht den Weltwassertag am 22. M\u00e4rz mit einer Parade der Schulkinder der Stadt durch die Hauptstra\u00dfen der Stadt. Die Parade soll auf die Bedeutung dieser kostbaren Fl\u00fcssigkeit aufmerksam machen und zu ihrer nachhaltigen Nutzung aufrufen, denn Wasser ist die [&hellip;]<\/p>\n","protected":false},"author":5,"featured_media":26128,"comment_status":"closed","ping_status":"closed","template":"","tags":[],"mec_category":[717],"_links":{"self":[{"href":"https:\/\/visitaltotamegaebarroso.pt\/de\/wp-json\/wp\/v2\/mec-events\/26156"}],"collection":[{"href":"https:\/\/visitaltotamegaebarroso.pt\/de\/wp-json\/wp\/v2\/mec-events"}],"about":[{"href":"https:\/\/visitaltotamegaebarroso.pt\/de\/wp-json\/wp\/v2\/types\/mec-events"}],"author":[{"embeddable":true,"href":"https:\/\/visitaltotamegaebarroso.pt\/de\/wp-json\/wp\/v2\/users\/5"}],"replies":[{"embeddable":true,"href":"https:\/\/visitaltotamegaebarroso.pt\/de\/wp-json\/wp\/v2\/comments?post=26156"}],"wp:featuredmedia":[{"embeddable":true,"href":"https:\/\/visitaltotamegaebarroso.pt\/de\/wp-json\/wp\/v2\/media\/26128"}],"wp:attachment":[{"href":"https:\/\/visitaltotamegaebarroso.pt\/de\/wp-json\/wp\/v2\/media?parent=26156"}],"wp:term":[{"taxonomy":"post_tag","embeddable":true,"href":"https:\/\/visitaltotamegaebarroso.pt\/de\/wp-json\/wp\/v2\/tags?post=26156"},{"taxonomy":"mec_category","embeddable":true,"href":"https:\/\/visitaltotamegaebarroso.pt\/de\/wp-json\/wp\/v2\/mec_category?post=26156"}],"curies":[{"name":"wp","href":"https:\/\/api.w.org\/{rel}","templated":true}]}}

<p>Chaves begeht den Weltwassertag am 22. März mit einer Parade der Schulkinder der Stadt durch die Hauptstraßen der Stadt. Die Parade soll auf die Bedeutung dieser kostbaren Flüssigkeit aufmerksam machen und zu ihrer nachhaltigen Nutzung aufrufen, denn Wasser ist die Quelle des Lebens.</p>
<p>Neunzehnhundert Vorschul- und Grundschulkinder aus den öffentlichen und privaten Schulen der Stadt, begleitet von ihren Lehrern und den privaten Einrichtungen für soziale Solidarität (IPSS), werden an der Initiative teilnehmen.</p>
<p>Die Prozession beginnt um 14.30 Uhr am Kulturzentrum von Chaves (dem alten Bahnhof) und wird durch die Straßen des historischen Zentrums der Stadt ziehen, um am Volksbrunnen in den Termas de Chaves am Fluss Tâmega zu enden.</p>
<p>Dies ist eine weitere wichtige Initiative der Stadtverwaltung, um die Bevölkerung von Flavi in einen bewussteren und verantwortungsvolleren Umgang mit Wasser einzubeziehen.</p>
<p>Die Jugendlichen dazu zu bringen, diese Botschaft an die Erwachsenen weiterzugeben und sie zu einem noch verantwortungsvolleren Umgang mit dem Wasser anzuhalten, ist eine der besten Möglichkeiten, dieses gemeinsame Gut für die Zukunft aller zu schützen.</p>

<p>Chaves begeht den Weltwassertag am 22. März mit einer Parade der Schulkinder der Stadt durch die Hauptstraßen der Stadt. Die Parade soll auf die Bedeutung dieser kostbaren Flüssigkeit aufmerksam machen und zu ihrer nachhaltigen Nutzung aufrufen, denn Wasser ist die [&hellip;]</p>
