{"id":25959,"date":"2024-03-14T11:17:46","date_gmt":"2024-03-14T11:17:46","guid":{"rendered":"https:\/\/visitaltotamegaebarroso.pt\/events\/montalegre-l-identitaet-fetzen\/"},"modified":"2024-03-14T11:17:46","modified_gmt":"2024-03-14T11:17:46","slug":"montalegre-l-identitaet-fetzen","status":"publish","type":"mec-events","link":"https:\/\/visitaltotamegaebarroso.pt\/de\/events\/montalegre-l-identitaet-fetzen\/","title":{"rendered":"Montalegre l Identit\u00e4t Fetzen"},"content":{"rendered":"<p>Im Rahmen der Partnerwoche der Route der Bergwerke und der Orte von bergbaulichem und geologischem Interesse in Portugal wird die Ausstellung &#8222;Retalhos d&#8217;Identidade(s)&#8220; (Identit\u00e4tsst\u00fccke) vom 22. M\u00e4rz bis zum 30. Juni im Ecomuseu de Barroso &#8211; Interpretationszentrum der Minen von Borralha &#8211; zu sehen sein.<\/p>\n<p>Neben der Ausstellung k\u00f6nnen Sie zwischen dem 18. und 24. M\u00e4rz an den Aktivit\u00e4ten teilnehmen, die das Zentrum in den Minas da Borralha anbietet.<\/p>\n<p>09h00 bis 13h00 &#8211; 14h00 bis 17h00<\/p>\n<p>Weitere Informationen finden Sie unter:<\/p>\n<p>https:\/\/roteirodasminas.dgeg.gov.pt\/&#8230;\/programa-semana&#8230;<\/p>\n<p>roteirodasminas.dgeg.gov.pt<\/p>\n","protected":false},"excerpt":{"rendered":"<p>Im Rahmen der Partnerwoche der Route der Bergwerke und der Orte von bergbaulichem und geologischem Interesse in Portugal wird die Ausstellung &#8222;Retalhos d&#8217;Identidade(s)&#8220; (Identit\u00e4tsst\u00fccke) vom 22. M\u00e4rz bis zum 30. Juni im Ecomuseu de Barroso &#8211; Interpretationszentrum der Minen von [&hellip;]<\/p>\n","protected":false},"author":5,"featured_media":25955,"comment_status":"closed","ping_status":"closed","template":"","tags":[],"mec_category":[717],"_links":{"self":[{"href":"https:\/\/visitaltotamegaebarroso.pt\/de\/wp-json\/wp\/v2\/mec-events\/25959"}],"collection":[{"href":"https:\/\/visitaltotamegaebarroso.pt\/de\/wp-json\/wp\/v2\/mec-events"}],"about":[{"href":"https:\/\/visitaltotamegaebarroso.pt\/de\/wp-json\/wp\/v2\/types\/mec-events"}],"author":[{"embeddable":true,"href":"https:\/\/visitaltotamegaebarroso.pt\/de\/wp-json\/wp\/v2\/users\/5"}],"replies":[{"embeddable":true,"href":"https:\/\/visitaltotamegaebarroso.pt\/de\/wp-json\/wp\/v2\/comments?post=25959"}],"wp:featuredmedia":[{"embeddable":true,"href":"https:\/\/visitaltotamegaebarroso.pt\/de\/wp-json\/wp\/v2\/media\/25955"}],"wp:attachment":[{"href":"https:\/\/visitaltotamegaebarroso.pt\/de\/wp-json\/wp\/v2\/media?parent=25959"}],"wp:term":[{"taxonomy":"post_tag","embeddable":true,"href":"https:\/\/visitaltotamegaebarroso.pt\/de\/wp-json\/wp\/v2\/tags?post=25959"},{"taxonomy":"mec_category","embeddable":true,"href":"https:\/\/visitaltotamegaebarroso.pt\/de\/wp-json\/wp\/v2\/mec_category?post=25959"}],"curies":[{"name":"wp","href":"https:\/\/api.w.org\/{rel}","templated":true}]}}

Montalegre l Identität Fetzen

<p>Im Rahmen der Partnerwoche der Route der Bergwerke und der Orte von bergbaulichem und geologischem Interesse in Portugal wird die Ausstellung &#8222;Retalhos d&#8217;Identidade(s)&#8220; (Identitätsstücke) vom 22. März bis zum 30. Juni im Ecomuseu de Barroso &#8211; Interpretationszentrum der Minen von Borralha &#8211; zu sehen sein.</p>
<p>Neben der Ausstellung können Sie zwischen dem 18. und 24. März an den Aktivitäten teilnehmen, die das Zentrum in den Minas da Borralha anbietet.</p>
<p>09h00 bis 13h00 &#8211; 14h00 bis 17h00</p>
<p>Weitere Informationen finden Sie unter:</p>
<p>https://roteirodasminas.dgeg.gov.pt/&#8230;/programa-semana&#8230;</p>
<p>roteirodasminas.dgeg.gov.pt</p>

<p>Im Rahmen der Partnerwoche der Route der Bergwerke und der Orte von bergbaulichem und geologischem Interesse in Portugal wird die Ausstellung &#8222;Retalhos d&#8217;Identidade(s)&#8220; (Identitätsstücke) vom 22. März bis zum 30. Juni im Ecomuseu de Barroso &#8211; Interpretationszentrum der Minen von [&hellip;]</p>
