{"id":25733,"date":"2024-03-06T15:18:31","date_gmt":"2024-03-06T15:18:31","guid":{"rendered":"https:\/\/visitaltotamegaebarroso.pt\/events\/chaves-cinema-die-farbe-lila\/"},"modified":"2024-03-06T15:18:31","modified_gmt":"2024-03-06T15:18:31","slug":"chaves-cinema-die-farbe-lila","status":"publish","type":"mec-events","link":"https:\/\/visitaltotamegaebarroso.pt\/de\/events\/chaves-cinema-die-farbe-lila\/","title":{"rendered":"Chaves | Cinema &#8211; Die Farbe Lila"},"content":{"rendered":"<p>Getrennt von ihrer Schwester und ihren Kindern hat Celie mit vielen Schwierigkeiten zu k\u00e4mpfen, unter anderem mit einem misshandelnden Ehemann. Mit der Unterst\u00fctzung der S\u00e4ngerin Shug Avery und ihrer Stieftochter findet Celie au\u00dfergew\u00f6hnliche St\u00e4rke in den unzerbrechlichen Banden einer neuen Art von Schwesternschaft.<\/p>\n<p><strong>Vorf\u00fchrungen:<\/strong> Freitag (8. M\u00e4rz): 18.00 und 21.30 Uhr | Sonntag (10. M\u00e4rz): 15.00, 18.00 und 21.30 Uhr<\/p>\n<p><strong>Dauer:<\/strong> 2h21m<\/p>\n<p><strong>Genre:<\/strong> Drama<\/p>\n<p><strong>Altersfreigabe:<\/strong> M\/12<\/p>\n<p><strong>Veranstalter:<\/strong> Teatro Experimental Flaviense<\/p>\n<p><strong>Unterst\u00fctzung:<\/strong> Stadtverwaltung von Chaves<\/p>\n","protected":false},"excerpt":{"rendered":"<p>Getrennt von ihrer Schwester und ihren Kindern hat Celie mit vielen Schwierigkeiten zu k\u00e4mpfen, unter anderem mit einem misshandelnden Ehemann. Mit der Unterst\u00fctzung der S\u00e4ngerin Shug Avery und ihrer Stieftochter findet Celie au\u00dfergew\u00f6hnliche St\u00e4rke in den unzerbrechlichen Banden einer neuen Art von Schwesternschaft.<\/p>\n","protected":false},"author":4,"featured_media":25729,"comment_status":"closed","ping_status":"closed","template":"","tags":[],"mec_category":[717],"_links":{"self":[{"href":"https:\/\/visitaltotamegaebarroso.pt\/de\/wp-json\/wp\/v2\/mec-events\/25733"}],"collection":[{"href":"https:\/\/visitaltotamegaebarroso.pt\/de\/wp-json\/wp\/v2\/mec-events"}],"about":[{"href":"https:\/\/visitaltotamegaebarroso.pt\/de\/wp-json\/wp\/v2\/types\/mec-events"}],"author":[{"embeddable":true,"href":"https:\/\/visitaltotamegaebarroso.pt\/de\/wp-json\/wp\/v2\/users\/4"}],"replies":[{"embeddable":true,"href":"https:\/\/visitaltotamegaebarroso.pt\/de\/wp-json\/wp\/v2\/comments?post=25733"}],"wp:featuredmedia":[{"embeddable":true,"href":"https:\/\/visitaltotamegaebarroso.pt\/de\/wp-json\/wp\/v2\/media\/25729"}],"wp:attachment":[{"href":"https:\/\/visitaltotamegaebarroso.pt\/de\/wp-json\/wp\/v2\/media?parent=25733"}],"wp:term":[{"taxonomy":"post_tag","embeddable":true,"href":"https:\/\/visitaltotamegaebarroso.pt\/de\/wp-json\/wp\/v2\/tags?post=25733"},{"taxonomy":"mec_category","embeddable":true,"href":"https:\/\/visitaltotamegaebarroso.pt\/de\/wp-json\/wp\/v2\/mec_category?post=25733"}],"curies":[{"name":"wp","href":"https:\/\/api.w.org\/{rel}","templated":true}]}}

<p>Getrennt von ihrer Schwester und ihren Kindern hat Celie mit vielen Schwierigkeiten zu kämpfen, unter anderem mit einem misshandelnden Ehemann. Mit der Unterstützung der Sängerin Shug Avery und ihrer Stieftochter findet Celie außergewöhnliche Stärke in den unzerbrechlichen Banden einer neuen Art von Schwesternschaft.</p>
<p><strong>Vorführungen:</strong> Freitag (8. März): 18.00 und 21.30 Uhr | Sonntag (10. März): 15.00, 18.00 und 21.30 Uhr</p>
<p><strong>Dauer:</strong> 2h21m</p>
<p><strong>Genre:</strong> Drama</p>
<p><strong>Altersfreigabe:</strong> M/12</p>
<p><strong>Veranstalter:</strong> Teatro Experimental Flaviense</p>
<p><strong>Unterstützung:</strong> Stadtverwaltung von Chaves</p>

<p>Getrennt von ihrer Schwester und ihren Kindern hat Celie mit vielen Schwierigkeiten zu kämpfen, unter anderem mit einem misshandelnden Ehemann. Mit der Unterstützung der Sängerin Shug Avery und ihrer Stieftochter findet Celie außergewöhnliche Stärke in den unzerbrechlichen Banden einer neuen Art von Schwesternschaft.</p>
