{"id":24966,"date":"2024-01-07T15:51:52","date_gmt":"2024-01-07T15:51:52","guid":{"rendered":"https:\/\/visitaltotamegaebarroso.pt\/events\/nacht-und-nebel\/"},"modified":"2024-01-07T15:51:52","modified_gmt":"2024-01-07T15:51:52","slug":"nacht-und-nebel","status":"publish","type":"mec-events","link":"https:\/\/visitaltotamegaebarroso.pt\/de\/events\/nacht-und-nebel\/","title":{"rendered":"Nacht und Nebel"},"content":{"rendered":"<p>&#8222;Nacht und Nebel&#8220; ist ein franz\u00f6sischer Dokumentarfilm unter der Regie von Alain Resnais, der vom Komitee f\u00fcr die Geschichte des Zweiten Weltkriegs in Auftrag gegeben wurde, um den zehnten Jahrestag der Befreiung der Konzentrationslager im Zweiten Weltkrieg zu begehen. Es ist der erste Film mit echten Aufnahmen des Holocausts, der den Blick auf die Realit\u00e4t hinter Gittern \u00f6ffnet. Ein Dokumentarfilm mit anschlie\u00dfender Debatte in Zusammenarbeit mit Amnistia de Chaves.<\/p>\n<p>Dauer: 35min Dokumentarfilm + Debatte.<\/p>\n<p>Genre: Dokumentarfilm \/ Holocaust;<\/p>\n<p>Alterseinstufung: M\/16. Eintritt: Nichtmitglieder: 3,50 \u20ac, Mitglieder: kostenlos (mit aktuellen Mitgliedsbeitr\u00e4gen).<\/p>\n<p>Veranstalter: Cineclube de Chaves \/ Teatro Experimental Flaviense und Amnistia de Chaves<\/p>\n<p>Unterst\u00fctzung: Federa\u00e7\u00e3o de Cineclubes de Portugal und die Stadtverwaltung von Chaves<\/p>\n","protected":false},"excerpt":{"rendered":"<p>&#8222;Nacht und Nebel&#8220; ist ein franz\u00f6sischer Dokumentarfilm unter der Regie von Alain Resnais, der vom Komitee f\u00fcr die Geschichte des Zweiten Weltkriegs in Auftrag gegeben wurde, um den zehnten Jahrestag der Befreiung der Konzentrationslager im Zweiten Weltkrieg zu begehen. Es [&hellip;]<\/p>\n","protected":false},"author":5,"featured_media":24962,"comment_status":"closed","ping_status":"closed","template":"","tags":[],"mec_category":[717],"_links":{"self":[{"href":"https:\/\/visitaltotamegaebarroso.pt\/de\/wp-json\/wp\/v2\/mec-events\/24966"}],"collection":[{"href":"https:\/\/visitaltotamegaebarroso.pt\/de\/wp-json\/wp\/v2\/mec-events"}],"about":[{"href":"https:\/\/visitaltotamegaebarroso.pt\/de\/wp-json\/wp\/v2\/types\/mec-events"}],"author":[{"embeddable":true,"href":"https:\/\/visitaltotamegaebarroso.pt\/de\/wp-json\/wp\/v2\/users\/5"}],"replies":[{"embeddable":true,"href":"https:\/\/visitaltotamegaebarroso.pt\/de\/wp-json\/wp\/v2\/comments?post=24966"}],"wp:featuredmedia":[{"embeddable":true,"href":"https:\/\/visitaltotamegaebarroso.pt\/de\/wp-json\/wp\/v2\/media\/24962"}],"wp:attachment":[{"href":"https:\/\/visitaltotamegaebarroso.pt\/de\/wp-json\/wp\/v2\/media?parent=24966"}],"wp:term":[{"taxonomy":"post_tag","embeddable":true,"href":"https:\/\/visitaltotamegaebarroso.pt\/de\/wp-json\/wp\/v2\/tags?post=24966"},{"taxonomy":"mec_category","embeddable":true,"href":"https:\/\/visitaltotamegaebarroso.pt\/de\/wp-json\/wp\/v2\/mec_category?post=24966"}],"curies":[{"name":"wp","href":"https:\/\/api.w.org\/{rel}","templated":true}]}}

<p>&#8222;Nacht und Nebel&#8220; ist ein französischer Dokumentarfilm unter der Regie von Alain Resnais, der vom Komitee für die Geschichte des Zweiten Weltkriegs in Auftrag gegeben wurde, um den zehnten Jahrestag der Befreiung der Konzentrationslager im Zweiten Weltkrieg zu begehen. Es ist der erste Film mit echten Aufnahmen des Holocausts, der den Blick auf die Realität hinter Gittern öffnet. Ein Dokumentarfilm mit anschließender Debatte in Zusammenarbeit mit Amnistia de Chaves.</p>
<p>Dauer: 35min Dokumentarfilm + Debatte.</p>
<p>Genre: Dokumentarfilm / Holocaust;</p>
<p>Alterseinstufung: M/16. Eintritt: Nichtmitglieder: 3,50 €, Mitglieder: kostenlos (mit aktuellen Mitgliedsbeiträgen).</p>
<p>Veranstalter: Cineclube de Chaves / Teatro Experimental Flaviense und Amnistia de Chaves</p>
<p>Unterstützung: Federação de Cineclubes de Portugal und die Stadtverwaltung von Chaves</p>

<p>&#8222;Nacht und Nebel&#8220; ist ein französischer Dokumentarfilm unter der Regie von Alain Resnais, der vom Komitee für die Geschichte des Zweiten Weltkriegs in Auftrag gegeben wurde, um den zehnten Jahrestag der Befreiung der Konzentrationslager im Zweiten Weltkrieg zu begehen. Es [&hellip;]</p>
